-- https://www.phpmyadmin.net/
--
-- Servidor: localhost:3306
-- Tiempo de generación: 28-06-2024 a las 22:38:48
-- Versión del servidor: 5.7.44
-- Versión de PHP: 8.1.29

START TRANSACTION;



--
-- Base de datos: `anahisoft_sac`
--

-- --------------------------------------------------------

--
-- Estructura de tabla para la tabla `activos`
--

CREATE TABLE `activos` (
  `id_activo` int(10) UNSIGNED NOT NULL,
  `id_depreciacion` int(10) UNSIGNED NOT NULL,
  `marca` varchar(45) NOT NULL,
  `modelo` varchar(45) NOT NULL,
  `num_serie` varchar(45) NOT NULL,
  `adquisiciones_adicionales` varchar(45) NOT NULL,
  `mejoras` varchar(45) NOT NULL,
  `descripcion` varchar(45) NOT NULL,
  `color` varchar(45) NOT NULL,
  `tamano` varchar(45) NOT NULL,
  `valor_compra` varchar(45) NOT NULL,
  `fecha_adquisicion` date DEFAULT NULL,
  `estado` varchar(45) NOT NULL,
  `numero_transaccion` varchar(45) NOT NULL,
  `forma_pago` varchar(45) NOT NULL,
  `banco` varchar(45) NOT NULL,
  `numero_cuenta` varchar(45) NOT NULL,
  `impuesto` varchar(45) NOT NULL,
  `iva` varchar(45) NOT NULL,
  `retenciones` varchar(45) NOT NULL,
  `retencion_renta` varchar(45) NOT NULL,
  `retencion_iva` varchar(45) NOT NULL,
  `fecha_uso` date NOT NULL,
  `id_proveedor` int(10) UNSIGNED DEFAULT NULL,
  `valor_residual` varchar(45) NOT NULL
) ENGINE=InnoDB DEFAULT CHARSET=utf8;

-- --------------------------------------------------------

--
-- Estructura de tabla para la tabla `activos_depreciados`
--

CREATE TABLE `activos_depreciados` (
  `id_activo_depreciado` int(10) UNSIGNED NOT NULL,
  `ano` varchar(45) NOT NULL,
  `fecha` date NOT NULL,
  `comprobante_diario` varchar(45) NOT NULL,
  `depreciacion_anual` varchar(45) NOT NULL,
  `depreciacion_acumulada` varchar(45) NOT NULL,
  `valor_libros` varchar(45) NOT NULL,
  `id_activo` int(10) UNSIGNED NOT NULL
) ENGINE=InnoDB DEFAULT CHARSET=utf8;

-- --------------------------------------------------------

--
-- Estructura de tabla para la tabla `anexoscreados`
--

CREATE TABLE `anexoscreados` (
  `id` int(11) NOT NULL,
  `id_empresa` int(11) NOT NULL,
  `mes` varchar(2) NOT NULL,
  `anio` int(11) NOT NULL,
  `url` varchar(50) NOT NULL,
  `fecha` datetime NOT NULL
) ENGINE=InnoDB DEFAULT CHARSET=latin1;

--
-- Volcado de datos para la tabla `anexoscreados`
--

INSERT INTO `anexoscreados` (`id`, `id_empresa`, `mes`, `anio`, `url`, `fecha`) VALUES
(23, 5, '05', 2024, 'xml/ats1802569697001202405', '2024-06-14 16:51:00');

-- --------------------------------------------------------

--
-- Estructura de tabla para la tabla `archivos`
--

CREATE TABLE `archivos` (
  `Id` int(11) NOT NULL,
  `Archivo` text,
  `Producto_id` int(11) DEFAULT NULL,
  `Nombre` text,
  `Titulo` text
) ENGINE=InnoDB DEFAULT CHARSET=utf8;

-- --------------------------------------------------------

--
-- Estructura de tabla para la tabla `asignacion_empleados`
--

CREATE TABLE `asignacion_empleados` (
  `id_asignacion_empleado` int(10) UNSIGNED NOT NULL,
  `id_empleado` int(10) UNSIGNED DEFAULT NULL,
  `fecha_inicio` date NOT NULL,
  `fecha_fin` date NOT NULL,
  `id_cargo` int(10) UNSIGNED NOT NULL,
  `tipo_novedad` varchar(45) NOT NULL,
  `descripcion` varchar(45) NOT NULL,
  `estado` varchar(45) NOT NULL,
  `fecha_fondos_reserva` date NOT NULL
) ENGINE=InnoDB DEFAULT CHARSET=utf8;

-- --------------------------------------------------------

--
-- Estructura de tabla para la tabla `ats`
--

CREATE TABLE `ats` (
  `TipoIdInformante` varchar(1) NOT NULL,
  `IdInformante` int(11) NOT NULL
) ENGINE=InnoDB DEFAULT CHARSET=latin1;

-- --------------------------------------------------------

--
-- Estructura de tabla para la tabla `bancos`
--

CREATE TABLE `bancos` (
  `id_bancos` int(10) UNSIGNED NOT NULL,
  `id_plan_cuenta` int(10) UNSIGNED DEFAULT NULL,
  `saldo_conciliado` double DEFAULT NULL,
  `id_periodo_contable` int(10) UNSIGNED DEFAULT NULL
) ENGINE=InnoDB DEFAULT CHARSET=utf8;

--
-- Volcado de datos para la tabla `bancos`
--

INSERT INTO `bancos` (`id_bancos`, `id_plan_cuenta`, `saldo_conciliado`, `id_periodo_contable`) VALUES
(1, 5253, 0, 3),
(2, 5254, 0, 3);

-- --------------------------------------------------------

--
-- Estructura de tabla para la tabla `bitacora`
--

CREATE TABLE `bitacora` (
  `id_bitacora` int(11) NOT NULL,
  `id_usuario` int(11) NOT NULL,
  `descripcion` varchar(50) COLLATE utf8mb4_spanish2_ci NOT NULL,
  `fecha_accion` datetime NOT NULL,
  `id_empresa` int(11) NOT NULL,
  `modulo` varchar(30) COLLATE utf8mb4_spanish2_ci NOT NULL,
  `registro` varchar(50) COLLATE utf8mb4_spanish2_ci NOT NULL
) ENGINE=InnoDB DEFAULT CHARSET=utf8mb4 COLLATE=utf8mb4_spanish2_ci;

--
-- Volcado de datos para la tabla `bitacora`
--

INSERT INTO `bitacora` (`id_bitacora`, `id_usuario`, `descripcion`, `fecha_accion`, `id_empresa`, `modulo`, `registro`) VALUES
(1, 2, 'Reiniciar', '2024-01-12 17:30:46', 2, 'Plan de cuentas', '-1'),
(2, 2, 'Reiniciar', '2024-01-13 11:19:56', 2, 'Plan de cuentas', '-1'),
(3, 2, 'Reiniciar', '2024-01-13 11:22:24', 2, 'Plan de cuentas', '-1'),
(4, 5, 'Reiniciar', '2024-05-24 09:22:22', 4, 'Plan de cuentas', '-1'),
(5, 5, 'Reiniciar', '2024-05-24 10:11:47', 4, 'Plan de cuentas', '-1'),
(6, 5, 'Reiniciar', '2024-05-24 10:33:42', 4, 'Plan de cuentas', '-1'),
(7, 5, 'D', '2024-05-24 10:47:43', 4, 'Compras', '001-001-000072050'),
(8, 5, 'D', '2024-05-24 10:51:51', 4, 'Compras', '001-001-000072050'),
(9, 5, 'Reiniciar', '2024-05-24 11:19:18', 4, 'Plan de cuentas', '-1'),
(10, 5, 'D', '2024-05-24 11:43:57', 4, 'Compras', '001-001-000072083'),
(11, 5, 'D', '2024-05-24 13:32:30', 4, 'Compras', '001-001-000072083'),
(12, 5, 'Reiniciar', '2024-05-24 14:07:29', 4, 'Plan de cuentas', '-1'),
(13, 5, 'Reiniciar', '2024-05-24 14:19:49', 4, 'Plan de cuentas', '-1'),
(14, 5, 'Reiniciar', '2024-05-24 16:06:28', 4, 'Plan de cuentas', '-1'),
(15, 5, 'Reiniciar', '2024-05-25 14:24:49', 4, 'Plan de cuentas', '-1'),
(16, 5, 'Reiniciar', '2024-05-25 14:24:57', 4, 'Plan de cuentas', '-1'),
(17, 5, 'D', '2024-05-27 12:42:55', 4, 'Compras', '001-001-000072050'),
(18, 5, 'Reiniciar', '2024-05-27 15:12:01', 4, 'Plan de cuentas', '-1'),
(19, 7, 'Reiniciar', '2024-05-29 10:23:38', 5, 'Plan de cuentas', '-1'),
(20, 7, 'D', '2024-05-29 10:52:14', 5, 'Compras', '001-001-000072083'),
(21, 7, 'Reiniciar', '2024-05-29 10:57:34', 5, 'Plan de cuentas', '-1'),
(22, 7, 'Reiniciar', '2024-05-29 11:02:02', 5, 'Plan de cuentas', '-1'),
(23, 7, 'Reiniciar', '2024-05-29 11:58:10', 5, 'Plan de cuentas', '-1'),
(24, 7, 'Reiniciar', '2024-05-29 13:57:53', 5, 'Plan de cuentas', '-1'),
(25, 7, 'Reiniciar', '2024-05-29 14:03:47', 5, 'Plan de cuentas', '-1'),
(26, 7, 'Reiniciar', '2024-05-29 14:13:25', 5, 'Plan de cuentas', '-1'),
(27, 2, 'Reiniciar', '2024-06-21 09:02:00', 2, 'Plan de cuentas', '-1');

-- --------------------------------------------------------

--
-- Estructura de tabla para la tabla `bodegas`
--

CREATE TABLE `bodegas` (
  `id` int(11) NOT NULL,
  `detalle` varchar(50) NOT NULL,
  `id_empresa` int(11) NOT NULL
) ENGINE=InnoDB DEFAULT CHARSET=latin1;

--
-- Volcado de datos para la tabla `bodegas`
--

INSERT INTO `bodegas` (`id`, `detalle`, `id_empresa`) VALUES
(3, 'BODEGA PRINCIPAL', 2),
(4, 'BODEGA PRINCIPAL', 3),
(13, 'BODEGA SUCURSAL', 3),
(21, '1 BODEGA LOCAL', 4),
(22, '3 BODEGA CARRO', 4),
(23, '2 BODEGA AMBATO', 4),
(28, '1 BODEGA LOCAL', 5),
(31, '2 BODEGA CARRO', 5),
(33, '3 BODEGA AMBATO', 5),
(34, 'PRINCIPAL', 6),
(35, 'BODEGA PRINCIPAL', 7);

-- --------------------------------------------------------

--
-- Estructura de tabla para la tabla `cambiossistema`
--

CREATE TABLE `cambiossistema` (
  `id` int(11) NOT NULL,
  `fecha` timestamp NOT NULL DEFAULT CURRENT_TIMESTAMP,
  `detalle` text NOT NULL,
  `modulo` varchar(200) NOT NULL
) ENGINE=InnoDB DEFAULT CHARSET=latin1;

-- --------------------------------------------------------

--
-- Estructura de tabla para la tabla `cantbodegas`
--

CREATE TABLE `cantbodegas` (
  `id` int(11) NOT NULL,
  `idBodega` int(11) NOT NULL,
  `idProducto` varchar(25) NOT NULL,
  `cantidad` decimal(15,2) NOT NULL,
  `proceso` decimal(10,2) DEFAULT '0.00'
) ENGINE=InnoDB DEFAULT CHARSET=latin1;

--
-- Volcado de datos para la tabla `cantbodegas`
--

INSERT INTO `cantbodegas` (`id`, `idBodega`, `idProducto`, `cantidad`, `proceso`) VALUES
(1, 4, '100', 381.00, 0.00),
(393, 4, '1001', -6.00, 0.00),
(394, 4, '1002', 0.00, 0.00),
(395, 4, '1003', 0.00, 0.00),
(396, 4, '1004', 0.00, 0.00),
(397, 4, '1005', 0.00, 0.00),
(398, 4, '1006', 0.00, 0.00),
(399, 4, '1007', -1.00, 0.00),
(400, 4, '1008', 0.00, 0.00),
(401, 4, '1009', -1.00, 0.00),
(402, 4, '1010', 0.00, 0.00),
(403, 4, '1011', 0.00, 0.00),
(404, 4, '1012', 0.00, 0.00),
(405, 4, '1013', 0.00, 0.00),
(406, 4, '1014', 0.00, 0.00),
(407, 4, '1015', 0.00, 0.00),
(408, 4, '1016', 0.00, 0.00),
(409, 4, '1017', 0.00, 0.00),
(410, 4, '1018', 0.00, 0.00),
(411, 4, '1019', 0.00, 0.00),
(412, 4, '1020', 0.00, 0.00),
(413, 4, '1021', 0.00, 0.00),
(414, 4, '1022', 0.00, 0.00),
(415, 4, '1023', 0.00, 0.00),
(416, 4, '1024', 0.00, 0.00),
(417, 4, '1025', -1.00, 0.00),
(418, 4, '1026', 0.00, 0.00),
(419, 4, '1027', 0.00, 0.00),
(420, 4, '1028', 0.00, 0.00),
(421, 4, '1029', 0.00, 0.00),
(422, 4, '1030', 0.00, 0.00),
(423, 4, '1031', 0.00, 0.00),
(424, 4, '2001', 0.00, 0.00),
(425, 4, '2002', 0.00, 0.00),
(426, 4, '2003', 0.00, 0.00),
(427, 4, '2004', 0.00, 0.00),
(428, 4, '2005', 0.00, 0.00),
(429, 4, '2006', 0.00, 0.00),
(430, 4, '2007', 0.00, 0.00),
(431, 4, '2008', 0.00, 0.00),
(432, 4, '3001', 40.00, 0.00),
(433, 4, '3002', 60.00, 0.00),
(434, 4, '3003', 40.00, 0.00),
(435, 4, '3004', 80.00, 0.00),
(436, 4, '3005', 108.00, 0.00),
(437, 4, '3006', 56.00, 0.00),
(438, 4, '3007', 105.00, 0.00),
(439, 4, '3008', 72.00, 0.00),
(440, 4, '3009', 33.00, 0.00),
(441, 4, '3010', 14.00, 0.00),
(442, 4, '3011', 0.00, 0.00),
(443, 4, '3012', 87.00, 0.00),
(444, 4, '3013', 70.00, 0.00),
(445, 4, '3014', 160.00, 0.00),
(446, 4, '3015', 80.00, 0.00),
(447, 4, '3016', 80.00, 0.00),
(448, 4, '3017', 0.00, 0.00),
(449, 4, '3018', 0.00, 0.00),
(450, 4, '3019', 100.00, 0.00),
(451, 4, '3020', 20.00, 0.00),
(452, 4, '3021', 0.00, 0.00),
(453, 4, '3022', 40.00, 0.00),
(454, 4, '3023', 10.00, 0.00),
(455, 4, '3024', 10.00, 0.00),
(456, 4, '3025', 10.00, 0.00),
(457, 4, '3026', 40.00, 0.00),
(458, 4, '3027', 80.00, 0.00),
(459, 4, '3028', 22.00, 0.00),
(460, 4, '3029', 40.00, 0.00),
(461, 4, '3030', 40.00, 0.00),
(462, 4, '3031', 0.00, 0.00),
(463, 4, '3032', 0.00, 0.00),
(464, 4, '3033', 0.00, 0.00),
(465, 4, '3034', 0.00, 0.00),
(466, 4, '3035', 10.00, 0.00),
(467, 4, '3036', 90.00, 0.00),
(468, 4, '3037', 80.00, 0.00),
(469, 4, '3038', 20.00, 0.00),
(470, 4, '3039', 0.00, 0.00),
(471, 4, '3040', 40.00, 0.00),
(472, 4, '3041', 40.00, 0.00),
(473, 4, '3042', 40.00, 0.00),
(474, 4, '3043', 240.00, 0.00),
(475, 4, '3044', 300.00, 0.00),
(476, 4, '3045', 300.00, 0.00),
(477, 4, '3046', 0.00, 0.00),
(478, 4, '3047', 80.00, 0.00),
(479, 4, '3048', 40.00, 0.00),
(480, 4, '3049', 0.00, 0.00),
(481, 4, '3050', 50.00, 0.00),
(482, 4, '3051', 0.00, 0.00),
(483, 4, '3052', 80.00, 0.00),
(484, 4, '3053', 30.00, 0.00),
(485, 4, '3054', 568.00, 0.00),
(486, 4, '3055', 100.00, 0.00),
(487, 4, '3056', 400.00, 0.00),
(488, 4, '3057', 400.00, 0.00),
(489, 4, '3058', 560.00, 0.00),
(490, 4, '3059', 80.00, 0.00),
(491, 4, '3060', 17.00, 0.00),
(492, 4, '3061', 30.00, 0.00),
(493, 4, '3062', 100.00, 0.00),
(494, 4, '3063', 20.00, 0.00),
(495, 4, '3064', 20.00, 0.00),
(496, 4, '3065', 40.00, 0.00),
(497, 4, '3066', 40.00, 0.00),
(498, 4, '3067', 40.00, 0.00),
(499, 4, '6001', 960.00, 0.00),
(500, 4, '6002', 0.00, 0.00),
(501, 4, '6003', 199.00, 0.00),
(502, 4, '6004', 216.00, 0.00),
(503, 4, '6005', 0.00, 0.00),
(504, 4, '6006', 100.00, 0.00),
(505, 4, '6007', 408.00, 0.00),
(506, 4, '6008', 194.00, 0.00),
(507, 4, '6009', 80.00, 0.00),
(508, 4, '6010', 100.00, 0.00),
(509, 4, '6011', 379.00, 0.00),
(510, 4, '6012', 100.00, 0.00),
(511, 4, '6013', 0.00, 0.00),
(512, 4, '6014', 300.00, 0.00),
(513, 4, '6015', 320.00, 0.00),
(514, 4, '6016', 0.00, 0.00),
(515, 4, '6017', 12.00, 0.00),
(516, 4, '6018', 250.00, 0.00),
(517, 4, '6019', 100.00, 0.00),
(518, 4, '6020', 60.00, 0.00),
(519, 4, '6021', 0.00, 0.00),
(520, 4, '6022', 257.00, 0.00),
(521, 4, '6023', 211.00, 0.00),
(522, 4, '6024', 47.00, 0.00),
(523, 4, '6025', 30.00, 0.00),
(524, 4, '6026', 17.00, 0.00),
(525, 4, '6027', 80.00, 0.00),
(526, 4, '6028', 47.00, 0.00),
(527, 4, '6029', 61.00, 0.00),
(528, 4, '6030', 4.00, 0.00),
(529, 4, '6031', 109.00, 0.00),
(530, 4, '6032', 1800.00, 0.00),
(531, 4, '6033', 100.00, 0.00),
(532, 4, '6034', 90.00, 0.00),
(533, 4, '6035', 125.00, 0.00),
(534, 4, '6036', 125.00, 0.00),
(535, 4, '6037', 0.00, 0.00),
(536, 4, '6038', 60.00, 0.00),
(537, 4, '6039', 93.00, 0.00),
(538, 4, '6040', 128.00, 0.00),
(539, 4, '6041', 110.00, 0.00),
(540, 4, '6042', 0.00, 0.00),
(541, 4, '6043', 53.00, 0.00),
(542, 4, '6044', 0.00, 0.00),
(543, 4, '6045', 40.00, 0.00),
(544, 4, '6046', 0.00, 0.00),
(545, 4, '6047', 15.00, 0.00),
(546, 4, '6048', 0.00, 0.00),
(547, 4, '6049', 19.00, 0.00),
(548, 4, '6050', 16.00, 0.00),
(549, 4, '6051', 13.00, 0.00),
(550, 4, '6052', 11.00, 0.00),
(551, 4, '6053', 19.00, 0.00),
(552, 4, '6054', 12.00, 0.00),
(553, 4, '6055', 1.00, 0.00),
(554, 4, '6056', 6.00, 0.00),
(555, 4, '6057', 4.00, 0.00),
(556, 4, '6058', 0.00, 0.00),
(557, 4, '6059', 17.00, 0.00),
(558, 4, '6060', 4.00, 0.00),
(559, 4, '6061', 1.00, 0.00),
(560, 4, '6062', 0.00, 0.00),
(561, 4, '6063', 121.00, 0.00),
(562, 4, '6064', 182.00, 0.00),
(563, 4, '6065', 177.00, 0.00),
(564, 4, '6066', 182.00, 0.00),
(565, 4, '6067', 184.00, 0.00),
(566, 4, '6068', 187.00, 0.00),
(567, 4, '6069', 60.00, 0.00),
(568, 4, '6070', 55.00, 0.00),
(569, 4, '6071', 18.00, 0.00),
(570, 4, '6072', 107.00, 0.00),
(571, 4, '6073', 645.00, 0.00),
(572, 4, '6074', 100.00, 0.00),
(573, 4, '6075', 867.00, 0.00),
(574, 4, '6076', 47.00, 0.00),
(575, 4, '6077', 316.00, 0.00),
(576, 4, '6078', 130.00, 0.00),
(577, 4, '6079', 97.00, 0.00),
(578, 4, '6080', 9.00, 0.00),
(579, 4, '6081', 0.00, 0.00),
(580, 4, '6082', 0.00, 0.00),
(581, 4, '6083', 240.00, 0.00),
(582, 4, '6084', 60.00, 0.00),
(583, 4, '6085', 0.00, 0.00),
(584, 4, '6086', 0.00, 0.00),
(585, 4, '6087', 125.00, 0.00),
(586, 4, '6088', 75.00, 0.00),
(587, 4, '6089', 50.00, 0.00),
(588, 4, '6090', 270.00, 0.00),
(589, 4, '6091', 490.00, 0.00),
(590, 4, '6092', 170.00, 0.00),
(591, 4, '6093', 460.00, 0.00),
(592, 4, '6094', 335.00, 0.00),
(593, 4, '6095', 0.00, 0.00),
(594, 4, '6096', 270.00, 0.00),
(595, 4, '6097', 210.00, 0.00),
(596, 4, '6098', 170.00, 0.00),
(597, 4, '6099', 65.00, 0.00),
(598, 4, '6100', 200.00, 0.00),
(599, 4, '6101', 62.00, 0.00),
(600, 4, '6102', 159.00, 0.00),
(601, 4, '6103', 300.00, 0.00),
(602, 4, '6104', 350.00, 0.00),
(603, 4, '6105', 50.00, 0.00),
(604, 4, '6106', 0.00, 0.00),
(605, 4, '6107', 120.00, 0.00),
(606, 4, '6108', 26.00, 0.00),
(607, 4, '6109', 26.00, 0.00),
(608, 4, '6110', 20.00, 0.00),
(609, 4, '6111', 10.00, 0.00),
(610, 4, '6112', 10.00, 0.00),
(611, 4, '6113', 115.00, 0.00),
(612, 4, '6114', 15.00, 0.00),
(613, 4, '6115', 30.00, 0.00),
(614, 4, '6116', 6.00, 0.00),
(615, 4, '6117', 10.00, 0.00),
(616, 4, '6118', 12.00, 0.00),
(617, 4, '6119', 60.00, 0.00),
(618, 4, '6120', 55.00, 0.00),
(619, 4, '6121', 100.00, 0.00),
(620, 4, '6122', 599.00, 0.00),
(621, 4, '6123', 100.00, 0.00),
(622, 4, '6124', 59.00, 0.00),
(623, 4, '6125', 480.00, 0.00),
(624, 4, '6126', 130.00, 0.00),
(625, 4, '6127', 188.00, 0.00),
(626, 4, '6128', 200.00, 0.00),
(627, 4, '6129', 101.00, 0.00),
(628, 4, '6130', 200.00, 0.00),
(629, 4, '6131', 79.00, 0.00),
(630, 4, '6132', 100.00, 0.00),
(631, 4, '6133', 200.00, 0.00),
(632, 4, '6134', 583.00, 0.00),
(633, 4, '6135', 1000.00, 0.00),
(634, 4, '6136', 240.00, 0.00),
(635, 4, '6137', 480.00, 0.00),
(636, 4, '6138', 800.00, 0.00),
(637, 4, '6139', 660.00, 0.00),
(638, 4, '6140', 780.00, 0.00),
(639, 4, '6141', 328.00, 0.00),
(640, 4, '6142', 516.00, 0.00),
(641, 4, '6143', 115.00, 0.00),
(642, 4, '6144', 200.00, 0.00),
(643, 4, '6145', 200.00, 0.00),
(644, 4, '4001', 20.00, 0.00),
(645, 4, '4002', 64.00, 0.00),
(646, 4, '4003', 10.00, 0.00),
(647, 4, '4004', 45.00, 0.00),
(648, 4, '4005', 40.00, 0.00),
(649, 4, '4006', 32.00, 0.00),
(650, 4, '4007', 240.00, 0.00),
(651, 4, '4008', 120.00, 0.00),
(652, 4, '4009', 180.00, 0.00),
(653, 4, '4010', 192.00, 0.00),
(654, 4, '4011', 0.00, 0.00),
(655, 4, '4012', 89.00, 0.00),
(656, 4, '4013', 41.00, 0.00),
(657, 4, '4014', 48.00, 0.00),
(658, 4, '4015', 192.00, 0.00),
(659, 4, '4016', 84.00, 0.00),
(660, 4, '4017', 33.00, 0.00),
(661, 4, '4018', 46.00, 0.00),
(662, 4, '4019', 24.00, 0.00),
(663, 4, '4020', 12.00, 0.00),
(664, 4, '4021', 14.00, 0.00),
(665, 4, '4022', 37.00, 0.00),
(666, 4, '4023', 189.00, 0.00),
(667, 4, '4024', 154.00, 0.00),
(668, 4, '4025', 180.00, 0.00),
(669, 4, '4026', 720.00, 0.00),
(670, 4, '4027', 150.00, 0.00),
(671, 4, '4028', 0.00, 0.00),
(672, 4, '4029', 0.00, 0.00),
(673, 4, '4030', 190.00, 0.00),
(674, 4, '4031', 0.00, 0.00),
(675, 4, '4032', 0.00, 0.00),
(676, 4, '4033', 0.00, 0.00),
(677, 4, '4034', 0.00, 0.00),
(678, 4, '4035', 20.00, 0.00),
(679, 4, '4036', 10.00, 0.00),
(680, 4, '4037', 60.00, 0.00),
(681, 4, '4038', 0.00, 0.00),
(682, 4, '4039', 0.00, 0.00),
(683, 4, '4040', 10.00, 0.00),
(684, 4, '4041', 18.00, 0.00),
(685, 4, '4042', 11.00, 0.00),
(686, 4, '5001', 140.00, 0.00),
(687, 4, '5002', 30.00, 0.00),
(688, 4, '5003', 175.00, 0.00),
(689, 4, '5004', 0.00, 0.00),
(690, 4, '5005', 40.00, 0.00),
(691, 4, '5006', 120.00, 0.00),
(692, 4, '5007', 200.00, 0.00),
(693, 4, '5008', 250.00, 0.00),
(694, 4, '5009', 74.00, 0.00),
(695, 4, '5010', 47.00, 0.00),
(696, 4, '5011', 75.00, 0.00),
(697, 4, '5012', 9.00, 0.00),
(698, 4, '5013', 20.00, 0.00),
(699, 4, '5016', 30.00, 0.00),
(700, 4, '5017', 60.00, 0.00),
(701, 4, '5018', 0.00, 0.00),
(702, 4, '5019', 30.00, 0.00),
(703, 4, '5020', 56.00, 0.00),
(704, 4, '5021', 300.00, 0.00),
(705, 4, '5022', 400.00, 0.00),
(706, 4, '5023', 400.00, 0.00),
(707, 4, '5024', 0.00, 0.00),
(708, 4, '5025', 0.00, 0.00),
(709, 4, '5026', 300.00, 0.00),
(710, 4, '5027', 0.00, 0.00),
(711, 4, '5028', 436.00, 0.00),
(712, 4, '5029', 172.00, 0.00),
(713, 4, '5030', 177.00, 0.00),
(714, 4, '5031', 100.00, 0.00),
(715, 4, '5032', 50.00, 0.00),
(716, 4, '5033', 100.00, 0.00),
(717, 4, '5034', 150.00, 0.00),
(718, 4, '5035', 0.00, 0.00),
(719, 4, '5036', 160.00, 0.00),
(720, 4, '5037', 80.00, 0.00),
(721, 4, '5038', 300.00, 0.00),
(722, 4, '5039', 99.00, 0.00),
(723, 4, '5040', 0.00, 0.00),
(724, 4, '5041', 0.00, 0.00),
(725, 4, '5042', 0.00, 0.00),
(726, 4, '5043', 50.00, 0.00),
(727, 4, '5044', 127.00, 0.00),
(728, 4, '5045', 800.00, 0.00),
(729, 4, '5046', 520.00, 0.00),
(730, 4, '5047', 980.00, 0.00),
(731, 4, '5048', 0.00, 0.00),
(732, 4, '5049', 330.00, 0.00),
(733, 4, '5050', 530.00, 0.00),
(734, 4, '5051', 495.00, 0.00),
(735, 4, '5052', 1465.00, 0.00),
(736, 4, '5053', 0.00, 0.00),
(737, 4, '5054', 415.00, 0.00),
(738, 4, '5055', 575.00, 0.00),
(739, 4, '5056', 140.00, 0.00),
(740, 4, '5057', 25.00, 0.00),
(741, 4, '5058', 300.00, 0.00),
(742, 4, '5059', 485.00, 0.00),
(743, 4, '5060', 150.00, 0.00),
(744, 4, '5061', 230.00, 0.00),
(745, 4, '5062', 105.00, 0.00),
(746, 4, '5063', 200.00, 0.00),
(747, 4, '5064', 120.00, 0.00),
(748, 4, '5065', 0.00, 0.00),
(749, 4, '5066', 14.00, 0.00),
(750, 4, '5067', 655.00, 0.00),
(751, 4, '5068', 135.00, 0.00),
(752, 4, '5069', 30.00, 0.00),
(753, 4, '5070', 94.00, 0.00),
(754, 4, '5071', 45.00, 0.00),
(755, 4, '5072', 0.00, 0.00),
(756, 4, '5073', 115.00, 0.00),
(757, 4, '5074', 220.00, 0.00),
(758, 4, '5075', 200.00, 0.00),
(759, 4, '5076', 165.00, 0.00),
(760, 4, '5077', 18.00, 0.00),
(761, 4, '5078', 146.00, 0.00),
(762, 4, '5079', 135.00, 0.00),
(763, 4, '5080', 20.00, 0.00),
(764, 4, '5081', 65.00, 0.00),
(765, 4, '5082', 36.00, 0.00),
(766, 4, '5083', 65.00, 0.00),
(767, 4, '5084', 40.00, 0.00),
(768, 4, '5085', 14.00, 0.00),
(769, 4, '5086', 12.00, 0.00),
(770, 4, '5087', 42.00, 0.00),
(771, 4, '5088', 20.00, 0.00),
(772, 4, '5089', 38.00, 0.00),
(773, 4, '5090', 6.00, 0.00),
(774, 4, '5091', 45.00, 0.00),
(775, 4, '5092', 50.00, 0.00),
(776, 4, '5093', 40.00, 0.00),
(777, 4, '5094', 55.00, 0.00),
(778, 4, '5095', 275.00, 0.00),
(779, 4, '5096', 60.00, 0.00),
(780, 4, '5097', 220.00, 0.00),
(781, 4, '5098', 181.00, 0.00),
(782, 4, '5099', 450.00, 0.00),
(783, 4, '5100', 405.00, 0.00),
(784, 4, '5101', 485.00, 0.00),
(785, 4, '5102', 420.00, 0.00),
(786, 4, '5103', 35.00, 0.00),
(787, 4, '5104', 385.00, 0.00),
(788, 4, '5105', 0.00, 0.00),
(789, 4, '5106', 0.00, 0.00),
(790, 4, '5107', 200.00, 0.00),
(791, 4, '5108', 160.00, 0.00),
(792, 4, '5109', 340.00, 0.00),
(793, 4, '5110', 20.00, 0.00),
(794, 4, '5111', 100.00, 0.00),
(795, 4, '5112', 150.00, 0.00),
(796, 4, '5113', 90.00, 0.00),
(797, 4, '5114', 130.00, 0.00),
(798, 4, '5115', 330.00, 0.00),
(799, 4, '5116', 225.00, 0.00),
(800, 4, '5117', 200.00, 0.00),
(801, 4, '5118', 240.00, 0.00),
(802, 4, '5119', 90.00, 0.00),
(803, 4, '5120', 107.00, 0.00),
(804, 4, '5121', 95.00, 0.00),
(805, 4, '5122', 110.00, 0.00),
(806, 4, '5123', 90.00, 0.00),
(807, 4, '5124', 150.00, 0.00),
(808, 4, '5125', 70.00, 0.00),
(809, 4, '5126', 130.00, 0.00),
(810, 4, '5127', 70.00, 0.00),
(811, 4, '5128', 69.00, 0.00),
(812, 4, '5129', 10.00, 0.00),
(813, 4, '5130', 97.00, 0.00),
(814, 4, '5131', 28.00, 0.00),
(815, 4, '5132', 55.00, 0.00),
(816, 4, '5133', 60.00, 0.00),
(817, 4, '5134', 80.00, 0.00),
(818, 4, '5135', 645.00, 0.00),
(819, 4, '5136', 240.00, 0.00),
(820, 4, '5137', 120.00, 0.00),
(821, 4, '5138', 360.00, 0.00),
(822, 4, '5139', 440.00, 0.00),
(823, 4, '5140', 290.00, 0.00),
(824, 4, '5141', 285.00, 0.00),
(825, 4, '5142', 160.00, 0.00),
(826, 4, '5143', 120.00, 0.00),
(827, 4, '5144', 85.00, 0.00),
(828, 4, '5145', 5.00, 0.00),
(829, 4, '5146', 7.00, 0.00),
(830, 4, '5147', 5.00, 0.00),
(831, 4, '5148', 0.00, 0.00),
(832, 4, '5149', 0.00, 0.00),
(833, 4, '5150', 50.00, 0.00),
(834, 4, '5151', 118.00, 0.00),
(835, 4, '5152', 36.00, 0.00),
(836, 4, '5153', 36.00, 0.00),
(837, 4, '5154', 25.00, 0.00),
(838, 4, '5155', 108.00, 0.00),
(839, 4, '5156', 8.00, 0.00),
(840, 4, '5157', 4.00, 0.00),
(841, 4, '5158', 18.00, 0.00),
(842, 4, '5159', 16.00, 0.00),
(843, 4, '5160', 18.00, 0.00),
(844, 4, '5161', 20.00, 0.00),
(845, 4, '5162', 24.00, 0.00),
(846, 4, '5163', 24.00, 0.00),
(847, 4, '5164', 30.00, 0.00),
(848, 4, '5165', 60.00, 0.00),
(849, 4, '5166', 20.00, 0.00),
(850, 4, '5169', 200.00, 0.00),
(851, 4, '5170', 72.00, 0.00),
(852, 4, '5171', 48.00, 0.00),
(853, 4, '7001', 360.00, 0.00),
(854, 4, '7002', 240.00, 0.00),
(855, 4, '7003', 240.00, 0.00),
(856, 4, '7004', 402.00, 0.00),
(857, 4, '7005', 270.00, 0.00),
(858, 4, '7006', 216.00, 0.00),
(859, 4, '7007', 761.00, 0.00),
(860, 4, '7008', 728.00, 0.00),
(861, 4, '7009', 120.00, 0.00),
(862, 4, '7010', 100.00, 0.00),
(863, 4, '7011', 472.00, 0.00),
(864, 4, '7012', 119.00, 0.00),
(865, 4, '7013', 102.00, 0.00),
(866, 4, '7014', 67.00, 0.00),
(867, 4, '7015', 292.00, 0.00),
(868, 4, '7016', 229.00, 0.00),
(869, 4, '7017', 30.00, 0.00),
(870, 4, '7018', 0.00, 0.00),
(871, 4, '7019', 96.00, 0.00),
(872, 4, '7020', 144.00, 0.00),
(873, 4, '7021', 96.00, 0.00),
(874, 4, '7022', 0.00, 0.00),
(875, 4, '7023', 686.00, 0.00),
(876, 4, '7024', 205.00, 0.00),
(877, 4, '7025', 864.00, 0.00),
(878, 4, '7026', 192.00, 0.00),
(879, 4, '7027', 103.00, 0.00),
(880, 4, '7028', 20.00, 0.00),
(881, 4, '7029', 60.00, 0.00),
(882, 4, '7030', 40.00, 0.00),
(883, 4, '7031', 19.00, 0.00),
(884, 4, '7032', 100.00, 0.00),
(885, 4, '7033', 50.00, 0.00),
(886, 4, '7034', 100.00, 0.00),
(887, 13, '1001', 0.00, 0.00),
(888, 13, '1002', 0.00, 0.00),
(889, 13, '1003', 0.00, 0.00),
(890, 13, '1004', 0.00, 0.00),
(891, 13, '1005', 0.00, 0.00),
(892, 13, '1006', 0.00, 0.00),
(893, 13, '1007', 4.00, 0.00),
(894, 13, '1008', 7.00, 0.00),
(895, 13, '1009', 29.00, 0.00),
(896, 13, '1010', 8.00, 0.00),
(897, 13, '1011', 28.00, 0.00),
(898, 13, '1012', 40.00, 0.00),
(899, 13, '1013', 17.00, 0.00),
(900, 13, '1014', 60.00, 0.00),
(901, 13, '1015', 75.00, 0.00),
(902, 13, '1016', 156.00, 0.00),
(903, 13, '1017', 42.00, 0.00),
(904, 13, '1018', 0.00, 0.00),
(905, 13, '1019', 61.00, 0.00),
(906, 13, '1020', 30.00, 0.00),
(907, 13, '1021', 57.00, 0.00),
(908, 13, '1022', 7.00, 0.00),
(909, 13, '1023', 28.00, 0.00),
(910, 13, '1024', 59.00, 0.00),
(911, 13, '1025', 31.00, 0.00),
(912, 13, '1026', 0.00, 0.00),
(913, 13, '1027', 29.00, 0.00),
(914, 13, '1028', 66.00, 0.00),
(915, 13, '1029', 18.00, 0.00),
(916, 13, '1030', 0.00, 0.00),
(917, 13, '1031', 38.00, 0.00),
(918, 13, '2001', 37.00, 0.00),
(919, 13, '2002', 39.00, 0.00),
(920, 13, '2003', 24.00, 0.00),
(921, 13, '2004', 0.00, 0.00),
(922, 13, '2005', 15.00, 0.00),
(923, 13, '2006', 17.00, 0.00),
(924, 13, '2007', 22.00, 0.00),
(925, 13, '2008', 19.00, 0.00),
(926, 13, '3001', 142.00, 0.00),
(927, 13, '3002', 102.00, 0.00),
(928, 13, '3003', 40.00, 0.00),
(929, 13, '3004', 80.00, 0.00),
(930, 13, '3005', 108.00, 0.00),
(931, 13, '3006', 95.00, 0.00),
(932, 13, '3007', 105.00, 0.00),
(933, 13, '3008', 216.00, 0.00),
(934, 13, '3009', 33.00, 0.00),
(935, 13, '3010', 22.00, 0.00),
(936, 13, '3011', 0.00, 0.00),
(937, 13, '3012', 80.00, 0.00),
(938, 13, '3013', 80.00, 0.00),
(939, 13, '3014', 160.00, 0.00),
(940, 13, '3015', 80.00, 0.00),
(941, 13, '3016', 80.00, 0.00),
(942, 13, '3017', 40.00, 0.00),
(943, 13, '3018', 0.00, 0.00),
(944, 13, '3019', 172.00, 0.00),
(945, 13, '3020', 20.00, 0.00),
(946, 13, '3021', 0.00, 0.00),
(947, 13, '3022', 70.00, 0.00),
(948, 13, '3023', 10.00, 0.00),
(949, 13, '3024', 10.00, 0.00),
(950, 13, '3025', 10.00, 0.00),
(951, 13, '3026', 40.00, 0.00),
(952, 13, '3027', 80.00, 0.00),
(953, 13, '3028', 63.00, 0.00),
(954, 13, '3029', 40.00, 0.00),
(955, 13, '3030', 40.00, 0.00),
(956, 13, '3031', 56.00, 0.00),
(957, 13, '3032', 20.00, 0.00),
(958, 13, '3033', 25.00, 0.00),
(959, 13, '3034', 98.00, 0.00),
(960, 13, '3035', 25.00, 0.00),
(961, 13, '3036', 110.00, 0.00),
(962, 13, '3037', 101.00, 0.00),
(963, 13, '3038', 20.00, 0.00),
(964, 13, '3039', 15.00, 0.00),
(965, 13, '3040', 40.00, 0.00),
(966, 13, '3041', 40.00, 0.00),
(967, 13, '3042', 40.00, 0.00),
(968, 13, '3043', 240.00, 0.00),
(969, 13, '3044', 300.00, 0.00),
(970, 13, '3045', 300.00, 0.00),
(971, 13, '3046', 0.00, 0.00),
(972, 13, '3047', 80.00, 0.00),
(973, 13, '3048', 70.00, 0.00),
(974, 13, '3049', 38.00, 0.00),
(975, 13, '3050', 142.00, 0.00),
(976, 13, '3051', 72.00, 0.00),
(977, 13, '3052', 80.00, 0.00),
(978, 13, '3053', 82.00, 0.00),
(979, 13, '3054', 604.00, 0.00),
(980, 13, '3055', 100.00, 0.00),
(981, 13, '3056', 467.00, 0.00),
(982, 13, '3057', 508.00, 0.00),
(983, 13, '3058', 593.00, 0.00),
(984, 13, '3059', 111.00, 0.00),
(985, 13, '3060', 23.00, 0.00),
(986, 13, '3061', 48.00, 0.00),
(987, 13, '3062', 137.00, 0.00),
(988, 13, '3063', 20.00, 0.00),
(989, 13, '3064', 38.00, 0.00),
(990, 13, '3065', 52.00, 0.00),
(991, 13, '3066', 40.00, 0.00),
(992, 13, '3067', 87.00, 0.00),
(993, 13, '6001', 1072.00, 0.00),
(994, 13, '6002', 0.00, 0.00),
(995, 13, '6003', 199.00, 0.00),
(996, 13, '6004', 452.00, 0.00),
(997, 13, '6005', 8.00, 0.00),
(998, 13, '6006', 100.00, 0.00),
(999, 13, '6007', 539.00, 0.00),
(1000, 13, '6008', 194.00, 0.00),
(1001, 13, '6009', 154.00, 0.00),
(1002, 13, '6010', 193.00, 0.00),
(1003, 13, '6011', 379.00, 0.00),
(1004, 13, '6012', 100.00, 0.00),
(1005, 13, '6013', 0.00, 0.00),
(1006, 13, '6014', 354.00, 0.00),
(1007, 13, '6015', 331.00, 0.00),
(1008, 13, '6016', 0.00, 0.00),
(1009, 13, '6017', 85.00, 0.00),
(1010, 13, '6018', 250.00, 0.00),
(1011, 13, '6019', 145.00, 0.00),
(1012, 13, '6020', 60.00, 0.00),
(1013, 13, '6021', 0.00, 0.00),
(1014, 13, '6022', 257.00, 0.00),
(1015, 13, '6023', 211.00, 0.00),
(1016, 13, '6024', 47.00, 0.00),
(1017, 13, '6025', 141.00, 0.00),
(1018, 13, '6026', 17.00, 0.00),
(1019, 13, '6027', 120.00, 0.00),
(1020, 13, '6028', 99.00, 0.00),
(1021, 13, '6029', 61.00, 0.00),
(1022, 13, '6030', 4.00, 0.00),
(1023, 13, '6031', 127.00, 0.00),
(1024, 13, '6032', 1800.00, 0.00),
(1025, 13, '6033', 113.00, 0.00),
(1026, 13, '6034', 100.00, 0.00),
(1027, 13, '6035', 407.00, 0.00),
(1028, 13, '6036', 175.00, 0.00),
(1029, 13, '6037', 53.00, 0.00),
(1030, 13, '6038', 118.00, 0.00),
(1031, 13, '6039', 93.00, 0.00),
(1032, 13, '6040', 128.00, 0.00),
(1033, 13, '6041', 122.00, 0.00),
(1034, 13, '6042', 17.00, 0.00),
(1035, 13, '6043', 77.00, 0.00),
(1036, 13, '6044', 29.00, 0.00),
(1037, 13, '6045', 40.00, 0.00),
(1038, 13, '6046', 12.00, 0.00),
(1039, 13, '6047', 35.00, 0.00),
(1040, 13, '6048', 0.00, 0.00),
(1041, 13, '6049', 37.00, 0.00),
(1042, 13, '6050', 22.00, 0.00),
(1043, 13, '6051', 13.00, 0.00),
(1044, 13, '6052', 11.00, 0.00),
(1045, 13, '6053', 25.00, 0.00),
(1046, 13, '6054', 18.00, 0.00),
(1047, 13, '6055', 1.00, 0.00),
(1048, 13, '6056', 7.00, 0.00),
(1049, 13, '6057', 4.00, 0.00),
(1050, 13, '6058', 6.00, 0.00),
(1051, 13, '6059', 17.00, 0.00),
(1052, 13, '6060', 4.00, 0.00),
(1053, 13, '6061', 1.00, 0.00),
(1054, 13, '6062', 0.00, 0.00),
(1055, 13, '6063', 121.00, 0.00),
(1056, 13, '6064', 185.00, 0.00),
(1057, 13, '6065', 177.00, 0.00),
(1058, 13, '6066', 206.00, 0.00),
(1059, 13, '6067', 184.00, 0.00),
(1060, 13, '6068', 216.00, 0.00),
(1061, 13, '6069', 74.00, 0.00),
(1062, 13, '6070', 90.00, 0.00),
(1063, 13, '6071', 50.00, 0.00),
(1064, 13, '6072', 110.00, 0.00),
(1065, 13, '6073', 659.00, 0.00),
(1066, 13, '6074', 100.00, 0.00),
(1067, 13, '6075', 899.00, 0.00),
(1068, 13, '6076', 361.00, 0.00),
(1069, 13, '6077', 388.00, 0.00),
(1070, 13, '6078', 483.00, 0.00),
(1071, 13, '6079', 102.00, 0.00),
(1072, 13, '6080', 144.00, 0.00),
(1073, 13, '6081', 14.00, 0.00),
(1074, 13, '6082', 37.00, 0.00),
(1075, 13, '6083', 240.00, 0.00),
(1076, 13, '6084', 60.00, 0.00),
(1077, 13, '6085', 0.00, 0.00),
(1078, 13, '6086', 0.00, 0.00),
(1079, 13, '6087', 232.00, 0.00),
(1080, 13, '6088', 88.00, 0.00),
(1081, 13, '6089', 50.00, 0.00),
(1082, 13, '6090', 270.00, 0.00),
(1083, 13, '6091', 490.00, 0.00),
(1084, 13, '6092', 170.00, 0.00),
(1085, 13, '6093', 460.00, 0.00),
(1086, 13, '6094', 335.00, 0.00),
(1087, 13, '6095', 0.00, 0.00),
(1088, 13, '6096', 270.00, 0.00),
(1089, 13, '6097', 210.00, 0.00),
(1090, 13, '6098', 170.00, 0.00),
(1091, 13, '6099', 65.00, 0.00),
(1092, 13, '6100', 200.00, 0.00),
(1093, 13, '6101', 64.00, 0.00),
(1094, 13, '6102', 160.00, 0.00),
(1095, 13, '6103', 300.00, 0.00),
(1096, 13, '6104', 350.00, 0.00),
(1097, 13, '6105', 50.00, 0.00),
(1098, 13, '6106', 13.00, 0.00),
(1099, 13, '6107', 204.00, 0.00),
(1100, 13, '6108', 63.00, 0.00),
(1101, 13, '6109', 41.00, 0.00),
(1102, 13, '6110', 38.00, 0.00),
(1103, 13, '6111', 40.00, 0.00),
(1104, 13, '6112', 10.00, 0.00),
(1105, 13, '6113', 143.00, 0.00),
(1106, 13, '6114', 36.00, 0.00),
(1107, 13, '6115', 48.00, 0.00),
(1108, 13, '6116', 24.00, 0.00),
(1109, 13, '6117', 22.00, 0.00),
(1110, 13, '6118', 60.00, 0.00),
(1111, 13, '6119', 76.00, 0.00),
(1112, 13, '6120', 119.00, 0.00),
(1113, 13, '6121', 100.00, 0.00),
(1114, 13, '6122', 703.00, 0.00),
(1115, 13, '6123', 124.00, 0.00),
(1116, 13, '6124', 126.00, 0.00),
(1117, 13, '6125', 480.00, 0.00),
(1118, 13, '6126', 130.00, 0.00),
(1119, 13, '6127', 277.00, 0.00),
(1120, 13, '6128', 200.00, 0.00),
(1121, 13, '6129', 177.00, 0.00),
(1122, 13, '6130', 337.00, 0.00),
(1123, 13, '6131', 79.00, 0.00),
(1124, 13, '6132', 145.00, 0.00),
(1125, 13, '6133', 200.00, 0.00),
(1126, 13, '6134', 699.00, 0.00),
(1127, 13, '6135', 1081.00, 0.00),
(1128, 13, '6136', 242.00, 0.00),
(1129, 13, '6137', 519.00, 0.00),
(1130, 13, '6138', 880.00, 0.00),
(1131, 13, '6139', 792.00, 0.00),
(1132, 13, '6140', 780.00, 0.00),
(1133, 13, '6141', 550.00, 0.00),
(1134, 13, '6142', 704.00, 0.00),
(1135, 13, '6143', 115.00, 0.00),
(1136, 13, '6144', 632.00, 0.00),
(1137, 13, '6145', 440.00, 0.00),
(1138, 13, '4001', 28.00, 0.00),
(1139, 13, '4002', 64.00, 0.00),
(1140, 13, '4003', 10.00, 0.00),
(1141, 13, '4004', 45.00, 0.00),
(1142, 13, '4005', 40.00, 0.00),
(1143, 13, '4006', 38.00, 0.00),
(1144, 13, '4007', 245.00, 0.00),
(1145, 13, '4008', 155.00, 0.00),
(1146, 13, '4009', 251.00, 0.00),
(1147, 13, '4010', 192.00, 0.00),
(1148, 13, '4011', 76.00, 0.00),
(1149, 13, '4012', 108.00, 0.00),
(1150, 13, '4013', 65.00, 0.00),
(1151, 13, '4014', 82.00, 0.00),
(1152, 13, '4015', 216.00, 0.00),
(1153, 13, '4016', 84.00, 0.00),
(1154, 13, '4017', 46.00, 0.00),
(1155, 13, '4018', 69.00, 0.00),
(1156, 13, '4019', 30.00, 0.00),
(1157, 13, '4020', 15.00, 0.00),
(1158, 13, '4021', 14.00, 0.00),
(1159, 13, '4022', 68.00, 0.00),
(1160, 13, '4023', 203.00, 0.00),
(1161, 13, '4024', 183.00, 0.00),
(1162, 13, '4025', 201.00, 0.00),
(1163, 13, '4026', 764.00, 0.00),
(1164, 13, '4027', 202.00, 0.00),
(1165, 13, '4028', 55.00, 0.00),
(1166, 13, '4029', 60.00, 0.00),
(1167, 13, '4030', 295.00, 0.00),
(1168, 13, '4031', 2.00, 0.00),
(1169, 13, '4032', 4.00, 0.00),
(1170, 13, '4033', 9.00, 0.00),
(1171, 13, '4034', 80.00, 0.00),
(1172, 13, '4035', 20.00, 0.00),
(1173, 13, '4036', 20.00, 0.00),
(1174, 13, '4037', 60.00, 0.00),
(1175, 13, '4038', 0.00, 0.00),
(1176, 13, '4039', 20.00, 0.00),
(1177, 13, '4040', 30.00, 0.00),
(1178, 13, '4041', 82.00, 0.00),
(1179, 13, '4042', 15.00, 0.00),
(1180, 13, '5001', 140.00, 0.00),
(1181, 13, '5002', 48.00, 0.00),
(1182, 13, '5003', 175.00, 0.00),
(1183, 13, '5004', 0.00, 0.00),
(1184, 13, '5005', 40.00, 0.00),
(1185, 13, '5006', 120.00, 0.00),
(1186, 13, '5007', 200.00, 0.00),
(1187, 13, '5008', 250.00, 0.00),
(1188, 13, '5009', 85.00, 0.00),
(1189, 13, '5010', 47.00, 0.00),
(1190, 13, '5011', 75.00, 0.00),
(1191, 13, '5012', 9.00, 0.00),
(1192, 13, '5013', 20.00, 0.00),
(1193, 13, '5016', 47.00, 0.00),
(1194, 13, '5017', 71.00, 0.00),
(1195, 13, '5018', 0.00, 0.00),
(1196, 13, '5019', 30.00, 0.00),
(1197, 13, '5020', 89.00, 0.00),
(1198, 13, '5021', 323.00, 0.00),
(1199, 13, '5022', 588.00, 0.00),
(1200, 13, '5023', 580.00, 0.00),
(1201, 13, '5024', 153.00, 0.00),
(1202, 13, '5025', 173.00, 0.00),
(1203, 13, '5026', 300.00, 0.00),
(1204, 13, '5027', 165.00, 0.00),
(1205, 13, '5028', 436.00, 0.00),
(1206, 13, '5029', 174.00, 0.00),
(1207, 13, '5030', 177.00, 0.00),
(1208, 13, '5031', 130.00, 0.00),
(1209, 13, '5032', 132.00, 0.00),
(1210, 13, '5033', 233.00, 0.00),
(1211, 13, '5034', 150.00, 0.00),
(1212, 13, '5035', 22.00, 0.00),
(1213, 13, '5036', 390.00, 0.00),
(1214, 13, '5037', 80.00, 0.00),
(1215, 13, '5038', 394.00, 0.00),
(1216, 13, '5039', 100.00, 0.00),
(1217, 13, '5040', 0.00, 0.00),
(1218, 13, '5041', 0.00, 0.00),
(1219, 13, '5042', 0.00, 0.00),
(1220, 13, '5043', 290.00, 0.00),
(1221, 13, '5044', 173.00, 0.00),
(1222, 13, '5045', 852.00, 0.00),
(1223, 13, '5046', 520.00, 0.00),
(1224, 13, '5047', 1034.00, 0.00),
(1225, 13, '5048', 214.00, 0.00),
(1226, 13, '5049', 453.00, 0.00),
(1227, 13, '5050', 653.00, 0.00),
(1228, 13, '5051', 541.00, 0.00),
(1229, 13, '5052', 1474.00, 0.00),
(1230, 13, '5053', 55.00, 0.00),
(1231, 13, '5054', 506.00, 0.00),
(1232, 13, '5055', 653.00, 0.00),
(1233, 13, '5056', 148.00, 0.00),
(1234, 13, '5057', 83.00, 0.00),
(1235, 13, '5058', 305.00, 0.00),
(1236, 13, '5059', 539.00, 0.00),
(1237, 13, '5060', 207.00, 0.00),
(1238, 13, '5061', 302.00, 0.00),
(1239, 13, '5062', 148.00, 0.00),
(1240, 13, '5063', 235.00, 0.00),
(1241, 13, '5064', 120.00, 0.00),
(1242, 13, '5065', 33.00, 0.00),
(1243, 13, '5066', 93.00, 0.00),
(1244, 13, '5067', 692.00, 0.00),
(1245, 13, '5068', 191.00, 0.00),
(1246, 13, '5069', 83.00, 0.00),
(1247, 13, '5070', 128.00, 0.00),
(1248, 13, '5071', 45.00, 0.00),
(1249, 13, '5072', 53.00, 0.00),
(1250, 13, '5073', 181.00, 0.00),
(1251, 13, '5074', 243.00, 0.00),
(1252, 13, '5075', 212.00, 0.00),
(1253, 13, '5076', 261.00, 0.00),
(1254, 13, '5077', 83.00, 0.00),
(1255, 13, '5078', 205.00, 0.00),
(1256, 13, '5079', 195.00, 0.00),
(1257, 13, '5080', 31.00, 0.00),
(1258, 13, '5081', 80.00, 0.00),
(1259, 13, '5082', 73.00, 0.00),
(1260, 13, '5083', 88.00, 0.00),
(1261, 13, '5084', 48.00, 0.00),
(1262, 13, '5085', 14.00, 0.00),
(1263, 13, '5086', 12.00, 0.00),
(1264, 13, '5087', 42.00, 0.00),
(1265, 13, '5088', 20.00, 0.00),
(1266, 13, '5089', 38.00, 0.00),
(1267, 13, '5090', 66.00, 0.00),
(1268, 13, '5091', 88.00, 0.00),
(1269, 13, '5092', 70.00, 0.00),
(1270, 13, '5093', 62.00, 0.00),
(1271, 13, '5094', 77.00, 0.00),
(1272, 13, '5095', 290.00, 0.00),
(1273, 13, '5096', 142.00, 0.00),
(1274, 13, '5097', 224.00, 0.00),
(1275, 13, '5098', 224.00, 0.00),
(1276, 13, '5099', 502.00, 0.00),
(1277, 13, '5100', 450.00, 0.00),
(1278, 13, '5101', 521.00, 0.00),
(1279, 13, '5102', 437.00, 0.00),
(1280, 13, '5103', 45.00, 0.00),
(1281, 13, '5104', 385.00, 0.00),
(1282, 13, '5105', 0.00, 0.00),
(1283, 13, '5106', 0.00, 0.00),
(1284, 13, '5107', 370.00, 0.00),
(1285, 13, '5108', 195.00, 0.00),
(1286, 13, '5109', 506.00, 0.00),
(1287, 13, '5110', 96.00, 0.00),
(1288, 13, '5111', 138.00, 0.00),
(1289, 13, '5112', 161.00, 0.00),
(1290, 13, '5113', 200.00, 0.00),
(1291, 13, '5114', 176.00, 0.00),
(1292, 13, '5115', 426.00, 0.00),
(1293, 13, '5116', 282.00, 0.00),
(1294, 13, '5117', 211.00, 0.00),
(1295, 13, '5118', 240.00, 0.00),
(1296, 13, '5119', 134.00, 0.00),
(1297, 13, '5120', 133.00, 0.00),
(1298, 13, '5121', 150.00, 0.00),
(1299, 13, '5122', 154.00, 0.00),
(1300, 13, '5123', 138.00, 0.00),
(1301, 13, '5124', 203.00, 0.00),
(1302, 13, '5125', 110.00, 0.00),
(1303, 13, '5126', 151.00, 0.00),
(1304, 13, '5127', 97.00, 0.00),
(1305, 13, '5128', 133.00, 0.00),
(1306, 13, '5129', 44.00, 0.00),
(1307, 13, '5130', 127.00, 0.00),
(1308, 13, '5131', 38.00, 0.00),
(1309, 13, '5132', 55.00, 0.00),
(1310, 13, '5133', 60.00, 0.00),
(1311, 13, '5134', 124.00, 0.00),
(1312, 13, '5135', 658.00, 0.00),
(1313, 13, '5136', 288.00, 0.00),
(1314, 13, '5137', 156.00, 0.00),
(1315, 13, '5138', 438.00, 0.00),
(1316, 13, '5139', 461.00, 0.00),
(1317, 13, '5140', 359.00, 0.00),
(1318, 13, '5141', 325.00, 0.00),
(1319, 13, '5142', 240.00, 0.00),
(1320, 13, '5143', 162.00, 0.00),
(1321, 13, '5144', 113.00, 0.00),
(1322, 13, '5145', 24.00, 0.00),
(1323, 13, '5146', 7.00, 0.00),
(1324, 13, '5147', 5.00, 0.00),
(1325, 13, '5148', 0.00, 0.00),
(1326, 13, '5149', 0.00, 0.00),
(1327, 13, '5150', 50.00, 0.00),
(1328, 13, '5151', 118.00, 0.00),
(1329, 13, '5152', 67.00, 0.00),
(1330, 13, '5153', 36.00, 0.00),
(1331, 13, '5154', 25.00, 0.00),
(1332, 13, '5155', 108.00, 0.00),
(1333, 13, '5156', 59.00, 0.00),
(1334, 13, '5157', 16.00, 0.00),
(1335, 13, '5158', 23.00, 0.00),
(1336, 13, '5159', 20.00, 0.00),
(1337, 13, '5160', 24.00, 0.00),
(1338, 13, '5161', 20.00, 0.00),
(1339, 13, '5162', 24.00, 0.00),
(1340, 13, '5163', 24.00, 0.00),
(1341, 13, '5164', 30.00, 0.00),
(1342, 13, '5165', 60.00, 0.00),
(1343, 13, '5166', 29.00, 0.00),
(1344, 13, '5169', 200.00, 0.00),
(1345, 13, '5170', 77.00, 0.00),
(1346, 13, '5171', 48.00, 0.00),
(1347, 13, '7001', 600.00, 0.00),
(1348, 13, '7002', 240.00, 0.00),
(1349, 13, '7003', 337.00, 0.00),
(1350, 13, '7004', 582.00, 0.00),
(1351, 13, '7005', 270.00, 0.00),
(1352, 13, '7006', 273.00, 0.00),
(1353, 13, '7007', 1098.00, 0.00),
(1354, 13, '7008', 1047.00, 0.00),
(1355, 13, '7009', 120.00, 0.00),
(1356, 13, '7010', 244.00, 0.00),
(1357, 13, '7011', 570.00, 0.00),
(1358, 13, '7012', 119.00, 0.00),
(1359, 13, '7013', 124.00, 0.00),
(1360, 13, '7014', 67.00, 0.00),
(1361, 13, '7015', 364.00, 0.00),
(1362, 13, '7016', 278.00, 0.00),
(1363, 13, '7017', 39.00, 0.00),
(1364, 13, '7018', 46.00, 0.00),
(1365, 13, '7019', 99.00, 0.00),
(1366, 13, '7020', 186.00, 0.00),
(1367, 13, '7021', 106.00, 0.00),
(1368, 13, '7022', 0.00, 0.00),
(1369, 13, '7023', 766.00, 0.00),
(1370, 13, '7024', 259.00, 0.00),
(1371, 13, '7025', 900.00, 0.00),
(1372, 13, '7026', 217.00, 0.00),
(1373, 13, '7027', 113.00, 0.00),
(1374, 13, '7028', 20.00, 0.00),
(1375, 13, '7029', 60.00, 0.00),
(1376, 13, '7030', 50.00, 0.00),
(1377, 13, '7031', 19.00, 0.00),
(1378, 13, '7032', 113.00, 0.00),
(1379, 13, '7033', 50.00, 0.00),
(1380, 13, '7034', 100.00, 0.00),
(5752, 23, '1001', 0.00, 0.00),
(5753, 23, '1002', 0.00, 0.00),
(5754, 23, '1003', 0.00, 0.00),
(5755, 23, '1004', 120.00, 0.00),
(5756, 23, '1005', 0.00, 0.00),
(5757, 23, '1006', 0.00, 0.00),
(5758, 23, '1007', 30.00, 0.00),
(5759, 23, '1008', 40.00, 0.00),
(5760, 23, '1009', 40.00, 0.00),
(5761, 23, '1010', 20.00, 0.00),
(5762, 23, '1011', 20.00, 0.00),
(5763, 23, '1012', 163.00, 0.00),
(5764, 23, '1013', 30.00, 0.00),
(5765, 23, '1014', 262.00, 0.00),
(5766, 23, '1015', 302.00, 0.00),
(5767, 23, '1016', 204.00, 0.00),
(5768, 23, '1017', 515.00, 0.00),
(5769, 23, '1018', 0.00, 0.00),
(5770, 23, '10198', 60.00, 0.00),
(5771, 23, '1020', 31.00, 0.00),
(5772, 23, '1021', 120.00, 0.00),
(5773, 23, '1022', 160.00, 0.00),
(5774, 23, '1023', 57.00, 0.00),
(5775, 23, '1024', 440.00, 0.00),
(5776, 23, '1025', 25.00, 0.00),
(5777, 23, '1026', 0.00, 0.00),
(5778, 23, '1027', 25.00, 0.00),
(5779, 23, '1028', 0.00, 0.00),
(5780, 23, '1029', 120.00, 0.00),
(5781, 23, '1030', 32.00, 0.00),
(5782, 23, '1031', 0.00, 0.00),
(5783, 23, '1032', 24.00, 0.00),
(5784, 23, '1033', 140.00, 0.00),
(5785, 23, '1034', 22.00, 0.00),
(5786, 23, '1035', 50.00, 0.00),
(5787, 23, '1036', 120.00, 0.00),
(5788, 23, '1037', 31.00, 0.00),
(5789, 23, '1038', 320.00, 0.00),
(5790, 23, '1039', 120.00, 0.00),
(5791, 23, '1040', 40.00, 0.00),
(5792, 23, '1041', 147.00, 0.00),
(5793, 23, '1042', 80.00, 0.00),
(5794, 23, '1043', 40.00, 0.00),
(5795, 23, '1044', 2.00, 0.00),
(5796, 23, '2001', 97.00, 0.00),
(5797, 23, '2002', 80.00, 0.00),
(5798, 23, '2003', 116.00, 0.00),
(5799, 23, '2004', 20.00, 0.00),
(5800, 23, '2005', 0.00, 0.00),
(5801, 23, '2006', 0.00, 0.00),
(5802, 23, '2007', 200.00, 0.00),
(5803, 23, '2008', 450.00, 0.00),
(5804, 23, '3001', 66.00, 0.00),
(5805, 23, '3002', 122.00, 0.00),
(5806, 23, '3003', 40.00, 0.00),
(5807, 23, '3004', 80.00, 0.00),
(5808, 23, '3006', 57.00, 0.00),
(5809, 23, '3007', 105.00, 0.00),
(5810, 23, '3008', 48.00, 0.00),
(5811, 23, '3009', 33.00, 0.00),
(5812, 23, '3010', 62.00, 0.00),
(5813, 23, '3012', 20.00, 0.00),
(5814, 23, '3013', 20.00, 0.00),
(5815, 23, '3014', 40.00, 0.00),
(5816, 23, '3015', 20.00, 0.00),
(5817, 23, '3016', 20.00, 0.00),
(5818, 23, '3017', 0.00, 0.00),
(5819, 23, '3018', 0.00, 0.00),
(5820, 23, '3019', 100.00, 0.00),
(5821, 23, '3020', 20.00, 0.00),
(5822, 23, '3021', 0.00, 0.00),
(5823, 23, '3022', 40.00, 0.00),
(5824, 23, '3023', 10.00, 0.00),
(5825, 23, '3024', 10.00, 0.00),
(5826, 23, '3025', 10.00, 0.00),
(5827, 23, '3026', 40.00, 0.00),
(5828, 23, '3027', 80.00, 0.00),
(5829, 23, '3028', 40.00, 0.00),
(5830, 23, '3029', 20.00, 0.00),
(5831, 23, '3030', 20.00, 0.00),
(5832, 23, '3031', 50.00, 0.00),
(5833, 23, '3032', 50.00, 0.00),
(5834, 23, '3033', 0.00, 0.00),
(5835, 23, '3034', 0.00, 0.00),
(5836, 23, '3035', 10.00, 0.00),
(5837, 23, '3036', 90.00, 0.00),
(5838, 23, '3037', 80.00, 0.00),
(5839, 23, '3038', 40.00, 0.00),
(5840, 23, '3039', 20.00, 0.00),
(5841, 23, '3040', 0.00, 0.00),
(5842, 23, '3041', 40.00, 0.00),
(5843, 23, '3042', 0.00, 0.00),
(5844, 23, '3043', 240.00, 0.00),
(5845, 23, '3044', 300.00, 0.00),
(5846, 23, '3045', 300.00, 0.00),
(5847, 23, '3046', 0.00, 0.00),
(5848, 23, '3047', 80.00, 0.00),
(5849, 23, '3048', 40.00, 0.00),
(5850, 23, '3049', 0.00, 0.00),
(5851, 23, '3050', 50.00, 0.00),
(5852, 23, '3051', 0.00, 0.00),
(5853, 23, '3052', 80.00, 0.00),
(5854, 23, '3053', 30.00, 0.00),
(5855, 23, '3054', 568.00, 0.00),
(5856, 23, '3055', 100.00, 0.00),
(5857, 23, '3056', 400.00, 0.00),
(5858, 23, '3057', 400.00, 0.00),
(5859, 23, '3058', 560.00, 0.00),
(5860, 23, '3059', 80.00, 0.00),
(5861, 23, '3060', 20.00, 0.00),
(5862, 23, '3061', 30.00, 0.00),
(5863, 23, '3062', 100.00, 0.00),
(5864, 23, '3063', 20.00, 0.00),
(5865, 23, '3064', 20.00, 0.00),
(5866, 23, '3065', 40.00, 0.00),
(5867, 23, '3066', 40.00, 0.00),
(5868, 23, '3067', 40.00, 0.00),
(5869, 23, '6001', 960.00, 0.00),
(5870, 23, '6002', 0.00, 0.00),
(5871, 23, '6003', 199.00, 0.00),
(5872, 23, '6004', 216.00, 0.00),
(5873, 23, '6005', 0.00, 0.00),
(5874, 23, '6006', 100.00, 0.00),
(5875, 23, '6007', 408.00, 0.00),
(5876, 23, '6008', 194.00, 0.00),
(5877, 23, '6009', 160.00, 0.00),
(5878, 23, '6010', 164.00, 0.00),
(5879, 23, '6011', 379.00, 0.00),
(5880, 23, '6012', 100.00, 0.00),
(5881, 23, '6013', 0.00, 0.00),
(5882, 23, '6014', 300.00, 0.00),
(5883, 23, '6015', 320.00, 0.00),
(5884, 23, '6016', 0.00, 0.00),
(5885, 23, '6017', 132.00, 0.00),
(5886, 23, '6018', 60.00, 0.00),
(5887, 23, '6019', 250.00, 0.00),
(5888, 23, '6020', 100.00, 0.00),
(5889, 23, '6021', 60.00, 0.00),
(5890, 23, '6022', 0.00, 0.00),
(5891, 23, '6023', 120.00, 0.00),
(5892, 23, '6024', 60.00, 0.00),
(5893, 23, '6025', 257.00, 0.00),
(5894, 23, '6026', 211.00, 0.00),
(5895, 23, '6027', 47.00, 0.00),
(5896, 23, '6028', 0.00, 0.00),
(5897, 23, '6029', 47.00, 0.00),
(5898, 23, '6030', 80.00, 0.00),
(5899, 23, '6031', 47.00, 0.00),
(5900, 23, '6032', 61.00, 0.00),
(5901, 23, '6033', 331.00, 0.00),
(5902, 23, '6034', 82.00, 0.00),
(5903, 23, '6035', 1680.00, 0.00),
(5904, 23, '6036', 100.00, 0.00),
(5905, 23, '6037', 90.00, 0.00),
(5906, 23, '6038', 125.00, 0.00),
(5907, 23, '6039', 125.00, 0.00),
(5908, 23, '6040', 0.00, 0.00),
(5909, 23, '6041', 60.00, 0.00),
(5910, 23, '6042', 93.00, 0.00),
(5911, 23, '6043', 128.00, 0.00),
(5912, 23, '6044', 110.00, 0.00),
(5913, 23, '6045', 0.00, 0.00),
(5914, 23, '6046', 53.00, 0.00),
(5915, 23, '6047', 0.00, 0.00),
(5916, 23, '6048', 40.00, 0.00),
(5917, 23, '6049', 0.00, 0.00),
(5918, 23, '6050', 15.00, 0.00),
(5919, 23, '6051', 0.00, 0.00),
(5920, 23, '6052', 19.00, 0.00),
(5921, 23, '6053', 0.00, 0.00),
(5922, 23, '6054', 11.00, 0.00),
(5923, 23, '6055', 11.00, 0.00),
(5924, 23, '6056', 18.00, 0.00),
(5925, 23, '6057', 12.00, 0.00),
(5926, 23, '6058', 1.00, 0.00),
(5927, 23, '6059', 6.00, 0.00),
(5928, 23, '6060', 4.00, 0.00),
(5929, 23, '6061', 0.00, 0.00),
(5930, 23, '6062', 17.00, 0.00),
(5931, 23, '6063', 4.00, 0.00),
(5932, 23, '6064', 1.00, 0.00),
(5933, 23, '6065', 0.00, 0.00),
(5934, 23, '6066', 121.00, 0.00),
(5935, 23, '6067', 182.00, 0.00),
(5936, 23, '6068', 177.00, 0.00),
(5937, 23, '6069', 182.00, 0.00),
(5938, 23, '6070', 184.00, 0.00),
(5939, 23, '6071', 187.00, 0.00),
(5940, 23, '6072', 60.00, 0.00),
(5941, 23, '6073', 55.00, 0.00),
(5942, 23, '6074', 18.00, 0.00),
(5943, 23, '6075', 89.00, 0.00),
(5944, 23, '6076', 646.00, 0.00),
(5945, 23, '6077', 100.00, 0.00),
(5946, 23, '6078', 867.00, 0.00),
(5947, 23, '6079', 47.00, 0.00),
(5948, 23, '6080', 300.00, 0.00),
(5949, 23, '6081', 130.00, 0.00),
(5950, 23, '6082', 99.00, 0.00),
(5951, 23, '6083', 9.00, 0.00),
(5952, 23, '6084', 0.00, 0.00),
(5953, 23, '6085', 0.00, 0.00),
(5954, 23, '6086', 160.00, 0.00),
(5955, 23, '6087', 263.00, 0.00),
(5956, 23, '6088', 60.00, 0.00),
(5957, 23, '6089', 0.00, 0.00),
(5958, 23, '6090', 0.00, 0.00),
(5959, 23, '6091', 127.00, 0.00),
(5960, 23, '6092', 73.00, 0.00),
(5961, 23, '6093', 250.00, 0.00),
(5962, 23, '6094', 270.00, 0.00),
(5963, 23, '6095', 480.00, 0.00),
(5964, 23, '6096', 180.00, 0.00),
(5965, 23, '6097', 455.00, 0.00),
(5966, 23, '6098', 345.00, 0.00),
(5967, 23, '6099', 0.00, 0.00),
(5968, 23, '6100', 270.00, 0.00),
(5969, 23, '6101', 210.00, 0.00),
(5970, 23, '6102', 170.00, 0.00),
(5971, 23, '6103', 65.00, 0.00),
(5972, 23, '6104', 200.00, 0.00),
(5973, 23, '6105', 65.00, 0.00),
(5974, 23, '6106', 64.00, 0.00),
(5975, 23, '6107', 75.00, 0.00),
(5976, 23, '6108', 300.00, 0.00),
(5977, 23, '6109', 350.00, 0.00),
(5978, 23, '6110', 50.00, 0.00),
(5979, 23, '6111', 0.00, 0.00),
(5980, 23, '6112', 48.00, 0.00),
(5981, 23, '6113', 52.00, 0.00),
(5982, 23, '6114', 104.00, 0.00),
(5983, 23, '6115', 28.00, 0.00),
(5984, 23, '6116', 28.00, 0.00),
(5985, 23, '6117', 20.00, 0.00),
(5986, 23, '6118', 28.00, 0.00),
(5987, 23, '6119', 26.00, 0.00),
(5988, 23, '6120', 80.00, 0.00),
(5989, 23, '6121', 6.00, 0.00),
(5990, 23, '6122', 240.00, 0.00),
(5991, 23, '6123', 110.00, 0.00),
(5992, 23, '6124', 200.00, 0.00),
(5993, 23, '6125', 600.00, 0.00),
(5994, 23, '6126', 100.00, 0.00),
(5995, 23, '6127', 100.00, 0.00),
(5996, 23, '6128', 480.00, 0.00),
(5997, 23, '6129', 100.00, 0.00),
(5998, 23, '6130', 718.00, 0.00),
(5999, 23, '6131', 100.00, 0.00),
(6000, 23, '6132', 500.00, 0.00),
(6001, 23, '6133', 100.00, 0.00),
(6002, 23, '6134', 100.00, 0.00),
(6003, 23, '6135', 200.00, 0.00),
(6004, 23, '6136', 0.00, 0.00),
(6005, 23, '6137', 100.00, 0.00),
(6006, 23, '6138', 200.00, 0.00),
(6007, 23, '6139', 583.00, 0.00),
(6008, 23, '6140', 101.00, 0.00),
(6009, 23, '6141', 120.00, 0.00),
(6010, 23, '6142', 240.00, 0.00),
(6011, 23, '6143', 800.00, 0.00),
(6012, 23, '6144', 440.00, 0.00),
(6013, 23, '6145', 906.00, 0.00),
(6014, 23, '6146', 352.00, 0.00),
(6015, 23, '6147', 511.00, 0.00),
(6016, 23, '6148', 233.00, 0.00),
(6017, 23, '6149', 200.00, 0.00),
(6018, 23, '6150', 200.00, 0.00),
(6019, 23, '4001', 23.00, 0.00),
(6020, 23, '4002', 64.00, 0.00),
(6021, 23, '4003', 10.00, 0.00),
(6022, 23, '4004', 45.00, 0.00),
(6023, 23, '4005', 37.00, 0.00),
(6024, 23, '4006', 32.00, 0.00),
(6025, 23, '4007', 226.00, 0.00),
(6026, 23, '4008', 120.00, 0.00),
(6027, 23, '4009', 180.00, 0.00),
(6028, 23, '4010', 192.00, 0.00),
(6029, 23, '4011', 0.00, 0.00),
(6030, 23, '4012', 70.00, 0.00),
(6031, 23, '4013', 24.00, 0.00),
(6032, 23, '4014', 48.00, 0.00),
(6033, 23, '4015', 186.00, 0.00),
(6034, 23, '4016', 84.00, 0.00),
(6035, 23, '4017', 34.00, 0.00),
(6036, 23, '4018', 46.00, 0.00),
(6037, 23, '4019', 18.00, 0.00),
(6038, 23, '4020', 8.00, 0.00),
(6039, 23, '4021', 14.00, 0.00),
(6040, 23, '4022', 33.00, 0.00),
(6041, 23, '4023', 185.00, 0.00),
(6042, 23, '4024', 198.00, 0.00),
(6043, 23, '4025', 178.00, 0.00),
(6044, 23, '4026', 680.00, 0.00),
(6045, 23, '4027', 150.00, 0.00),
(6046, 23, '4028', 72.00, 0.00),
(6047, 23, '4029', 80.00, 0.00),
(6048, 23, '4030', 187.00, 0.00),
(6049, 23, '4031', 0.00, 0.00),
(6050, 23, '4032', 0.00, 0.00),
(6051, 23, '4033', 0.00, 0.00),
(6052, 23, '4034', 0.00, 0.00),
(6053, 23, '4035', 20.00, 0.00),
(6054, 23, '4036', 10.00, 0.00),
(6055, 23, '4037', 50.00, 0.00),
(6056, 23, '4038', 10.00, 0.00),
(6057, 23, '4039', 0.00, 0.00),
(6058, 23, '4040', 0.00, 0.00),
(6059, 23, '4041', 38.00, 0.00),
(6060, 23, '4042', 11.00, 0.00),
(6061, 23, '4043', 100.00, 0.00),
(6062, 23, '4044', 100.00, 0.00),
(6063, 23, '5001', 32.00, 0.00),
(6064, 23, '5002', 12.00, 0.00),
(6065, 23, '5003', 175.00, 0.00),
(6066, 23, '5004', 0.00, 0.00),
(6067, 23, '5005', 40.00, 0.00),
(6068, 23, '5006', 120.00, 0.00),
(6069, 23, '5007', 200.00, 0.00),
(6070, 23, '5008', 250.00, 0.00),
(6071, 23, '5009', 74.00, 0.00),
(6072, 23, '5010', 47.00, 0.00),
(6073, 23, '5011', 75.00, 0.00),
(6074, 23, '5012', 9.00, 0.00),
(6075, 23, '5013', 20.00, 0.00),
(6076, 23, '5014', 30.00, 0.00),
(6077, 23, '5015', 60.00, 0.00),
(6078, 23, '5016', 0.00, 0.00),
(6079, 23, '5017', 20.00, 0.00),
(6080, 23, '5018', 56.00, 0.00),
(6081, 23, '5019', 56.00, 0.00),
(6082, 23, '5020', 300.00, 0.00),
(6083, 23, '5021', 500.00, 0.00),
(6084, 23, '5022', 450.00, 0.00),
(6085, 23, '5023', 0.00, 0.00),
(6086, 23, '5024', 0.00, 0.00),
(6087, 23, '5025', 300.00, 0.00),
(6088, 23, '5026', 51.00, 0.00),
(6089, 23, '5027', 436.00, 0.00),
(6090, 23, '5028', 172.00, 0.00),
(6091, 23, '5029', 177.00, 0.00),
(6092, 23, '5030', 0.00, 0.00),
(6093, 23, '5031', 50.00, 0.00),
(6094, 23, '5032', 100.00, 0.00),
(6095, 23, '5033', 149.00, 0.00),
(6096, 23, '5034', 0.00, 0.00),
(6097, 23, '5035', 80.00, 0.00),
(6098, 23, '5036', 80.00, 0.00),
(6099, 23, '5037', 200.00, 0.00),
(6100, 23, '5038', 100.00, 0.00),
(6101, 23, '5039', 0.00, 0.00),
(6102, 23, '5040', 0.00, 0.00),
(6103, 23, '5041', 0.00, 0.00),
(6104, 23, '5042', 50.00, 0.00),
(6105, 23, '5043', 1232.00, 0.00),
(6106, 23, '5044', 800.00, 0.00),
(6107, 23, '5045', 520.00, 0.00),
(6108, 23, '5046', 980.00, 0.00),
(6109, 23, '5047', 495.00, 0.00),
(6110, 23, '5048', 330.00, 0.00),
(6111, 23, '5049', 530.00, 0.00),
(6112, 23, '5050', 495.00, 0.00),
(6113, 23, '5051', 1465.00, 0.00),
(6114, 23, '5052', 0.00, 0.00),
(6115, 23, '5053', 415.00, 0.00),
(6116, 23, '5054', 575.00, 0.00),
(6117, 23, '5055', 140.00, 0.00),
(6118, 23, '5056', 25.00, 0.00),
(6119, 23, '5057', 300.00, 0.00),
(6120, 23, '5058', 485.00, 0.00),
(6121, 23, '5059', 150.00, 0.00),
(6122, 23, '5060', 230.00, 0.00),
(6123, 23, '5061', 105.00, 0.00),
(6124, 23, '5062', 200.00, 0.00),
(6125, 23, '5063', 120.00, 0.00),
(6126, 23, '5064', 0.00, 0.00),
(6127, 23, '5065', 14.00, 0.00),
(6128, 23, '5066', 655.00, 0.00),
(6129, 23, '5067', 135.00, 0.00),
(6130, 23, '5068', 30.00, 0.00),
(6131, 23, '5069', 94.00, 0.00),
(6132, 23, '5070', 45.00, 0.00),
(6133, 23, '5071', 0.00, 0.00),
(6134, 23, '5072', 115.00, 0.00),
(6135, 23, '5073', 390.00, 0.00),
(6136, 23, '5074', 200.00, 0.00),
(6137, 23, '5075', 165.00, 0.00),
(6138, 23, '5076', 180.00, 0.00),
(6139, 23, '5077', 146.00, 0.00),
(6140, 23, '5078', 135.00, 0.00),
(6141, 23, '5079', 20.00, 0.00),
(6142, 23, '5080', 65.00, 0.00),
(6143, 23, '5081', 31.00, 0.00),
(6144, 23, '5082', 65.00, 0.00),
(6145, 23, '5083', 40.00, 0.00),
(6146, 23, '5084', 14.00, 0.00),
(6147, 23, '5085', 2.00, 0.00),
(6148, 23, '5086', 22.00, 0.00),
(6149, 23, '5087', 54.00, 0.00),
(6150, 23, '5088', 0.00, 0.00),
(6151, 23, '5089', 5.00, 0.00),
(6152, 23, '5090', 45.00, 0.00),
(6153, 23, '5091', 50.00, 0.00),
(6154, 23, '5092', 40.00, 0.00),
(6155, 23, '5093', 55.00, 0.00),
(6156, 23, '5094', 25500.00, 0.00),
(6157, 23, '5095', 60.00, 0.00),
(6158, 23, '5096', 220.00, 0.00),
(6159, 23, '5097', 181.00, 0.00),
(6160, 23, '5098', 450.00, 0.00),
(6161, 23, '5099', 405.00, 0.00),
(6162, 23, '5100', 485.00, 0.00),
(6163, 23, '5101', 420.00, 0.00),
(6164, 23, '5102', 35.00, 0.00),
(6165, 23, '5103', 385.00, 0.00),
(6166, 23, '5104', 20.00, 0.00),
(6167, 23, '5105', 0.00, 0.00),
(6168, 23, '5106', 0.00, 0.00),
(6169, 23, '5107', 200.00, 0.00),
(6170, 23, '5108', 160.00, 0.00),
(6171, 23, '5109', 340.00, 0.00),
(6172, 23, '5110', 20.00, 0.00),
(6173, 23, '5111', 100.00, 0.00),
(6174, 23, '5112', 150.00, 0.00),
(6175, 23, '5113', 90.00, 0.00),
(6176, 23, '5114', 130.00, 0.00),
(6177, 23, '5115', 330.00, 0.00),
(6178, 23, '5116', 225.00, 0.00),
(6179, 23, '5117', 200.00, 0.00),
(6180, 23, '5118', 240.00, 0.00),
(6181, 23, '5119', 90.00, 0.00),
(6182, 23, '5120', 108.00, 0.00),
(6183, 23, '5121', 30.00, 0.00),
(6184, 23, '5122', 110.00, 0.00),
(6185, 23, '5123', 90.00, 0.00),
(6186, 23, '5124', 150.00, 0.00),
(6187, 23, '5125', 70.00, 0.00),
(6188, 23, '5126', 130.00, 0.00),
(6189, 23, '5127', 70.00, 0.00),
(6190, 23, '5128', 69.00, 0.00),
(6191, 23, '5129', 10.00, 0.00),
(6192, 23, '5130', 99.00, 0.00),
(6193, 23, '5131', 28.00, 0.00),
(6194, 23, '5132', 55.00, 0.00),
(6195, 23, '5133', 60.00, 0.00),
(6196, 23, '5134', 80.00, 0.00),
(6197, 23, '5135', 33.00, 0.00),
(6198, 23, '5136', 645.00, 0.00),
(6199, 23, '5137', 240.00, 0.00),
(6200, 23, '5138', 120.00, 0.00),
(6201, 23, '5139', 360.00, 0.00),
(6202, 23, '5140', 440.00, 0.00),
(6203, 23, '5141', 290.00, 0.00),
(6204, 23, '5142', 285.00, 0.00),
(6205, 23, '5143', 160.00, 0.00),
(6206, 23, '5144', 120.00, 0.00),
(6207, 23, '5145', 185.00, 0.00),
(6208, 23, '5146', 0.00, 0.00),
(6209, 23, '5147', 7.00, 0.00),
(6210, 23, '5148', 7.00, 0.00),
(6211, 23, '5149', 0.00, 0.00),
(6212, 23, '5150', 0.00, 0.00),
(6213, 23, '5151', 50.00, 0.00),
(6214, 23, '5152', 48.00, 0.00),
(6215, 23, '5153', 36.00, 0.00),
(6216, 23, '5154', 36.00, 0.00),
(6217, 23, '5155', 25.00, 0.00),
(6218, 23, '5156', 72.00, 0.00),
(6219, 23, '5157', 8.00, 0.00),
(6220, 23, '5158', 8.00, 0.00),
(6221, 23, '5159', 18.00, 0.00),
(6222, 23, '5160', 48.00, 0.00),
(6223, 23, '7861024302449', 18.00, 0.00),
(6225, 23, '78610248025684', 96.00, 0.00),
(6226, 23, '5164', 24.00, 0.00),
(6227, 23, '5165', 750.00, 0.00),
(6228, 23, '5166', 60.00, 0.00),
(6229, 23, '5167', 20.00, 0.00),
(6230, 23, '5168', 100.00, 0.00),
(6231, 23, '5169', 108.00, 0.00),
(6232, 23, '5170', 36.00, 0.00),
(6233, 23, '7001', 360.00, 0.00),
(6234, 23, '7002', 240.00, 0.00),
(6235, 23, '7003', 240.00, 0.00),
(6236, 23, '7004', 402.00, 0.00),
(6237, 23, '7005', 270.00, 0.00),
(6238, 23, '7006', 216.00, 0.00),
(6239, 23, '7007', 761.00, 0.00),
(6240, 23, '7008', 728.00, 0.00),
(6241, 23, '7009', 120.00, 0.00),
(6242, 23, '7010', 100.00, 0.00),
(6243, 23, '7011', 472.00, 0.00),
(6244, 23, '7012', 119.00, 0.00),
(6245, 23, '7013', 102.00, 0.00),
(6246, 23, '7014', 67.00, 0.00),
(6247, 23, '7015', 292.00, 0.00),
(6248, 23, '7016', 229.00, 0.00),
(6249, 23, '7017', 30.00, 0.00),
(6250, 23, '7018', 0.00, 0.00),
(6251, 23, '7019', 96.00, 0.00),
(6252, 23, '7020', 144.00, 0.00),
(6253, 23, '7021', 96.00, 0.00),
(6254, 23, '7022', 0.00, 0.00),
(6255, 23, '7023', 686.00, 0.00),
(6256, 23, '7024', 205.00, 0.00),
(6257, 23, '7025', 865.00, 0.00),
(6258, 23, '7026', 192.00, 0.00),
(6259, 23, '7027', 103.00, 0.00),
(6260, 23, '7028', 20.00, 0.00),
(6261, 23, '7029', 60.00, 0.00),
(6262, 23, '7030', 40.00, 0.00),
(6263, 23, '7031', 19.00, 0.00),
(6264, 23, '7032', 100.00, 0.00),
(6265, 23, '7033', 50.00, 0.00),
(6266, 23, '7034', 50.00, 0.00),
(6267, 23, '7035', 100.00, 0.00),
(6268, 23, '7036', 10.00, 0.00),
(6269, 23, '7037', 1.00, 0.00),
(6270, 23, '7038', 6.00, 0.00),
(6271, 23, '7039', 10.00, 0.00),
(6272, 23, '7040', 8.00, 0.00),
(6273, 23, '7041', 8.00, 0.00),
(6274, 23, '7042', 8.00, 0.00),
(6275, 23, '7043', 286.00, 0.00),
(6276, 23, '7044', 300.00, 0.00),
(6277, 23, '7045', 0.00, 0.00),
(6278, 23, '7046', 0.00, 0.00),
(6279, 23, '7047', 0.00, 0.00),
(6280, 23, '7048', 600.00, 0.00),
(6281, 22, '1001', 20.00, 0.00),
(6282, 21, '7861024302425', 20.00, 0.00),
(6284, 21, '1012', 10.00, 0.00),
(9988, 33, '1001', 0.00, 0.00),
(9989, 33, '1002', 0.00, 0.00),
(9990, 33, '1003', 0.00, 0.00),
(9991, 33, '1004', 120.00, 0.00),
(9992, 33, '1005', -40.00, 0.00),
(9993, 33, '1006', 0.00, 0.00),
(9994, 33, '1007', 30.00, 0.00),
(9995, 33, '1008', 20.00, 0.00),
(9996, 33, '1009', 40.00, 0.00),
(9997, 33, '1010', 20.00, 0.00),
(9998, 33, '1011', 20.00, 0.00),
(9999, 33, '7861012409686', 163.00, 0.00),
(10000, 33, '7861012409693', 30.00, 0.00),
(10001, 33, '7861012409129', 257.00, 0.00),
(10002, 33, '7861012409624', 278.00, 0.00),
(10003, 33, '7861012409518', 198.00, 0.00),
(10004, 33, '7861012409105', 447.00, 0.00),
(10005, 33, '1018', 0.00, 0.00),
(10006, 33, '1019', 60.00, 0.00),
(10007, 33, '7755438000209', 31.00, 0.00),
(10008, 33, '7861010901311', 120.00, 0.00),
(10009, 33, '7861010901069', 120.00, 0.00),
(10010, 33, '7861010902752', 57.00, 0.00),
(10011, 33, '7861010902608', 440.00, 0.00),
(10012, 33, '1025', 25.00, 0.00),
(10013, 33, '7861010902639', 0.00, 0.00),
(10014, 33, '7861010902622', 25.00, 0.00),
(10015, 33, '1028', 0.00, 0.00),
(10016, 33, '7861010908860', 120.00, 0.00),
(10017, 33, '1030', 32.00, 0.00),
(10018, 33, '1031', 0.00, 0.00),
(10019, 33, '1032', 24.00, 0.00),
(10020, 33, '1033', 140.00, 0.00),
(10021, 33, '1034', 222.00, 0.00),
(10022, 33, '7861010902561', 50.00, 0.00),
(10023, 33, '7899871101892', 37.00, 0.00),
(10024, 33, '7861012409167', 31.00, 0.00),
(10025, 33, '7861010904640', 320.00, 0.00),
(10026, 33, '7861010902820', 320.00, 0.00),
(10027, 33, '7861010900819', 240.00, 0.00),
(10028, 33, '7861010902776', 147.00, 0.00),
(10029, 33, '7861012403004', 80.00, 0.00),
(10030, 33, '1043', 40.00, 0.00),
(10031, 33, '1044', 2.00, 0.00),
(10032, 33, '7861012409211', 82.00, 0.00),
(10033, 33, '7861012409198', 60.00, 0.00),
(10034, 33, '7861012409938', 57.00, 0.00),
(10035, 33, '7861000144827', 20.00, 0.00),
(10036, 33, '2005', 0.00, 0.00),
(10037, 33, '2006', 0.00, 0.00),
(10038, 33, '7861010909218', 79.00, 0.00),
(10039, 33, '7862100142720', 690.00, 0.00),
(10040, 33, '3001', 66.00, 0.00),
(10041, 33, '3002', 122.00, 0.00),
(10042, 33, '7861010907313', 40.00, 0.00),
(10043, 33, '3004', 80.00, 0.00),
(10044, 33, '3006', 57.00, 0.00),
(10045, 33, '3007', 105.00, 0.00),
(10046, 33, '3008', 48.00, 0.00),
(10047, 33, '3009', 33.00, 0.00),
(10048, 33, '3010', 62.00, 0.00),
(10049, 33, '3012', 20.00, 0.00),
(10050, 33, '3013', 20.00, 0.00),
(10051, 33, '3014', 40.00, 0.00),
(10052, 33, '3015', 20.00, 0.00),
(10053, 33, '3016', 20.00, 0.00),
(10054, 33, '7861010907337', 0.00, 0.00),
(10055, 33, '7861010905814', 0.00, 0.00),
(10056, 33, '7861010908808', 100.00, 0.00),
(10057, 33, '3020', 20.00, 0.00),
(10058, 33, '7861010908709', 0.00, 0.00),
(10059, 33, '7861010907351', 0.00, 0.00),
(10060, 33, '7861010910177', 10.00, 0.00),
(10061, 33, '7861010910214', 10.00, 0.00),
(10062, 33, '7861010910221', 10.00, 0.00),
(10063, 33, '3026', 40.00, 0.00),
(10064, 33, '3027', 80.00, 0.00),
(10065, 33, '3028', 40.00, 0.00),
(10066, 33, '3029', 20.00, 0.00),
(10067, 33, '3030', 20.00, 0.00),
(10068, 33, '3031', 50.00, 0.00),
(10069, 33, '3032', 50.00, 0.00),
(10070, 33, '3033', 0.00, 0.00),
(10071, 33, '3034', -1.00, 0.00),
(10072, 33, '3035', 10.00, 0.00),
(10073, 33, '3036', 90.00, 0.00),
(10074, 33, '3037', 80.00, 0.00),
(10075, 33, '3038', 40.00, 0.00),
(10076, 33, '7862122120386', 20.00, 0.00),
(10077, 33, '3040', 0.00, 0.00),
(10078, 33, '3041', 40.00, 0.00),
(10079, 33, '3042', 0.00, 0.00),
(10080, 33, '3043', 240.00, 0.00),
(10081, 33, '3044', 300.00, 0.00),
(10082, 33, '3045', 300.00, 0.00),
(10083, 33, '3046', -1.00, 0.00),
(10084, 33, '3047', 80.00, 0.00);
INSERT INTO `cantbodegas` (`id`, `idBodega`, `idProducto`, `cantidad`, `proceso`) VALUES
(10085, 33, '7862122120195', 40.00, 0.00),
(10086, 33, '7862122120188', 0.00, 0.00),
(10087, 33, '3050', 50.00, 0.00),
(10088, 33, '3051', 0.00, 0.00),
(10089, 33, '3052', 80.00, 0.00),
(10090, 33, '3053', 30.00, 0.00),
(10091, 33, '7861136500061', 568.00, 0.00),
(10092, 33, '7861136500214', 50.00, 0.00),
(10093, 33, '7861136500191', 320.00, 0.00),
(10094, 33, '7861136500047', 400.00, 0.00),
(10095, 33, '7861136500023', 560.00, 0.00),
(10096, 33, '7861136500016', 80.00, 0.00),
(10097, 33, '3060', 20.00, 0.00),
(10098, 33, '3061', 30.00, 0.00),
(10099, 33, '3062', 100.00, 0.00),
(10100, 33, '3063', 20.00, 0.00),
(10101, 33, '3064', 20.00, 0.00),
(10102, 33, '3065', 40.00, 0.00),
(10103, 33, '3066', 40.00, 0.00),
(10104, 33, '3067', 40.00, 0.00),
(10105, 33, '7861191232303', 780.00, 0.00),
(10106, 33, '6002', 1.00, 0.00),
(10107, 33, '7861146800878', 199.00, 0.00),
(10108, 33, '7862123491027', 208.00, 0.00),
(10109, 33, '6005', -2.00, 0.00),
(10110, 33, '7862123490969', 100.00, 0.00),
(10111, 33, '7868000399127', 308.00, 0.00),
(10112, 33, '6008', 157.00, 0.00),
(10113, 33, '6009', 160.00, 0.00),
(10114, 33, '6010', 160.00, 0.00),
(10115, 33, '7861191232310', 169.00, 0.00),
(10116, 33, '7868000399189', 0.00, 0.00),
(10117, 33, '6013', 0.00, 0.00),
(10118, 33, '7862123491034', 514.00, 0.00),
(10119, 33, '7862123492574', 260.00, 0.00),
(10120, 33, '7862123490341', 0.00, 0.00),
(10121, 33, '7862122732251', 132.00, 0.00),
(10122, 33, '6018', 60.00, 0.00),
(10123, 33, '7868000399134', 214.00, 0.00),
(10124, 33, '7862137350044', 40.00, 0.00),
(10125, 33, '6021', 60.00, 0.00),
(10126, 33, '6022', 0.00, 0.00),
(10127, 33, '6023', 60.00, 0.00),
(10128, 33, '6024', 60.00, 0.00),
(10129, 33, '7861191232327', 257.00, 0.00),
(10130, 33, '6026', 171.00, 0.00),
(10131, 33, '7862122732299', 0.00, 0.00),
(10132, 33, '7862123492581', 0.00, 0.00),
(10133, 33, '6029', 47.00, 0.00),
(10134, 33, '7862123490440', 200.00, 0.00),
(10135, 33, '7862122732305', 35.00, 0.00),
(10136, 33, '6032', 59.00, 0.00),
(10137, 33, '7862130860908', 248.00, 0.00),
(10138, 33, '7862130860953', 55.00, 0.00),
(10139, 33, '6035', 1680.00, 0.00),
(10140, 33, '6036', 100.00, 0.00),
(10141, 33, '7862123491003', 60.00, 0.00),
(10142, 33, '7862123490815', 125.00, 0.00),
(10143, 33, '7862123492192', 100.00, 0.00),
(10144, 33, '6040', 0.00, 0.00),
(10145, 33, '6041', 24.00, 0.00),
(10146, 33, '7862123490891', 93.00, 0.00),
(10147, 33, '7862123490891', 128.00, 0.00),
(10148, 33, '7862123492475', 83.00, 0.00),
(10149, 33, '6045', 0.00, 0.00),
(10150, 33, '7862123490921', 46.00, 0.00),
(10151, 33, '6047', 40.00, 0.00),
(10152, 33, '6048', 20.00, 0.00),
(10153, 33, '6049', 0.00, 0.00),
(10154, 33, '6050', 15.00, 0.00),
(10155, 33, '6051', 0.00, 0.00),
(10156, 33, '6052', 19.00, 0.00),
(10157, 33, '6053', 0.00, 0.00),
(10158, 33, '6054', 11.00, 0.00),
(10159, 33, '6055', 11.00, 0.00),
(10160, 33, '6056', 18.00, 0.00),
(10161, 33, '6057', 12.00, 0.00),
(10162, 33, '7862123751831', 1.00, 0.00),
(10163, 33, '6059', 6.00, 0.00),
(10164, 33, '6060', 4.00, 0.00),
(10165, 33, '6061', 0.00, 0.00),
(10166, 33, '6062', 17.00, 0.00),
(10167, 33, '6063', 4.00, 0.00),
(10168, 33, '7862100711827', 1.00, 0.00),
(10169, 33, '6065', 0.00, 0.00),
(10170, 33, '7862123751824', 356.00, 0.00),
(10171, 33, '7862123753408', 272.00, 0.00),
(10172, 33, '7862123753576', 286.00, 0.00),
(10173, 33, '7862123753552', 316.00, 0.00),
(10174, 33, '7862123751947', 269.00, 0.00),
(10175, 33, '7862123751923', 232.00, 0.00),
(10176, 33, '7861216500172', 50.00, 0.00),
(10177, 33, '7862123751886', 54.00, 0.00),
(10178, 33, '6074', 18.00, 0.00),
(10179, 33, '7862123492888', 89.00, 0.00),
(10180, 33, '7862123490051', 486.00, 0.00),
(10181, 33, '6077', 100.00, 0.00),
(10182, 33, '7862123490938', 447.00, 0.00),
(10183, 33, 'ROLLO BAGS', 0.00, 0.00),
(10184, 33, '7862123750476', 281.00, 0.00),
(10185, 33, '7861010901434', 130.00, 0.00),
(10186, 33, '6082', 99.00, 0.00),
(10187, 33, '6083', 9.00, 0.00),
(10188, 33, '6084', 0.00, 0.00),
(10189, 33, '6085', 0.00, 0.00),
(10190, 33, '6086', 160.00, 0.00),
(10191, 33, '7861191201217', 168.00, 0.00),
(10192, 33, '6088', 40.00, 0.00),
(10193, 33, '6089', 0.00, 0.00),
(10194, 33, '6090', 0.00, 0.00),
(10195, 33, '6091', 127.00, 0.00),
(10196, 33, '6092', 71.00, 0.00),
(10197, 33, '6093', 250.00, 0.00),
(10198, 33, '6094', 270.00, 0.00),
(10199, 33, '6095', 480.00, 0.00),
(10200, 33, '6096', 170.00, 0.00),
(10201, 33, '6097', 455.00, 0.00),
(10202, 33, '6098', 345.00, 0.00),
(10203, 33, '6099', 0.00, 0.00),
(10204, 33, '6100', 270.00, 0.00),
(10205, 33, '6101', 210.00, 0.00),
(10206, 33, '6102', 170.00, 0.00),
(10207, 33, '6103', 65.00, 0.00),
(10208, 33, '6104', 200.00, 0.00),
(10209, 33, '6105', 65.00, 0.00),
(10210, 33, '6106', 64.00, 0.00),
(10211, 33, '6107', 75.00, 0.00),
(10212, 33, '6108', 300.00, 0.00),
(10213, 33, '6109', 350.00, 0.00),
(10214, 33, '6110', 50.00, 0.00),
(10215, 33, '6111', 0.00, 0.00),
(10216, 33, '6112', 48.00, 0.00),
(10217, 33, '6113', 0.00, 0.00),
(10218, 33, '6114', 104.00, 0.00),
(10219, 33, '6115', 28.00, 0.00),
(10220, 33, '6116', 28.00, 0.00),
(10221, 33, '6117', 20.00, 0.00),
(10222, 33, '6118', 28.00, 0.00),
(10223, 33, '6119', 26.00, 0.00),
(10224, 33, '6120', 80.00, 0.00),
(10225, 33, '6121', 0.00, 0.00),
(10226, 33, '6122', 240.00, 0.00),
(10227, 33, '6123', 110.00, 0.00),
(10228, 33, '6124', 200.00, 0.00),
(10229, 33, '6125', 600.00, 0.00),
(10230, 33, '6126', 100.00, 0.00),
(10231, 33, '6127', 100.00, 0.00),
(10232, 33, '6128', 480.00, 0.00),
(10233, 33, '6129', 100.00, 0.00),
(10234, 33, '6130', 711.00, 0.00),
(10235, 33, '6131', 100.00, 0.00),
(10236, 33, '6132', 500.00, 0.00),
(10237, 33, '6133', 100.00, 0.00),
(10238, 33, '6134', 100.00, 0.00),
(10239, 33, '6135', 200.00, 0.00),
(10240, 33, '6136', 79.00, 0.00),
(10241, 33, '7861000272810', 100.00, 0.00),
(10242, 33, '6138', 100.00, 0.00),
(10243, 33, '7862124880653', 283.00, 0.00),
(10244, 33, '6140', 101.00, 0.00),
(10245, 33, '7862124880561', 120.00, 0.00),
(10246, 33, '7868000551518', 240.00, 0.00),
(10247, 33, '6143', 800.00, 0.00),
(10248, 33, '7862124881476', 440.00, 0.00),
(10249, 33, '101000121314079', 906.00, 0.00),
(10250, 33, '7861000266758', 352.00, 0.00),
(10251, 33, '7861000266772', 511.00, 0.00),
(10252, 33, '7861000266765', 233.00, 0.00),
(10253, 33, '10100121314029', 200.00, 0.00),
(10254, 33, '7862124880615', 200.00, 0.00),
(10255, 33, '7861003121061', 71.00, 0.00),
(10256, 33, '4002', 64.00, 0.00),
(10257, 33, '4003', 10.00, 0.00),
(10258, 33, '4004', 45.00, 0.00),
(10259, 33, '4005', 37.00, 0.00),
(10260, 33, '7861175500039', 32.00, 0.00),
(10261, 33, '7862130800416', 178.00, 0.00),
(10262, 33, '7862108350431', 120.00, 0.00),
(10263, 33, '7862108350462', 180.00, 0.00),
(10264, 33, '7862139230016', 12.00, 0.00),
(10265, 33, '7862108350134', 0.00, 0.00),
(10266, 33, '7862129361393', 70.00, 0.00),
(10267, 33, '4013', 24.00, 0.00),
(10268, 33, '7868000896039', 12.00, 0.00),
(10269, 33, '7868000896008', 186.00, 0.00),
(10270, 33, '4016', 84.00, 0.00),
(10271, 33, '7862111293596', 34.00, 0.00),
(10272, 33, '7868000896053', 46.00, 0.00),
(10273, 33, '7868000896060', 18.00, 0.00),
(10274, 33, '7868000896077', 8.00, 0.00),
(10275, 33, '4021', 14.00, 0.00),
(10276, 33, '4022', 66.00, 0.00),
(10277, 33, '4023', 103.00, 0.00),
(10278, 33, '4024', 198.00, 0.00),
(10279, 33, '4025', 118.00, 0.00),
(10280, 33, '4026', 680.00, 0.00),
(10281, 33, '4027', 150.00, 0.00),
(10282, 33, '4028', 72.00, 0.00),
(10283, 33, '4029', 80.00, 0.00),
(10284, 33, '4030', 183.00, 0.00),
(10285, 33, '4031', 0.00, 0.00),
(10286, 33, '4032', 0.00, 0.00),
(10287, 33, '4033', 0.00, 0.00),
(10288, 33, '7862130860113', 100.00, 0.00),
(10289, 33, '4260740985890', 50.00, 0.00),
(10290, 33, '4260740985821', 40.00, 0.00),
(10291, 33, '4260740985814', 80.00, 0.00),
(10292, 33, '7862122650357', 10.00, 0.00),
(10293, 33, '7862122650371', 0.00, 0.00),
(10294, 33, '4260740985883', 0.00, 0.00),
(10295, 33, '4041', 38.00, 0.00),
(10296, 33, '4042', 11.00, 0.00),
(10297, 33, '51200113441500', 100.00, 0.00),
(10298, 33, '4044', 100.00, 0.00),
(10299, 33, '5001', 32.00, 0.00),
(10300, 33, '5002', 30.00, 0.00),
(10301, 33, '6968300128012', 175.00, 0.00),
(10302, 33, '5004', 0.00, 0.00),
(10303, 33, '6200220713023', 40.00, 0.00),
(10304, 33, '5006', 120.00, 0.00),
(10305, 33, '6200220713016', 200.00, 0.00),
(10306, 33, '5008', 250.00, 0.00),
(10307, 33, '13200047', 74.00, 0.00),
(10308, 33, '13200046', 47.00, 0.00),
(10309, 33, '13200045', 75.00, 0.00),
(10310, 33, '5012', 9.00, 0.00),
(10311, 33, '5013', 20.00, 0.00),
(10312, 33, '7861010909140', 30.00, 0.00),
(10313, 33, '7861010907429', 60.00, 0.00),
(10314, 33, '7861010908686', 0.00, 0.00),
(10315, 33, '7861010901915', 20.00, 0.00),
(10316, 33, '5018', 56.00, 0.00),
(10317, 33, '5019', 56.00, 0.00),
(10318, 33, '6256456211079', 250.00, 0.00),
(10319, 33, '6256456211314', 500.00, 0.00),
(10320, 33, '6256456211031', 450.00, 0.00),
(10321, 33, '5023', 0.00, 0.00),
(10322, 33, '5024', 0.00, 0.00),
(10323, 33, '5025', 300.00, 0.00),
(10324, 33, '5026', 51.00, 0.00),
(10325, 33, '6256456251303', 436.00, 0.00),
(10326, 33, '5028', 172.00, 0.00),
(10327, 33, '5029', 177.00, 0.00),
(10328, 33, '5030', 0.00, 0.00),
(10329, 33, '5031', 50.00, 0.00),
(10330, 33, '5032', 100.00, 0.00),
(10331, 33, '7861073100249', 99.00, 0.00),
(10332, 33, '5034', 0.00, 0.00),
(10333, 33, '7861073104384', 80.00, 0.00),
(10334, 33, '7861073104391', 80.00, 0.00),
(10335, 33, '5037', 200.00, 0.00),
(10336, 33, '5038', 100.00, 0.00),
(10337, 33, '5039', 0.00, 0.00),
(10338, 33, '5040', 0.00, 0.00),
(10339, 33, '5041', 0.00, 0.00),
(10340, 33, '5042', 50.00, 0.00),
(10341, 33, '5043', 1208.00, 0.00),
(10342, 33, '7862122730097', 470.00, 0.00),
(10343, 33, '7862122730073', 520.00, 0.00),
(10344, 33, '5046', 980.00, 0.00),
(10345, 33, '5047', 495.00, 0.00),
(10346, 33, '5048', 330.00, 0.00),
(10347, 33, '7862122730103', 529.00, 0.00),
(10348, 33, '7862122730141', 495.00, 0.00),
(10349, 33, '5051', 1465.00, 0.00),
(10350, 33, '5052', 0.00, 0.00),
(10351, 33, '7862122730288', 395.00, 0.00),
(10352, 33, '7862122730219', 565.00, 0.00),
(10353, 33, '5055', 140.00, 0.00),
(10354, 33, '5056', 25.00, 0.00),
(10355, 33, '5057', 300.00, 0.00),
(10356, 33, '5058', 485.00, 0.00),
(10357, 33, '5059', 150.00, 0.00),
(10358, 33, '7862122730387', 220.00, 0.00),
(10359, 33, '7862122730301', 105.00, 0.00),
(10360, 33, '5062', 200.00, 0.00),
(10361, 33, '7862122730325', 120.00, 0.00),
(10362, 33, '5064', 0.00, 0.00),
(10363, 33, '5065', 14.00, 0.00),
(10364, 33, '7862122730462', 645.00, 0.00),
(10365, 33, '7862122730400', 130.00, 0.00),
(10366, 33, '7862122730417', -5.00, 0.00),
(10367, 33, '5069', 89.00, 0.00),
(10368, 33, '5070', 45.00, 0.00),
(10369, 33, '5071', 0.00, 0.00),
(10370, 33, '7862122730479', 65.00, 0.00),
(10371, 33, '5073', 390.00, 0.00),
(10372, 33, '7862122730493', 45.00, 0.00),
(10373, 33, '7862122730509', 75.00, 0.00),
(10374, 33, '7862122730547', 170.00, 0.00),
(10375, 33, '7862122730554', 146.00, 0.00),
(10376, 33, '7862122730585', 135.00, 0.00),
(10377, 33, '7862122730615', 15.00, 0.00),
(10378, 33, '5080', 65.00, 0.00),
(10379, 33, '7862122730653', -3.00, 0.00),
(10380, 33, '7862122730677', 65.00, 0.00),
(10381, 33, '7862122730707', 40.00, 0.00),
(10382, 33, '7862122730738', 14.00, 0.00),
(10383, 33, '5085', 2.00, 0.00),
(10384, 33, '5086', 8.00, 0.00),
(10385, 33, '5087', 54.00, 0.00),
(10386, 33, '5088', 0.00, 0.00),
(10387, 33, '5089', 5.00, 0.00),
(10388, 33, '5090', 40.00, 0.00),
(10389, 33, '5091', 50.00, 0.00),
(10390, 33, '5092', 5.00, 0.00),
(10391, 33, 'CHB10-16', 35.00, 0.00),
(10392, 33, '5094', 46.00, 0.00),
(10393, 33, '5095', 60.00, 0.00),
(10394, 33, '5096', 220.00, 0.00),
(10395, 33, '5097', 181.00, 0.00),
(10396, 33, '5098', 450.00, 0.00),
(10397, 33, '5099', 405.00, 0.00),
(10398, 33, '5100', 485.00, 0.00),
(10399, 33, '5101', 420.00, 0.00),
(10400, 33, '7862137350051', 35.00, 0.00),
(10401, 33, '5103', 288.00, 0.00),
(10402, 33, '5104', 20.00, 0.00),
(10403, 33, '5105', 0.00, 0.00),
(10404, 33, '5106', 0.00, 0.00),
(10405, 33, '7862137350181', 200.00, 0.00),
(10406, 33, '5108', 160.00, 0.00),
(10407, 33, '5109', 340.00, 0.00),
(10408, 33, '5110', 20.00, 0.00),
(10409, 33, '5111', 55.00, 0.00),
(10410, 33, '5112', 95.00, 0.00),
(10411, 33, '5113', 89.00, 0.00),
(10412, 33, '5114', 130.00, 0.00),
(10413, 33, '7861146801912', 330.00, 0.00),
(10414, 33, '7861146801936', 225.00, 0.00),
(10415, 33, '7861146801967', 140.00, 0.00),
(10416, 33, '7861146801974', 173.00, 0.00),
(10417, 33, '7861146801936', 90.00, 0.00),
(10418, 33, '7861146801998', 103.00, 0.00),
(10419, 33, '7861146802025', 30.00, 0.00),
(10420, 33, '7861146802032', 110.00, 0.00),
(10421, 33, '5123', 90.00, 0.00),
(10422, 33, '5124', 31.00, 0.00),
(10423, 33, '5125', 70.00, 0.00),
(10424, 33, '5126', 126.50, 0.00),
(10425, 33, '7861146802100', 70.00, 0.00),
(10426, 33, '5128', 69.00, 0.00),
(10427, 33, '5129', 10.00, 0.00),
(10428, 33, '5130', 99.00, 0.00),
(10429, 33, '5131', 28.00, 0.00),
(10430, 33, '5132', 55.00, 0.00),
(10431, 33, '5133', 60.00, 0.00),
(10432, 33, '5134', 80.00, 0.00),
(10433, 33, '5135', 33.00, 0.00),
(10434, 33, '5136', 645.00, 0.00),
(10435, 33, '5137', 240.00, 0.00),
(10436, 33, '5138', 120.00, 0.00),
(10437, 33, '5139', 360.00, 0.00),
(10438, 33, '5140', 439.00, 0.00),
(10439, 33, '5141', 290.00, 0.00),
(10440, 33, '5142', 285.00, 0.00),
(10441, 33, '5143', 160.00, 0.00),
(10442, 33, '5144', 120.00, 0.00),
(10443, 33, '5145', 185.00, 0.00),
(10444, 33, '5146', 0.00, 0.00),
(10445, 33, '5147', 7.00, 0.00),
(10446, 33, '5148', 7.00, 0.00),
(10447, 33, '5149', 0.00, 0.00),
(10448, 33, '5150', 0.00, 0.00),
(10449, 33, '5151', 50.00, 0.00),
(10450, 33, '5152', 48.00, 0.00),
(10451, 33, '5153', 36.00, 0.00),
(10452, 33, '5154', 36.00, 0.00),
(10453, 33, '5155', 25.00, 0.00),
(10454, 33, '5156', 72.00, 0.00),
(10455, 33, '5157', 8.00, 0.00),
(10456, 33, '5158', 8.00, 0.00),
(10457, 33, '5159', 18.00, 0.00),
(10458, 33, '5160', 48.00, 0.00),
(10459, 33, '7861024302449', 18.00, 0.00),
(10460, 33, '7861024302425', 20.00, 0.00),
(10461, 33, '7861024302418', 96.00, 0.00),
(10462, 33, '5164', 24.00, 0.00),
(10463, 33, '5165', 750.00, 0.00),
(10464, 33, '5166', 60.00, 0.00),
(10465, 33, '5167', 20.00, 0.00),
(10466, 33, '5168', 100.00, 0.00),
(10467, 33, '5169', 108.00, 0.00),
(10468, 33, '5170', 36.00, 0.00),
(10469, 33, '7861158700234', 360.00, 0.00),
(10470, 33, '7002', 240.00, 0.00),
(10471, 33, '7003', 238.00, 0.00),
(10472, 33, '7861158700227', 394.00, 0.00),
(10473, 33, '7861158700449', 90.00, 0.00),
(10474, 33, '7861158700647', 216.00, 0.00),
(10475, 33, '7861158700302', 1041.00, 0.00),
(10476, 33, '7861000133722', 851.00, 0.00),
(10477, 33, '7009', 120.00, 0.00),
(10478, 33, '700135', 140.00, 0.00),
(10479, 33, '7861158700135', 323.00, 0.00),
(10480, 33, '7012', 119.00, 0.00),
(10481, 33, '7861158700142', 118.00, 0.00),
(10482, 33, '7014', 99.00, 0.00),
(10483, 33, '7861158700241', 266.00, 0.00),
(10484, 33, '7016', 221.00, 0.00),
(10485, 33, '7017', 30.00, 0.00),
(10486, 33, '7018', 0.00, 0.00),
(10487, 33, '7019', 0.00, 0.00),
(10488, 33, '7020', 144.00, 0.00),
(10489, 33, '7021', 48.00, 0.00),
(10490, 33, '7022', 0.00, 0.00),
(10491, 33, '7023', 614.50, 0.00),
(10492, 33, '7861158700425', 127.00, 0.00),
(10493, 33, '7025', 865.00, 0.00),
(10494, 33, '7026', 96.00, 0.00),
(10495, 33, '7027', 61.00, 0.00),
(10496, 33, '7028', 20.00, 0.00),
(10497, 33, '7029', 40.00, 0.00),
(10498, 33, '7030', 20.00, 0.00),
(10499, 33, '7031', 19.00, 0.00),
(10500, 33, '7032', 100.00, 0.00),
(10501, 33, '7861158700210', 75.00, 0.00),
(10502, 33, '7034', 75.00, 0.00),
(10503, 33, '7035', 100.00, 0.00),
(10504, 33, '7036', 10.00, 0.00),
(10505, 33, '7037', 1.00, 0.00),
(10506, 33, '7038', 6.00, 0.00),
(10507, 33, '7039', 10.00, 0.00),
(10508, 33, '7040', 8.00, 0.00),
(10509, 33, '7041', 8.00, 0.00),
(10510, 33, '7042', 8.00, 0.00),
(10511, 33, '7862124880585', 286.00, 0.00),
(10512, 33, '7044', 350.00, 0.00),
(10513, 33, '7045', 0.00, 0.00),
(10514, 33, '7046', 900.00, 0.00),
(10515, 33, '7047', 900.00, 0.00),
(10516, 33, '7048', 0.00, 0.00),
(10517, 31, '7861012409129', 4.00, 0.00),
(10518, 31, '7861012409624', 4.00, 0.00),
(10519, 31, '7861012409518', 4.00, 0.00),
(10520, 31, '7861012409105', 10.00, 0.00),
(10521, 31, '1033', 0.00, 0.00),
(10522, 31, '7861012409211', 1.00, 0.00),
(10523, 31, '7861012409938', 8.00, 0.00),
(10524, 31, '7861191232303', 106.00, 0.00),
(10525, 31, '7861146800878', 0.00, 0.00),
(10526, 31, '7862123491027', 4.00, 0.00),
(10527, 31, '7868000399127', 3.00, 0.00),
(10528, 31, '6008', 10.00, 0.00),
(10529, 31, '6010', 4.00, 0.00),
(10530, 31, '7861191232310', 66.00, 0.00),
(10531, 31, '7862123491034', 7.00, 0.00),
(10532, 31, '7862122732251', 0.00, 0.00),
(10533, 31, '6021', 2.00, 0.00),
(10534, 31, '7862122732299', 4.00, 0.00),
(10535, 31, '7862122732305', 17.00, 0.00),
(10536, 31, '6032', 4.00, 0.00),
(10537, 31, '6035', 37.00, 0.00),
(10538, 31, '6036', 1.00, 0.00),
(10539, 31, '7862123491003', 24.00, 0.00),
(10540, 31, '7862123490815', 2.00, 0.00),
(10541, 31, '7862123490891', 3.00, 0.00),
(10542, 31, '7862123490891', 0.00, 0.00),
(10543, 31, '7862123492475', 4.00, 0.00),
(10544, 31, '6045', 0.00, 0.00),
(10545, 31, '7862123751824', 8.00, 0.00),
(10546, 31, '7862123753408', 8.00, 0.00),
(10547, 31, '7862123753576', 8.00, 0.00),
(10548, 31, '7862123753552', 7.00, 0.00),
(10549, 31, '7862123751947', 5.00, 0.00),
(10550, 31, '7862123751923', 4.00, 0.00),
(10551, 31, '7862123751886', 0.00, 0.00),
(10552, 31, '7862123490051', 16.00, 0.00),
(10553, 31, '7862123490938', 4.00, 0.00),
(10554, 31, '7862123750476', 8.00, 0.00),
(10555, 31, '7861010901434', 4.00, 0.00),
(10556, 31, '7861191201217', 4.00, 0.00),
(10557, 31, '6088', 4.00, 0.00),
(10558, 31, '6091', 2.00, 0.00),
(10559, 31, '6092', 2.00, 0.00),
(10560, 31, '6093', 1.00, 0.00),
(10561, 31, '6094', 13.00, 0.00),
(10562, 31, '6095', 10.00, 0.00),
(10563, 31, '6096', 13.00, 0.00),
(10564, 31, '6098', 10.00, 0.00),
(10565, 31, '6130', 4.00, 0.00),
(10566, 31, '7862124880653', 24.00, 0.00),
(10567, 31, '101000121314079', 7.00, 0.00),
(10568, 31, '7861000266758', 4.00, 0.00),
(10569, 31, '7861000266772', 0.00, 0.00),
(10570, 31, '7861000266765', 1.00, 0.00),
(10571, 31, '7862130800416', 0.00, 0.00),
(10572, 31, '7862139230016', 70.00, 0.00),
(10573, 31, '4013', 0.00, 0.00),
(10574, 31, '7868000896039', 4.00, 0.00),
(10575, 31, '4022', 4.00, 0.00),
(10576, 31, '4023', 4.00, 0.00),
(10577, 31, '4025', 1.00, 0.00),
(10578, 31, '4030', 5.00, 0.00),
(10579, 31, '5043', 20.00, 0.00),
(10580, 31, '7862122730097', 18.00, 0.00),
(10581, 31, '7862122730288', 10.00, 0.00),
(10582, 31, '7862122730219', 5.00, 0.00),
(10583, 31, '7862122730387', 0.00, 0.00),
(10584, 31, '7862122730301', 7.00, 0.00),
(10585, 31, '5062', 0.00, 0.00),
(10586, 31, '7862122730462', 5.00, 0.00),
(10587, 31, '7862122730400', 8.00, 0.00),
(10588, 31, '7862122730417', 6.00, 0.00),
(10589, 31, '5069', 6.00, 0.00),
(10590, 31, '7862122730479', 9.00, 0.00),
(10591, 31, '7862122730493', 2.00, 0.00),
(10592, 31, '7862122730547', 9.00, 0.00),
(10593, 31, '7862122730585', 4.00, 0.00),
(10594, 31, '7862122730615', 7.00, 0.00),
(10595, 31, '7862122730653', 7.00, 0.00),
(10596, 31, '5085', 0.00, 0.00),
(10597, 31, '5087', 0.00, 0.00),
(10598, 31, '5091', 5.00, 0.00),
(10599, 31, '5092', 3.00, 0.00),
(10600, 31, '5094', 3.00, 0.00),
(10601, 31, '5096', 3.00, 0.00),
(10602, 31, '5098', 0.00, 0.00),
(10603, 31, '5100', 0.00, 0.00),
(10604, 31, '5103', 12.00, 0.00),
(10605, 31, '7862137350181', 4.00, 0.00),
(10606, 31, '5113', 4.00, 0.00),
(10607, 31, '7861146801974', 6.00, 0.00),
(10608, 31, '7861158700227', 5.00, 0.00),
(10609, 31, '7861158700302', 22.00, 0.00),
(10610, 31, '7861000133722', 17.00, 0.00),
(10611, 31, '7861158700135', 21.00, 0.00),
(10612, 31, '7861158700142', 14.00, 0.00),
(10613, 31, '7014', 0.00, 0.00),
(10614, 31, '7861158700241', 0.00, 0.00),
(10615, 31, '7016', 0.00, 0.00),
(10616, 31, '7861158700425', 3.00, 0.00),
(10617, 31, '7027', 0.00, 0.00),
(10618, 31, '7861158700210', 1.00, 0.00),
(10619, 31, '7861010904039', 0.00, 0.00),
(10620, 28, '7048', 305.00, 0.00),
(10621, 28, '7046', 477.00, 0.00),
(10622, 28, '7047', 449.00, 0.00),
(10623, 28, '7044', 386.00, 0.00),
(10624, 28, '6121', 6.00, 0.00),
(10625, 28, '7861010901069', 45.00, 0.00),
(10626, 28, '7861136500214', 37.00, 0.00),
(10627, 28, '7862123753552', 28.00, 0.00),
(10628, 28, '7862123753408', 23.00, 0.00),
(10629, 28, '7862137350044', 5.00, 0.00),
(10630, 28, '7861191232310', 12.50, 0.00),
(10631, 28, '4023', 22.00, 0.00),
(10632, 28, '7868000399189', 34.00, 0.00),
(10633, 28, '7862123490440', 75.00, 0.00),
(10634, 28, '7862123492475', 38.00, 0.00),
(10635, 28, '7862123490891', 44.00, 0.00),
(10636, 28, '6048', 20.00, 0.00),
(10637, 28, '7862123490938', 471.00, 0.00),
(10638, 28, '7861010909218', 55.00, 0.00),
(10639, 28, '1008', 25.00, 0.00),
(10640, 28, '4260740985890', 11.00, 0.00),
(10641, 28, '4260740985821', 24.00, 0.00),
(10642, 28, '4260740985814', 9.00, 0.00),
(10643, 28, '7030', 18.00, 0.00),
(10644, 28, '7861158700425', 86.00, 0.00),
(10645, 28, '7861158700210', 15.50, 0.00),
(10646, 28, '7023', 105.50, 0.00),
(10647, 28, '7862130800416', 46.00, 0.00),
(10648, 28, '7021', 37.00, 0.00),
(10649, 28, '7862122730509', 92.00, 0.00),
(10650, 28, '7862122730493', 153.00, 0.00),
(10651, 28, '7862122730097', 296.00, 0.00),
(10652, 13, '1032', 0.00, 0.00),
(10653, 13, '1033', 0.00, 0.00),
(10654, 13, '1034', 0.00, 0.00),
(10655, 13, '1035', 12.00, 0.00),
(10656, 13, '1036', 23.00, 0.00),
(10657, 13, '1037', 35.00, 0.00),
(10658, 13, '1038', 108.00, 0.00),
(10659, 13, '1039', 0.00, 0.00),
(10660, 13, '1040', 87.00, 0.00),
(10661, 13, '1041', 62.00, 0.00),
(10662, 13, '1042', 24.00, 0.00),
(10663, 13, '1043', 0.00, 0.00),
(10664, 13, '1044', 0.00, 0.00),
(10665, 13, '6146', 37.00, 0.00),
(10666, 13, '6147', 65.00, 0.00),
(10667, 13, '6148', 0.00, 0.00),
(10668, 13, '6149', 18.00, 0.00),
(10669, 13, '6150', 19.00, 0.00),
(10670, 13, '4043', 26.00, 0.00),
(10671, 13, '4044', 100.00, 0.00),
(10672, 13, '5014', 21.00, 0.00),
(10673, 13, '5015', 1.00, 0.00),
(10674, 13, '645667174192', 4.00, 0.00),
(10675, 13, '7862100143048', 50.00, 0.00),
(10676, 13, '7861024302449', 6.00, 0.00),
(10677, 13, '7861024302425', 5.00, 0.00),
(10678, 13, '7861024302418', 39.00, 0.00),
(10679, 13, '5167', 8.00, 0.00),
(10680, 13, '5168', 97.00, 0.00),
(10681, 13, '7035', 3.00, 0.00),
(10682, 13, '7036', 1.00, 0.00),
(10683, 13, '7037', 0.00, 0.00),
(10684, 13, '7038', 0.00, 0.00),
(10685, 13, '7039', 2.00, 0.00),
(10686, 13, '7040', 0.00, 0.00),
(10687, 13, '7041', 0.00, 0.00),
(10688, 13, '7042', 25.00, 0.00),
(10689, 13, '7043', 98.00, 0.00),
(10690, 13, '7044', 20.00, 0.00),
(10691, 13, '7045', 13.00, 0.00),
(10692, 13, '7046', 337.00, 0.00),
(10693, 13, '7048', 0.00, 0.00),
(10694, 13, '8001', 208.00, 0.00),
(10695, 13, '8002', 19.00, 0.00),
(10696, 13, '8003', 5.00, 0.00),
(10697, 13, '8004', 33.00, 0.00),
(10698, 13, '8005', 73.00, 0.00),
(10699, 13, '8006', 96.00, 0.00),
(10700, 13, '8007', 56.00, 0.00),
(10701, 13, '8008', 5.00, 0.00),
(10702, 13, '8009', 3.00, 0.00),
(10703, 13, '8010', 72.00, 0.00),
(10704, 13, '8011', 96.00, 0.00),
(10705, 13, '8012', 63.00, 0.00),
(10706, 13, '8013', 40.00, 0.00),
(10707, 13, '8014', 1.00, 0.00),
(10708, 13, '8015', 60.00, 0.00),
(10709, 13, '8016', 106.00, 0.00),
(10710, 13, '8017', 17.00, 0.00),
(10711, 13, '8018', 47.00, 0.00),
(10712, 13, '8019', 50.00, 0.00),
(10713, 13, '8020', 300.00, 0.00),
(10714, 13, '8021', 58.00, 0.00),
(10715, 13, '8022', 59.00, 0.00),
(10716, 13, '8023', 46.00, 0.00),
(10717, 13, '8024', 11.00, 0.00),
(10718, 13, '8025', 20.00, 0.00),
(10719, 13, '8026', 28.00, 0.00),
(10720, 13, '8027', 0.00, 0.00),
(10721, 13, '8029', 75.00, 0.00),
(10722, 13, '8030', 49.00, 0.00),
(10723, 13, '8031', 31.00, 0.00),
(10724, 13, '8032', 33.00, 0.00),
(10725, 13, '8033', 8.00, 0.00),
(10726, 13, '8034', 9.00, 0.00),
(10727, 13, '8035', 22.00, 0.00),
(10728, 13, '8036', 20.00, 0.00),
(10729, 13, '8037', 20.00, 0.00),
(10730, 13, '8038', 21.00, 0.00),
(10731, 13, '8039', 19.00, 0.00),
(10732, 13, '8040', 20.00, 0.00),
(10733, 13, '8041', 10.00, 0.00),
(10734, 13, '8042', 2.00, 0.00),
(10735, 13, '8043', 15.00, 0.00),
(10736, 13, '8044', 38.00, 0.00),
(10737, 13, '8045', 2.00, 0.00),
(10738, 13, '8046', 29.00, 0.00),
(10739, 13, '8047', 10.00, 0.00),
(10740, 13, '8048', 65.00, 0.00),
(10741, 13, '8049', 146.00, 0.00),
(10742, 13, '8050', 7.00, 0.00),
(10743, 13, '8051', 13.00, 0.00),
(10744, 13, '8052', 12.00, 0.00),
(10745, 13, '8053', 12.00, 0.00),
(10746, 13, '8054', 137.00, 0.00),
(10747, 13, '8055', 56.00, 0.00),
(10748, 13, '8056', 140.00, 0.00),
(10749, 13, '8057', 17.00, 0.00),
(10750, 13, '8058', 17.00, 0.00),
(10751, 13, '8059', 1.00, 0.00),
(10752, 13, '8060', 10.00, 0.00),
(10753, 13, '8061', 8.00, 0.00),
(10754, 13, '8062', 22.00, 0.00),
(10755, 13, '8063', 6.00, 0.00),
(10756, 13, '8064', 3.00, 0.00),
(10757, 13, '8065', 4.00, 0.00),
(10758, 13, '8066', 29.00, 0.00),
(10759, 13, '8067', 8.00, 0.00),
(10760, 13, '8068', 4.00, 0.00),
(10761, 13, '8069', 3.00, 0.00),
(10762, 13, '8070', 24.00, 0.00),
(10763, 13, '8071', 6.00, 0.00),
(10764, 13, '8072', 8.00, 0.00),
(10765, 13, '8073', 23.00, 0.00),
(10766, 13, '8074', 70.00, 0.00),
(10767, 13, '8075', 30.00, 0.00),
(10768, 13, '8076', 20.00, 0.00),
(10769, 13, '8077', 10.00, 0.00),
(10770, 13, '8078', 20.00, 0.00),
(10771, 13, '8079', 25.00, 0.00),
(10772, 13, '8080', 17.00, 0.00),
(10773, 13, '8081', 6.00, 0.00),
(10774, 13, '8082', 9.00, 0.00),
(10775, 13, '8083', 10.00, 0.00),
(10776, 13, '8084', 48.00, 0.00),
(10777, 13, '8085', 46.00, 0.00),
(10778, 13, '8086', 25.00, 0.00),
(10779, 13, '8087', 18.00, 0.00),
(10780, 13, '8088', 103.00, 0.00),
(10781, 13, '8089', 71.00, 0.00),
(10782, 13, '8090', 69.00, 0.00),
(10783, 13, '8091', 5.00, 0.00),
(10784, 13, '8092', 11.00, 0.00),
(10785, 13, '8093', 12.00, 0.00),
(10786, 13, '8094', 95.00, 0.00),
(10787, 13, '8095', 100.00, 0.00),
(10788, 13, '8096', 99.00, 0.00),
(10789, 13, '8097', 87.00, 0.00),
(10790, 13, '8098', 16.00, 0.00),
(10791, 13, '8099', 137.00, 0.00),
(10792, 13, '8100', 45.00, 0.00),
(10793, 13, '8101', 5.00, 0.00),
(10794, 13, '8102', 14.00, 0.00),
(10795, 13, '8103', 10.00, 0.00),
(10796, 13, '8104', 10.00, 0.00),
(10797, 13, '8105', 13.00, 0.00),
(10798, 13, '8106', 9.00, 0.00),
(10799, 13, '8107', 10.00, 0.00),
(10800, 13, '8108', 33.00, 0.00),
(10801, 13, '8109', 128.00, 0.00),
(10802, 13, '8111', 15.00, 0.00),
(10803, 13, '8112', 88.00, 0.00),
(10804, 13, '8113', 129.00, 0.00),
(10805, 13, '8114', 315.00, 0.00),
(10806, 13, '8115', 12.00, 0.00),
(10807, 13, '8116', 179.00, 0.00),
(10808, 13, '8117', 102.00, 0.00),
(10809, 13, '8118', 99.00, 0.00),
(10810, 13, '8119', 42.00, 0.00),
(10811, 13, '8120', 73.00, 0.00),
(10812, 13, '8121', 89.00, 0.00),
(10813, 13, '8122', 1.00, 0.00),
(10814, 13, '8123', 128.00, 0.00),
(10815, 13, '8124', 89.00, 0.00),
(10816, 13, '8125', 104.00, 0.00),
(10817, 13, '8126', 100.00, 0.00),
(10818, 13, '8127', 7.00, 0.00),
(10819, 13, '8128', 24.00, 0.00),
(10820, 13, '8129', 42.00, 0.00),
(10821, 13, '8130', 6.00, 0.00),
(10822, 13, '8131', 21.00, 0.00),
(10823, 13, '8132', 10.00, 0.00),
(10824, 13, '8133', 11.00, 0.00),
(10825, 13, '8134', 76.00, 0.00),
(10826, 13, '8135', 18.00, 0.00),
(10827, 13, '8136', 29.00, 0.00),
(10828, 13, '8137', 28.00, 0.00),
(10829, 13, '8138', 28.00, 0.00),
(10830, 13, '8139', 17.00, 0.00),
(10831, 13, '8140', 11.00, 0.00),
(10832, 13, '8141', 12.00, 0.00),
(10833, 13, '8143', 42.00, 0.00),
(10834, 13, '8144', 10.00, 0.00),
(10835, 13, '8145', 4.00, 0.00),
(10836, 13, '8146', 1150.00, 0.00),
(10837, 13, '8147', 50.00, 0.00),
(10838, 13, '7862100142515', 1.00, 0.00),
(10839, 13, '7862100141259', 1.00, 0.00),
(10840, 13, '7861024302432', 7.00, 0.00),
(10841, 13, '7861024303644', 23.00, 0.00),
(10842, 13, '8148', 3.00, 0.00),
(10843, 13, '8149', 2.00, 0.00),
(10844, 13, '8150', 12.00, 0.00),
(10845, 13, '8151', 3.00, 0.00),
(10846, 13, '8152', 3.00, 0.00),
(10847, 13, '8153', 153.00, 0.00),
(10848, 13, '8154', 106.00, 0.00),
(10849, 13, '8155', 120.00, 0.00),
(10850, 13, '8156', 116.00, 0.00),
(10851, 13, '8157', 2.00, 0.00),
(10852, 13, '8158', 1.00, 0.00),
(10853, 13, '8159', 1.00, 0.00),
(10854, 13, '8160', 20.00, 0.00),
(10855, 13, '8161', 10.00, 0.00),
(10856, 13, '8162', 10.00, 0.00),
(10857, 13, '8163', 2.00, 0.00),
(10858, 13, '8164', 5.00, 0.00),
(10859, 13, '8165', 7.00, 0.00),
(10860, 13, '8166', 4.00, 0.00),
(10861, 13, '8167', 3.00, 0.00),
(10862, 13, '8168', 4.00, 0.00),
(10863, 13, '8169', 5.00, 0.00),
(10864, 13, '8170', 7.00, 0.00),
(10865, 13, '8171', 9.00, 0.00),
(10866, 13, '8172', 14.00, 0.00),
(10867, 13, '8173', 5.00, 0.00),
(10868, 13, '8174', 16.00, 0.00),
(10869, 13, '8175', 15.00, 0.00),
(10870, 13, '8176', 12.00, 0.00),
(10871, 13, '8177', 4.00, 0.00),
(10872, 13, '8178', 21.00, 0.00),
(10873, 13, '8179', 62.00, 0.00),
(10874, 13, '8180', 34.00, 0.00),
(10875, 13, '8181', 113.00, 0.00),
(10876, 13, '7861010902899', 20.00, 0.00),
(10877, 13, '8182', 11.00, 0.00),
(10878, 13, '8183', 40.00, 0.00),
(10879, 13, '8184', 52.00, 0.00),
(10880, 13, '8185', 16.00, 0.00),
(10881, 13, '8186', 19.00, 0.00),
(10882, 13, '8187', 2.00, 0.00),
(10883, 13, '8188', 3.00, 0.00),
(10884, 13, '8189', 1.00, 0.00),
(10885, 13, '8190', 4.00, 0.00),
(10886, 13, '8191', 6.00, 0.00),
(10887, 13, '8192', 22.00, 0.00),
(10888, 13, '8193', 6.00, 0.00),
(10889, 13, '8194', 9.00, 0.00),
(10890, 13, '8195', 40.00, 0.00),
(10891, 13, '8196', 41.00, 0.00),
(10892, 13, '8197', 22.00, 0.00),
(10893, 13, '8198', 10.00, 0.00),
(10894, 13, '8199', 8.00, 0.00),
(10895, 13, '8200', 40.00, 0.00),
(10896, 13, '8201', 11.00, 0.00),
(10897, 13, '8202', 19.00, 0.00),
(10898, 13, '8203', 10.00, 0.00),
(10899, 13, '8204', 39.00, 0.00),
(10900, 13, '8205', 19.00, 0.00),
(10901, 13, '8206', 45.00, 0.00),
(10902, 13, '8207', 20.00, 0.00),
(10903, 13, '8208', 504.00, 0.00),
(10904, 13, '8209', 3.00, 0.00),
(10905, 13, '8210', 4.00, 0.00),
(10906, 13, '8211', 32.00, 0.00),
(10907, 13, '7861010903148', 4.00, 0.00),
(10908, 13, '8212', 100.00, 0.00),
(10909, 13, '8213', 156.00, 0.00),
(10910, 13, '8214', 5.00, 0.00),
(10911, 13, '8215', 12.00, 0.00),
(10912, 13, '8216', 15.00, 0.00),
(10913, 13, '8217', 3.00, 0.00),
(10914, 13, '8218', 2.00, 0.00),
(10915, 13, '8219', 5.00, 0.00),
(10916, 13, '8220', 6.00, 0.00),
(10917, 13, '8221', 4.00, 0.00),
(10918, 13, '8222', 4.00, 0.00),
(10919, 13, '8223', 14.00, 0.00),
(10920, 13, '8224', 19.00, 0.00),
(10921, 13, '8225', 55.00, 0.00),
(10922, 13, '8226', 15.00, 0.00),
(10923, 13, '8227', 31.00, 0.00),
(10924, 13, '8228', 62.00, 0.00),
(10925, 13, '8229', 19.00, 0.00),
(10926, 13, '8230', 36.00, 0.00),
(10927, 13, '7861010904039', 3.00, 0.00),
(10928, 13, '8231', 31.00, 0.00),
(10929, 13, '8232', 37.00, 0.00),
(10930, 13, '7702251047935', 11.00, 0.00),
(10931, 13, '8233', 18.00, 0.00),
(10932, 13, '8234', 21.00, 0.00),
(10933, 13, '8235', 116.00, 0.00),
(10934, 13, '8236', 0.00, 0.00),
(10935, 13, '8237', 160.00, 0.00),
(10936, 13, '8238', 40.00, 0.00),
(10937, 13, '8239', 46.00, 0.00),
(10938, 13, '8240', 190.00, 0.00),
(10939, 13, '8241', 1.00, 0.00),
(10940, 13, '8242', 55.00, 0.00),
(10941, 13, '8243', 30.00, 0.00),
(10942, 13, '8244', 2.00, 0.00),
(10943, 13, '7861010902233', 20.00, 0.00),
(10944, 13, '8245', 32.00, 0.00),
(10945, 13, '7861191911062', 15.00, 0.00),
(10946, 13, '7899871101632', 48.00, 0.00),
(10947, 13, '8246', 116.00, 0.00),
(10948, 13, '8247', 36.00, 0.00),
(10949, 13, '7806500409601', 19.00, 0.00),
(10950, 13, '7702026625351', 24.00, 0.00),
(10951, 13, '7806500406365', 5.00, 0.00),
(10952, 13, '8248', 10.00, 0.00),
(10953, 13, '7861027549759', 12.00, 0.00),
(10954, 13, '8249', 5.00, 0.00),
(10955, 13, '7861000133722', 73.00, 0.00),
(10956, 13, '7702458315677', 10.00, 0.00),
(10957, 13, '7702458315653', 89.00, 0.00),
(10958, 13, '7702458315646', 119.00, 0.00),
(10959, 13, '7702458315639', 113.00, 0.00),
(10960, 13, '7861051500948', 3.00, 0.00),
(10961, 13, '6074951', 6.00, 0.00),
(10962, 13, '7861051526702', 3.00, 0.00),
(10963, 13, '7862125471140', 3.00, 0.00),
(10964, 13, '7862125471133', 3.00, 0.00),
(10965, 13, '7862100120520', 2.00, 0.00),
(10966, 13, '7861051504816', 4.00, 0.00),
(10967, 13, '884266', 10.00, 0.00),
(10968, 13, '884267', 12.00, 0.00),
(10969, 13, '8250', 5.00, 0.00),
(10970, 13, '8251', 13.00, 0.00),
(10971, 13, '601735', 5.00, 0.00),
(10972, 13, '8252', 3.00, 0.00),
(10973, 13, '8253', 42.00, 0.00),
(10974, 13, '8254', 2.00, 0.00),
(10975, 13, '8255', 10.00, 0.00),
(10976, 13, '7861196908340', 10.00, 0.00),
(10977, 13, '8256', 75.00, 0.00),
(10978, 13, '7862122650418', 12.00, 0.00),
(10979, 13, '7415603401803', 200.00, 0.00),
(10980, 13, '8257', 15.00, 0.00),
(10981, 13, '8258', 10.00, 0.00),
(10982, 13, '8259', 200.00, 0.00),
(10983, 13, '8260', 210.00, 0.00),
(10984, 13, '7861222015165', 3.00, 0.00),
(10985, 13, '7750062007181', 3.00, 0.00),
(10986, 13, '7861191903456', 11.00, 0.00),
(10987, 13, '7750062619346', 13.00, 0.00),
(10988, 13, '7861024832359', 7.00, 0.00),
(10989, 13, '7750062417645', 1.00, 0.00),
(10990, 13, '7750062007020', 5.00, 0.00),
(10991, 13, '7750062007037', 2.00, 0.00),
(10992, 13, '7862118390137', 18.00, 0.00),
(10993, 13, '9000', 1.00, 0.00),
(10994, 13, '7702073129062', 3.00, 0.00),
(10995, 13, '7702073129048', 2.00, 0.00),
(10996, 13, '7861026952048', 1.00, 0.00),
(10997, 13, '7861026952055', 1.00, 0.00),
(10998, 13, '999990004670', 8.00, 0.00),
(10999, 13, '999990004668', 6.00, 0.00),
(11000, 13, '7750062328743', 2.00, 0.00),
(11001, 13, '7755206016937', 2.00, 0.00),
(11002, 13, '999990004861', 4.00, 0.00),
(11003, 13, '6900002321384', 3.00, 0.00),
(11004, 13, '6901234567151', 1.00, 0.00),
(11005, 13, '7861212376436', 7.00, 0.00),
(11006, 13, '6901234567878', 2.00, 0.00),
(11007, 13, '7862107412147', 1.00, 0.00),
(11008, 13, '9001', 1.00, 0.00),
(11009, 13, '7709004191280', 2.00, 0.00),
(11010, 13, '7861191939615', 1.00, 0.00),
(11011, 13, '7861191902428', 5.00, 0.00),
(11012, 13, '7861191902435', 5.00, 0.00),
(11013, 13, '7750062765586', 5.00, 0.00),
(11014, 13, '6925951508112', 2.00, 0.00),
(11015, 13, '9002', 5.00, 0.00),
(11016, 13, '9003', 3.00, 0.00),
(11017, 13, '7750062005354', 1.00, 0.00),
(11018, 13, '6952152030098', 2.00, 0.00),
(11019, 13, '6908723181287', 4.00, 0.00),
(11020, 13, '6970084793027', 1.00, 0.00),
(11021, 13, '7705152034158', 2.00, 0.00),
(11022, 13, '9004', 5.00, 0.00),
(11023, 13, '7750062007204', 3.00, 0.00),
(11024, 13, '9005', 2.00, 0.00),
(11025, 13, '6957892456313', 4.00, 0.00),
(11026, 13, '4894616092865', 1.00, 0.00),
(11027, 13, '999990003913', 2.00, 0.00),
(11028, 13, '9006', 2.00, 0.00),
(11029, 13, '999990001876', 1.00, 0.00),
(11030, 13, '9007', 3.00, 0.00),
(11031, 13, '7750062173213', 3.00, 0.00),
(11032, 13, '999990001850', 1.00, 0.00),
(11033, 13, '999990003617', 1.00, 0.00),
(11034, 13, '7861026911274', 6.00, 0.00),
(11035, 13, '7861026911342', 6.00, 0.00),
(11036, 13, '7861026911304', 1.00, 0.00),
(11037, 13, '7861026998961', 3.00, 0.00),
(11038, 13, '7861026911267', 2.00, 0.00),
(11039, 13, '9008', 5.00, 0.00),
(11040, 13, '6945345345345', 3.00, 0.00),
(11041, 13, '6989545629416', 4.00, 0.00),
(11042, 13, '7861191907881', 2.00, 0.00),
(11043, 13, '2341101235105', 4.00, 0.00),
(11044, 13, '999990001237', 3.00, 0.00),
(11045, 13, '7861024839266', 10.00, 0.00),
(11046, 13, '2018062300288', 18.00, 0.00),
(11047, 13, '6982282109074', 5.00, 0.00),
(11048, 13, '6901705072030', 3.00, 0.00),
(11049, 13, '9009', 4.00, 0.00),
(11050, 13, '9010', 21.00, 0.00),
(11051, 13, 'A005', 1.00, 0.00),
(11052, 13, '999990004892', 3.00, 0.00),
(11053, 13, '999990003750', 1.00, 0.00),
(11054, 13, '6912345879088', 3.00, 0.00),
(11055, 13, '9011', 1.00, 0.00),
(11056, 13, '6909122062078', 3.00, 0.00),
(11057, 13, '6909122062061', 4.00, 0.00),
(11058, 13, '9012', 1.00, 0.00),
(11059, 13, '999990001177', 20.00, 0.00),
(11060, 13, '9013', 3.00, 0.00),
(11061, 13, '9014', 14.00, 0.00),
(11062, 13, '9015', 7.00, 0.00),
(11063, 13, '9016', 8.00, 0.00),
(11064, 13, '9017', 199.00, 0.00),
(11065, 13, '7861024846974', 15.00, 0.00),
(11066, 13, '7861024846936', 17.00, 0.00),
(11067, 13, '7861024814164', 8.00, 0.00),
(11068, 13, '999990000144', 10.00, 0.00),
(11069, 13, '999990004779', 1.00, 0.00),
(11070, 13, '999990000143', 15.00, 0.00),
(11071, 13, '9018', 1.00, 0.00),
(11072, 13, '9019', 7.00, 0.00),
(11073, 13, '9020', 2.00, 0.00),
(11074, 13, '9021', 2.00, 0.00),
(11075, 13, '9022', 9.00, 0.00),
(11076, 13, '9023', 8.00, 0.00),
(11077, 13, '9024', 7.00, 0.00),
(11078, 13, '9025', 1.00, 0.00),
(11079, 13, '6955549381285', 7.00, 0.00),
(11080, 13, '6912316456409', 3.00, 0.00),
(11081, 13, '7891112072626', 1.00, 0.00),
(11082, 13, '7891112053175', 2.00, 0.00),
(11083, 13, '6913718073102', 4.00, 0.00),
(11084, 13, '6913718073089', 20.00, 0.00),
(11085, 13, '7891112072619', 1.00, 0.00),
(11086, 13, '7861006002114', 4.00, 0.00),
(11087, 13, '7861006000134', 68.00, 0.00),
(11088, 13, '999990000894', 5.00, 0.00),
(11089, 13, '999990000895', 1.00, 0.00),
(11090, 13, '7750062950296', 9.00, 0.00),
(11091, 13, '7750062002001', 8.00, 0.00),
(11092, 13, '7861192366212', 6.00, 0.00),
(11093, 13, '6935780122021', 4.00, 0.00),
(11094, 13, '7750062227367', 3.00, 0.00),
(11095, 13, '7750062026441', 2.00, 0.00),
(11096, 13, '7750062026502', 11.00, 0.00),
(11097, 13, '7750062227374', 1.00, 0.00),
(11098, 13, '7750062026465', 4.00, 0.00),
(11099, 13, '7750062002568', 1.00, 0.00),
(11100, 13, '9026', 8.00, 0.00),
(11101, 13, '7861212324949', 18.00, 0.00),
(11102, 13, '7861212316678', 22.00, 0.00),
(11103, 13, '9027', 3.00, 0.00),
(11104, 13, '9028', 8.00, 0.00),
(11105, 13, '9029', 4.00, 0.00),
(11106, 13, '6916823193239', 4.00, 0.00),
(11107, 13, '6916823193246', 1.00, 0.00),
(11108, 13, '6916823193253', 3.00, 0.00),
(11109, 13, '999990003808', 2.00, 0.00),
(11110, 13, '999990003810', 1.00, 0.00),
(11111, 13, '999990003809', 3.00, 0.00),
(11112, 13, '999990004431', 2.00, 0.00),
(11113, 13, '999990004430', 1.00, 0.00),
(11114, 13, '7750062594469', 9.00, 0.00),
(11115, 13, '7750062572566', 7.00, 0.00),
(11116, 13, '7750062594452', 2.00, 0.00),
(11117, 13, '7750062572573', 3.00, 0.00),
(11118, 13, '7861024832571', 13.00, 0.00),
(11119, 13, '6900023193502', 4.00, 0.00),
(11120, 13, '6900023193519', 4.00, 0.00),
(11121, 13, '888880000965', 9.00, 0.00),
(11122, 13, '999990001741', 1.00, 0.00),
(11123, 13, '9030', 8.00, 0.00),
(11124, 13, '7702437068761', 6.00, 0.00),
(11125, 13, '7702437068792', 5.00, 0.00),
(11126, 13, '7702437068839', 7.00, 0.00),
(11127, 13, '7702437068648', 1.00, 0.00),
(11128, 13, '7861212326301', 10.00, 0.00),
(11129, 13, '7861212325519', 14.00, 0.00),
(11130, 13, '7861212325489', 16.00, 0.00),
(11131, 13, '7750062007655', 12.00, 0.00),
(11132, 13, '7750062007648', 16.00, 0.00),
(11133, 13, '7750062007662', 12.00, 0.00),
(11134, 13, '7750062007679', 10.00, 0.00),
(11135, 13, '7750062012581', 1.00, 0.00),
(11136, 13, '7750062007631', 12.00, 0.00),
(11137, 13, '7750062007594', 12.00, 0.00),
(11138, 13, '7750062007600', 1.00, 0.00),
(11139, 13, '7861203465408', 1.00, 0.00),
(11140, 13, '7702437249924', 6.00, 0.00),
(11141, 13, '9031', 4.00, 0.00),
(11142, 13, '7482023004112', 2.00, 0.00),
(11143, 13, '7750062000427', 5.00, 0.00),
(11144, 13, '7750062765609', 9.00, 0.00),
(11145, 13, '6949186402250', 4.00, 0.00),
(11146, 13, '9032', 3.00, 0.00),
(11147, 13, '7750062023082', 6.00, 0.00),
(11148, 13, '7861026966502', 3.00, 0.00),
(11149, 13, '7750062199862', 11.00, 0.00),
(11150, 13, '7750062594506', 8.00, 0.00),
(11151, 13, '7861192440462', 8.00, 0.00),
(11152, 13, '7861192440325', 11.00, 0.00),
(11153, 13, '7861192440080', 8.00, 0.00),
(11154, 13, '7861192439947', 1.00, 0.00),
(11155, 13, '7750062011911', 10.00, 0.00),
(11156, 13, '7861203491889', 20.00, 0.00),
(11157, 13, '999990003854', 26.00, 0.00),
(11158, 13, '999990003569', 8.00, 0.00),
(11159, 13, '7861192426749', 370.00, 0.00),
(11160, 13, '7868000455205', 11.00, 0.00),
(11161, 13, '7862120851015', 20.00, 0.00),
(11162, 13, '6920004920804', 3.00, 0.00),
(11163, 13, '6945432134210', 2.00, 0.00),
(11164, 13, '6920007940809', 5.00, 0.00),
(11165, 13, 'MTXC95H', 3.00, 0.00),
(11166, 13, '7750062328774', 36.00, 0.00),
(11167, 13, '9033', 11.00, 0.00),
(11168, 13, '999990001123', 8.00, 0.00),
(11169, 13, '999990001864', 3.00, 0.00),
(11170, 13, '999990001135', 2.00, 0.00),
(11171, 13, '999990001136', 1.00, 0.00),
(11172, 13, '6935311358127', 4.00, 0.00),
(11173, 13, '999990001849', 1.00, 0.00),
(11174, 13, '6978902663286', 6.00, 0.00),
(11175, 13, '6978902663293', 2.00, 0.00),
(11176, 13, '6978902663309', 4.00, 0.00),
(11177, 13, '6935780140193', 17.00, 0.00),
(11178, 13, '6935780140179', 23.00, 0.00),
(11179, 13, '6960047225122', 2.00, 0.00),
(11180, 13, '7750308011293', 6.00, 0.00),
(11181, 13, '7750308009153', 6.00, 0.00),
(11182, 13, '999990000864', 5.00, 0.00),
(11183, 13, '6920228230642', 24.00, 0.00),
(11184, 13, '999990004406', 16.00, 0.00),
(11185, 13, '8651040505', 2.00, 0.00),
(11186, 13, '9034', 2.00, 0.00),
(11187, 13, '7861080622499', 15.00, 0.00),
(11188, 13, '5796201770457', 3.00, 0.00),
(11189, 13, '7861026920740', 2.00, 0.00),
(11190, 13, '6982023191771', 1.00, 0.00),
(11191, 13, '6957660759011', 1.00, 0.00),
(11192, 13, '6922315221830', 3.00, 0.00),
(11193, 13, '6992050562826', 3.00, 0.00),
(11194, 13, '7750062199916', 5.00, 0.00),
(11195, 13, '6902023193421', 2.00, 0.00),
(11196, 13, '6941004012368', 5.00, 0.00),
(11197, 13, '6908723181171', 4.00, 0.00),
(11198, 13, '999990003778', 4.00, 0.00),
(11199, 13, '9035', 5.00, 0.00),
(11200, 13, '6900023354019', 5.00, 0.00),
(11201, 13, '6920189990036', 4.00, 0.00),
(11202, 13, '6960047053220', 1.00, 0.00),
(11203, 13, '6954125874340', 1.00, 0.00),
(11204, 13, '6960047053190', 1.00, 0.00),
(11205, 13, '6973010390185', 4.00, 0.00),
(11206, 13, '999990001132', 6.00, 0.00),
(11207, 13, '6584599225197', 5.00, 0.00),
(11208, 13, '6918261202122', 6.00, 0.00),
(11209, 13, '7861026934259', 1.00, 0.00),
(11210, 13, '6964445485027', 2.00, 0.00),
(11211, 13, '6945656500051', 8.00, 0.00),
(11212, 13, '7891116150016', 2.00, 0.00),
(11213, 13, '6928202025253', 2.00, 0.00),
(11214, 13, '6990003022656', 7.00, 0.00),
(11215, 13, '6916372346179', 8.00, 0.00),
(11216, 13, '6916372346216', 7.00, 0.00),
(11217, 13, '6955923182361', 2.00, 0.00),
(11218, 13, '6916372346193', 13.00, 0.00),
(11219, 13, '6923081101235', 8.00, 0.00),
(11220, 13, '6923450606520', 2.00, 0.00),
(11221, 13, '6923450626177', 2.00, 0.00),
(11222, 13, '9039', 6.00, 0.00),
(11223, 13, '6905592234311', 4.00, 0.00),
(11224, 13, '999990003947', 4.00, 0.00),
(11225, 13, '9036', 8.00, 0.00),
(11226, 13, '9037', 7.00, 0.00),
(11227, 13, '9038', 4.00, 0.00),
(11228, 13, '6903042309398', 2.00, 0.00),
(11229, 13, '6922110352012', 3.00, 0.00),
(11230, 13, '6907075050173', 18.00, 0.00),
(11231, 13, '6920181643244', 5.00, 0.00),
(11232, 13, '5796201880644', 3.00, 0.00),
(11233, 13, '999990000080', 3.00, 0.00),
(11234, 13, '999990001207', 3.00, 0.00),
(11235, 13, '999990003740', 1.00, 0.00),
(11236, 13, '6907075050197', 2.00, 0.00),
(11237, 13, '6920220395301', 5.00, 0.00),
(11238, 13, '6985682573216', 15.00, 0.00),
(11239, 13, '7750062022863', 4.00, 0.00),
(11240, 13, '2018031700354', 8.00, 0.00),
(11241, 13, '6985264727020', 7.00, 0.00),
(11242, 13, '6999923181085', 11.00, 0.00),
(11243, 13, '6920921440027', 4.00, 0.00),
(11244, 13, '6956115622320', 12.00, 0.00),
(11245, 13, '2019031200530', 1.00, 0.00),
(11246, 13, '999990003566', 1.00, 0.00),
(11247, 13, '999990000074', 3.00, 0.00),
(11248, 13, '6920220395233', 3.00, 0.00),
(11249, 13, '7703036010397', 8.00, 0.00),
(11250, 13, '7750062199251', 8.00, 0.00),
(11251, 13, '6920220039571', 3.00, 0.00),
(11252, 13, '6944641412102', 4.00, 0.00),
(11253, 13, '6923880957414', 2.00, 0.00),
(11254, 13, '7894561107505', 1.00, 0.00),
(11255, 13, '8418558387108', 3.00, 0.00),
(11256, 13, '6960047020284', 2.00, 0.00),
(11257, 13, '6960047020314', 1.00, 0.00),
(11258, 13, '6945132120278', 1.00, 0.00),
(11259, 13, '6960047020291', 1.00, 0.00),
(11260, 13, '6920161280155', 6.00, 0.00),
(11261, 13, '6923606691172', 5.00, 0.00),
(11262, 13, '6936867216640', 3.00, 0.00),
(11263, 13, '6920220395141', 0.00, 0.00),
(11264, 13, '6920220395264', 0.00, 0.00),
(11265, 13, '6988032124847', 5.00, 0.00),
(11266, 13, '6916030024432', 4.00, 0.00),
(11267, 13, '6972119861046', 4.00, 0.00),
(11268, 13, '6830784226860', 2.00, 0.00),
(11269, 13, '6924321526152', 5.00, 0.00),
(11270, 13, '6920228164015', 8.00, 0.00),
(11271, 13, '7750062007884', 2.00, 0.00),
(11272, 13, '7861026986036', 2.00, 0.00),
(11273, 13, '7861026986012', 2.00, 0.00),
(11274, 13, '7861026986005', 2.00, 0.00),
(11275, 13, '6998423192997', 13.00, 0.00),
(11276, 13, '6916823193130', 1.00, 0.00),
(11277, 13, '6924634788537', 1.00, 0.00),
(11278, 13, '6958475288178', 1.00, 0.00),
(11279, 13, '1236', 3.00, 0.00),
(11280, 13, '6987658764321', 2.00, 0.00),
(11281, 13, '6906473277434', 1.00, 0.00),
(11282, 13, '5823839252203', 5.00, 0.00),
(11283, 13, '2018060400461', 2.00, 0.00),
(11284, 13, '7861026986029', 1.00, 0.00),
(11285, 13, '8697950733021', 2.00, 0.00),
(11286, 13, '7861169006288', 2.00, 0.00),
(11287, 13, '7861026993669', 4.00, 0.00),
(11288, 13, '6998423192713', 2.00, 0.00),
(11289, 13, '9040', 5.00, 0.00),
(11290, 13, '6901529824346', 4.00, 0.00),
(11291, 13, '6988801933144', 1.00, 0.00),
(11292, 13, '6920921440096', 4.00, 0.00),
(11293, 13, '999990003603', 3.00, 0.00),
(11294, 13, '7750062006191', 3.00, 0.00),
(11295, 13, '7861191904606', 5.00, 0.00),
(11296, 13, '7750062950364', 3.00, 0.00),
(11297, 13, '7750062000281', 1.00, 0.00),
(11298, 13, '7750062199978', 2.00, 0.00),
(11299, 13, '6998423192799', 2.00, 0.00),
(11300, 13, '6998423192768', 5.00, 0.00),
(11301, 13, '6998423192751', 5.00, 0.00),
(11302, 13, '6998423192744', 3.00, 0.00),
(11303, 13, '7750062013236', 3.00, 0.00),
(11304, 13, '7750062696668', 6.00, 0.00),
(11305, 13, '7750062010525', 8.00, 0.00),
(11306, 13, '7752316000016', 7.00, 0.00),
(11307, 13, '7861212366017', 5.00, 0.00),
(11308, 13, '7861212366000', 5.00, 0.00),
(11309, 13, '7861184947542', 12.00, 0.00),
(11310, 13, '999990004402', 4.00, 0.00),
(11311, 13, '6959546570475', 2.00, 0.00),
(11312, 13, '2018060400164', 2.00, 0.00),
(11313, 13, '6975254123550', 10.00, 0.00),
(11314, 13, '7750062173206', 7.00, 0.00),
(11315, 13, '6920228221923', 4.00, 0.00),
(11316, 13, '7861169006110', 2.00, 0.00),
(11317, 13, '999990001816', 1.00, 0.00),
(11318, 13, '6902023222831', 2.00, 0.00),
(11319, 13, '7891112052499', 1.00, 0.00),
(11320, 13, '999990001129', 1.00, 0.00),
(11321, 13, '7861204396237', 1.00, 0.00),
(11322, 13, '202405061899', 3.00, 0.00),
(11323, 13, '9043', 2.00, 0.00),
(11324, 13, '7861198872045', 1.00, 0.00),
(11325, 13, '7861169007476', 3.00, 0.00),
(11326, 13, '6920921440164', 5.00, 0.00),
(11327, 13, '9044', 45.00, 0.00),
(11328, 13, '6955549381223', 7.00, 0.00),
(11329, 13, '34264445499', 8.00, 0.00),
(11330, 13, '6998110091701', 6.00, 0.00),
(11331, 13, '7750308009160', 8.00, 0.00),
(11332, 13, '7750062199879', 8.00, 0.00),
(11333, 13, '7750062010839', 36.00, 0.00),
(11334, 13, '7750062010846', 21.00, 0.00),
(11335, 13, '7861024936347', 1.00, 0.00),
(11336, 13, '6945656500013', 4.00, 0.00),
(11337, 13, '999990004405', 2.00, 0.00),
(11338, 13, '7702628000167', 3.00, 0.00),
(11339, 13, '2114345678591', 3.00, 0.00),
(11340, 13, '7750308007890', 4.00, 0.00),
(11341, 13, '7750308007876', 3.00, 0.00),
(11342, 13, '7750062253519', 6.00, 0.00),
(11343, 13, '648054127849', 3.00, 0.00),
(11344, 13, '7862115683447', 2.00, 0.00),
(11345, 13, '7861192365161', 8.00, 0.00),
(11346, 13, '7861024856195', 3.00, 0.00),
(11347, 13, '6201709220032', 8.00, 0.00),
(11348, 13, '7861212373459', 3.00, 0.00),
(11349, 13, '7750062006481', 1.00, 0.00),
(11350, 13, '7705152126105', 4.00, 0.00),
(11351, 13, '9045', 17.00, 0.00),
(11352, 13, '7861024821452', 6.00, 0.00),
(11353, 13, '9046', 8.00, 0.00),
(11354, 13, '7862134422539', 8.00, 0.00),
(11355, 13, '9047', 3.00, 0.00),
(11356, 13, '9048', 3.00, 0.00),
(11357, 13, '7862116039038', 1.00, 0.00),
(11358, 13, '999990004849', 4.00, 0.00),
(11359, 13, '7861203450251', 1.00, 0.00),
(11360, 13, '7861203478484', 5.00, 0.00),
(11361, 13, '7861212325083', 3.00, 0.00),
(11362, 13, '7861212357749', 4.00, 0.00),
(11363, 13, '7861024945967', 2.00, 0.00),
(11364, 13, '7861024945974', 2.00, 0.00),
(11365, 13, '7750062005507', 3.00, 0.00),
(11366, 13, '7861191904927', 11.00, 0.00),
(11367, 13, '6935780140216', 4.00, 0.00),
(11368, 13, '6935780140230', 2.00, 0.00),
(11369, 13, '6944641430878', 1.00, 0.00),
(11370, 13, '6935780140902', 2.00, 0.00),
(11371, 13, '648054123513', 3.00, 0.00),
(11372, 13, '6938071240459', 5.00, 0.00),
(11373, 13, '7828062023088', 4.00, 0.00),
(11374, 13, '6935780140889', 4.00, 0.00),
(11375, 13, '6944641430885', 1.00, 0.00),
(11376, 13, '6944641430861', 1.00, 0.00),
(11377, 13, '5796201770464', 3.00, 0.00),
(11378, 13, '6926986819280', 2.00, 0.00),
(11379, 13, '6935780140728', 5.00, 0.00),
(11380, 13, '6935780140285', 1.00, 0.00),
(11381, 13, '6935780141176', 2.00, 0.00),
(11382, 13, '6935780140353', 1.00, 0.00),
(11383, 13, '9049', 3.00, 0.00),
(11384, 13, '6921022240356', 1.00, 0.00),
(11385, 13, '6916823193208', 7.00, 0.00),
(11386, 13, '7750062187067', 5.00, 0.00),
(11387, 13, '7861024816908', 3.00, 0.00),
(11388, 13, '7861212376146', 3.00, 0.00),
(11389, 13, '7861212376153', 3.00, 0.00),
(11390, 13, '7750062019337', 9.00, 0.00),
(11391, 13, '7750062019320', 9.00, 0.00),
(11392, 13, '7750062005743', 10.00, 0.00),
(11393, 13, '7862116037676', 10.00, 0.00),
(11394, 13, '7750062005262', 1.00, 0.00),
(11395, 13, '7861203471577', 2.00, 0.00),
(11396, 13, '7861203471584', 2.00, 0.00),
(11397, 13, '7861024833585', 3.00, 0.00),
(11398, 13, '7750062007419', 2.00, 0.00),
(11399, 13, '7861024835268', 2.00, 0.00),
(11400, 13, '7861203471607', 2.00, 0.00),
(11401, 13, '999990004629', 5.00, 0.00),
(11402, 13, '7862116036426', 4.00, 0.00),
(11403, 13, '7861203452514', 8.00, 0.00),
(11404, 13, '7750062001608', 1.00, 0.00),
(11405, 13, '999990004916', 3.00, 0.00),
(11406, 13, '9050', 1.00, 0.00),
(11407, 13, '9051', 0.00, 0.00),
(11408, 13, '999990002100', 5.00, 0.00),
(11409, 13, '7702437997405', 2.00, 0.00),
(11410, 13, '7861192366281', 6.00, 0.00),
(11411, 13, '8698532593668', 0.00, 0.00),
(11412, 13, '7750062001103', 6.00, 0.00),
(11413, 13, '7750062001097', 2.00, 0.00),
(11414, 13, '7750062021675', 2.00, 0.00),
(11415, 13, '7750062006283', 1.00, 0.00),
(11416, 13, '7861203486465', 2.00, 0.00),
(11417, 13, '7750062006276', 2.00, 0.00),
(11418, 13, '7750062008294', 3.00, 0.00),
(11419, 13, '7750062010273', 2.00, 0.00),
(11420, 13, '2018060600502', 5.00, 0.00),
(11421, 13, '7750062006764', 2.00, 0.00),
(11422, 13, '7750062006771', 6.00, 0.00),
(11423, 13, '7750062006788', 2.00, 0.00),
(11424, 13, '6988502030135', 1.00, 0.00),
(11425, 13, '6988502030128', 1.00, 0.00),
(11426, 13, '6931742106399', 3.00, 0.00),
(11427, 13, '999990001675', 6.00, 0.00),
(11428, 13, '7750062002131', 6.00, 0.00),
(11429, 13, '7861212365973', 2.00, 0.00),
(11430, 13, '7861212365980', 1.00, 0.00),
(11431, 13, '9053', 3.00, 0.00),
(11432, 13, '7750062765258', 6.00, 0.00),
(11433, 13, '7750062999608', 5.00, 0.00),
(11434, 13, '7750062999615', 1.00, 0.00),
(11435, 13, '7750062000076', 3.00, 0.00),
(11436, 13, '999990001716', 1.00, 0.00),
(11437, 13, '7861009100275', 4.00, 0.00),
(11438, 13, '7750062025819', 5.00, 0.00),
(11439, 13, '7862116036396', 5.00, 0.00),
(11440, 13, '7862116036365', 6.00, 0.00),
(11441, 13, '7862116036389', 0.00, 0.00),
(11442, 13, '7862122662923', 4.00, 0.00),
(11443, 13, '7750062899021', 3.00, 0.00),
(11444, 13, '7862122662886', 5.00, 0.00),
(11445, 13, '7861212352256', 3.00, 0.00),
(11446, 13, '7861024833790', 2.00, 0.00),
(11447, 13, '7750062001073', 5.00, 0.00),
(11448, 13, '7750062001066', 2.00, 0.00),
(11449, 13, '7750062001059', 2.00, 0.00),
(11450, 13, '9054', 3.00, 0.00),
(11451, 13, '9055', 16.00, 0.00),
(11452, 13, '9056', 13.00, 0.00),
(11453, 13, '7861024892698', 7.00, 0.00),
(11454, 13, '9057', 5.00, 0.00),
(11455, 13, '2018062300196', 6.00, 0.00),
(11456, 13, '999990000115', 1.00, 0.00),
(11457, 13, '999990000116', 2.00, 0.00),
(11458, 13, '999990000117', 2.00, 0.00),
(11459, 13, '999990004811', 2.00, 0.00),
(11460, 13, '999990004810', 2.00, 0.00),
(11461, 13, '999990004805', 2.00, 0.00),
(11462, 13, '999990004804', 1.00, 0.00),
(11463, 13, '999990000113', 1.00, 0.00),
(11464, 13, '999990000112', 2.00, 0.00);
INSERT INTO `cantbodegas` (`id`, `idBodega`, `idProducto`, `cantidad`, `proceso`) VALUES
(11465, 13, '9058', 8.00, 0.00),
(11466, 13, '9059', 3.00, 0.00),
(11467, 13, '9060', 6.00, 0.00),
(11468, 13, '6937248100374', 6.00, 0.00),
(11469, 13, '6937248102033', 8.00, 0.00),
(11470, 13, '6937248101296', 6.00, 0.00),
(11471, 13, '999990001855', 8.00, 0.00),
(11472, 13, '9061', 3.00, 0.00),
(11473, 13, '6982022395422', 3.00, 0.00),
(11474, 13, '6963161036551', 1.00, 0.00),
(11475, 13, '071287451014', 7.00, 0.00),
(11476, 13, '7861026966380', 5.00, 0.00),
(11477, 13, '9062', 16.00, 0.00),
(11478, 13, '6985741320126', 1.00, 0.00),
(11479, 13, '999990003760', 5.00, 0.00),
(11480, 13, '7861026952017', 1.00, 0.00),
(11481, 13, '7861026952031', 1.00, 0.00),
(11482, 13, '6936981236562', 1.00, 0.00),
(11483, 13, '9063', 2.00, 0.00),
(11484, 13, '6938755374623', 1.00, 0.00),
(11485, 13, '999990000668', 1.00, 0.00),
(11486, 13, '6930528899517', 1.00, 0.00),
(11487, 13, '6916341410023', 1.00, 0.00),
(11488, 13, '9064', 11.00, 0.00),
(11489, 13, '9065', 2.00, 0.00),
(11490, 13, 'OS7122', 2.00, 0.00),
(11491, 13, '6924517891200', 2.00, 0.00),
(11492, 13, '6920212116099', 3.00, 0.00),
(11493, 13, '9066', 2.00, 0.00),
(11494, 13, '9067', 2.00, 0.00),
(11495, 13, '9068', 1.00, 0.00),
(11496, 13, '034264487949', 10.00, 0.00),
(11497, 13, '034264427327', 6.00, 0.00),
(11498, 13, '034264441163', 3.00, 0.00),
(11499, 13, '034264441194', 3.00, 0.00),
(11500, 13, '034264445499', 1.00, 0.00),
(11501, 13, '9695255250013', 5.00, 0.00),
(11502, 13, '7750062010624', 2.00, 0.00),
(11503, 13, '7750062010327', 2.00, 0.00),
(11504, 13, '6935326683184', 3.00, 0.00),
(11505, 13, '7750062019634', 1.00, 0.00),
(11506, 13, '9069', 1.00, 0.00),
(11507, 13, '7750062013953', 3.00, 0.00),
(11508, 13, '7750062019610', 3.00, 0.00),
(11509, 13, '999990004777', 1.00, 0.00),
(11510, 13, '7709004191297', 2.00, 0.00),
(11511, 13, '9070', 2.00, 0.00),
(11512, 13, '9071', 4.00, 0.00),
(11513, 13, '7702147236160', 6.00, 0.00),
(11514, 13, '7750062006955', 13.00, 0.00),
(11515, 13, '6128863587538', 3.00, 0.00),
(11516, 13, '6465465445706', 1.00, 0.00),
(11517, 13, '9072', 2.00, 0.00),
(11518, 13, '9073', 2.00, 0.00),
(11519, 13, '9074', 1.00, 0.00),
(11520, 13, '9075', 8.00, 0.00),
(11521, 13, '9076', 1.00, 0.00),
(11522, 13, '6985162216251', 3.00, 0.00),
(11523, 13, '6985475632144', 1.00, 0.00),
(11524, 13, '78610046800817', 1.00, 0.00),
(11525, 13, '2018071900028', 1.00, 0.00),
(11526, 13, '999990003769', 2.00, 0.00),
(11527, 13, '999990004299', 1.00, 0.00),
(11528, 13, '7861192355742', 1.00, 0.00),
(11529, 13, '9077', 2.00, 0.00),
(11530, 13, '7861212352263', 1.00, 0.00),
(11531, 13, '7861212340352', 1.00, 0.00),
(11532, 13, '7861192349741', 1.00, 0.00),
(11533, 13, '7750062005293', 1.00, 0.00),
(11534, 13, '7702437952015', 1.00, 0.00),
(11535, 13, '9078', 7.00, 0.00),
(11536, 13, '9079', 30.00, 0.00),
(11537, 13, '9080', 5.00, 0.00),
(11538, 13, '9999990000128', 4.00, 0.00),
(11539, 13, '9081', 6.00, 0.00),
(11540, 13, '999990004855', 2.00, 0.00),
(11541, 13, '2018060401529', 3.00, 0.00),
(11542, 13, '9082', 1.00, 0.00),
(11543, 13, '999990000263', 1.00, 0.00),
(11544, 13, '6936236936162', 1.00, 0.00),
(11545, 13, '7861212376160', 1.00, 0.00),
(11546, 13, '7861212327582', 1.00, 0.00),
(11547, 13, '7861212343636', 1.00, 0.00),
(11548, 13, '7705152107982', 2.00, 0.00),
(11549, 13, '7705152037913', 3.00, 0.00),
(11550, 13, '7861026966557', 2.00, 0.00),
(11551, 13, '7750062008225', 7.00, 0.00),
(11552, 13, '2019030600140', 7.00, 0.00),
(11553, 13, '999990000037', 2.00, 0.00),
(11554, 13, '7861211059682', 3.00, 0.00),
(11555, 13, '7861211059699', 5.00, 0.00),
(11556, 13, '6935780110097', 15.00, 0.00),
(11557, 13, '6935780118734', 3.00, 0.00),
(11558, 13, '6935780118772', 1.00, 0.00),
(11559, 13, '6935780110738', 1.00, 0.00),
(11560, 13, '6987527802260', 3.00, 0.00),
(11561, 13, '6901200083173', 3.00, 0.00),
(11562, 13, '6900000043288', 1.00, 0.00),
(11563, 13, '7450004114303', 3.00, 0.00),
(11564, 13, '4958921411282', 1.00, 0.00),
(11565, 13, '6900000972700', 2.00, 0.00),
(11566, 13, '6968662020016', 1.00, 0.00),
(11567, 13, '6900002132577', 2.00, 0.00),
(11568, 13, '6972526480403', 1.00, 0.00),
(11569, 13, '6968662020054', 5.00, 0.00),
(11570, 13, '6904142309387', 1.00, 0.00),
(11571, 13, '6932842088042', 1.00, 0.00),
(11572, 13, '6932842088028', 1.00, 0.00),
(11573, 13, '6908723181195', 4.00, 0.00),
(11574, 13, '999990003780', 1.00, 0.00),
(11575, 13, '6957136000241', 3.00, 0.00),
(11576, 13, '7861203486458', 0.00, 0.00),
(11577, 13, '7861203486434', 3.00, 0.00),
(11578, 13, '7862115685700', 15.00, 0.00),
(11579, 13, '7750062020593', 4.00, 0.00),
(11580, 13, '7750062020586', 4.00, 0.00),
(11581, 13, '7750062020609', 1.00, 0.00),
(11582, 13, '9083', 2.00, 0.00),
(11583, 13, '999990001784', 3.00, 0.00),
(11584, 13, '7861191938687', 11.00, 0.00),
(11585, 13, '6900023193458', 16.00, 0.00),
(11586, 13, '6900023193465', 11.00, 0.00),
(11587, 13, '6900023193472', 13.00, 0.00),
(11588, 13, '6900023193489', 18.00, 0.00),
(11589, 13, '7862115684932', 12.00, 0.00),
(11590, 13, '7750308277040', 3.00, 0.00),
(11591, 13, '999990003858', 5.00, 0.00),
(11592, 13, '999990003567', 2.00, 0.00),
(11593, 13, '9084', 1.00, 0.00),
(11594, 13, '999990001835', 1.00, 0.00),
(11595, 13, '6959546570536', 4.00, 0.00),
(11596, 13, '2019031100502', 5.00, 0.00),
(11597, 13, '999990001843', 5.00, 0.00),
(11598, 13, '9085', 1.00, 0.00),
(11599, 13, '9086', 2.00, 0.00),
(11600, 13, '999990001845', 4.00, 0.00),
(11601, 13, '6955923182514', 4.00, 0.00),
(11602, 13, '999990001844', 10.00, 0.00),
(11603, 13, '7816747079949', 2.00, 0.00),
(11604, 13, '999990000228', 2.00, 0.00),
(11605, 13, '999990000226', 1.00, 0.00),
(11606, 13, '999990000227', 2.00, 0.00),
(11607, 13, '999990000229', 2.00, 0.00),
(11608, 13, '6998167625027', 2.00, 0.00),
(11609, 13, '6998167625010', 1.00, 0.00),
(11610, 13, '9087', 7.00, 0.00),
(11611, 13, '7861026910925', 3.00, 0.00),
(11612, 13, '7865589012249', 6.00, 0.00),
(11613, 13, '7861026910932', 1.00, 0.00),
(11614, 13, '9088', 9.00, 0.00),
(11615, 13, '7865589012232', 2.00, 0.00),
(11616, 13, '999990001540', 3.00, 0.00),
(11617, 13, '2019053000477', 2.00, 0.00),
(11618, 13, '999990001829', 3.00, 0.00),
(11619, 13, '7750308003915', 3.00, 0.00),
(11620, 13, '999990001873', 4.00, 0.00),
(11621, 13, '999990001875', 3.00, 0.00),
(11622, 13, '6989102021073', 1.00, 0.00),
(11623, 13, '6922276332767', 5.00, 0.00),
(11624, 13, '7861026910147', 15.00, 0.00),
(11625, 13, '7861026910123', 16.00, 0.00),
(11626, 13, '6945656500020', 1.00, 0.00),
(11627, 13, '7861026910130', 20.00, 0.00),
(11628, 13, '6945656500082', 20.00, 0.00),
(11629, 13, '7750062021644', 8.00, 0.00),
(11630, 13, '9089', 3.00, 0.00),
(11631, 13, '9090', 2.00, 0.00),
(11632, 13, '9091', 1.00, 0.00),
(11633, 13, '999990001758', 2.00, 0.00),
(11634, 13, '999990001757', 2.00, 0.00),
(11635, 13, '999990001527', 2.00, 0.00),
(11636, 13, '9092', 1.00, 0.00),
(11637, 13, '9093', 2.00, 0.00),
(11638, 13, '999990002369', 4.00, 0.00),
(11639, 13, '9094', 2.00, 0.00),
(11640, 13, '999990003969', 3.00, 0.00),
(11641, 13, '999990003970', 3.00, 0.00),
(11642, 13, '6958954662130', 2.00, 0.00),
(11643, 13, '6902020120048', 3.00, 0.00),
(11644, 13, '6900602700183', 4.00, 0.00),
(11645, 13, '9095', 1.00, 0.00),
(11646, 13, '6965885200164', 2.00, 0.00),
(11647, 13, '6958842210184', 2.00, 0.00),
(11648, 13, '6965885200041', 3.00, 0.00),
(11649, 13, '6965885200027', 4.00, 0.00),
(11650, 13, '6958954662079', 4.00, 0.00),
(11651, 13, '6958954662178', 1.00, 0.00),
(11652, 13, '6965885200058', 2.00, 0.00),
(11653, 13, '6916030207101', 1.00, 0.00),
(11654, 13, '6958954662062', 2.00, 0.00),
(11655, 13, '6958954662161', 1.00, 0.00),
(11656, 13, '6958954662109', 5.00, 0.00),
(11657, 13, '6985297600024', 2.00, 0.00),
(11658, 13, '6958954662093', 2.00, 0.00),
(11659, 13, '7861204396275', 1.00, 0.00),
(11660, 13, '7861204396244', 1.00, 0.00),
(11661, 13, '6982018027757', 3.00, 0.00),
(11662, 13, '6958842210016', 3.00, 0.00),
(11663, 13, '6901002441065', 2.00, 0.00),
(11664, 13, '6920228221930', 5.00, 0.00),
(11665, 13, '6958842210207', 2.00, 0.00),
(11666, 13, '999990005144', 2.00, 0.00),
(11667, 13, '999990005143', 3.00, 0.00),
(11668, 13, '9096', 16.00, 0.00),
(11669, 13, '9097', 2.00, 0.00),
(11670, 13, '999990003717', 4.00, 0.00),
(11671, 13, '6915414245234', 2.00, 0.00),
(11672, 13, '999990000097', 6.00, 0.00),
(11673, 13, '2019030600508', 1.00, 0.00),
(11674, 13, '999990004186', 19.00, 0.00),
(11675, 13, '5881632210556', 2.00, 0.00),
(11676, 13, '6958907780171', 1.00, 0.00),
(11677, 13, '6912345678902', 5.00, 0.00),
(11678, 13, '6912008315168', 7.00, 0.00),
(11679, 13, '9098', 1.00, 0.00),
(11680, 13, '6916322000038', 21.00, 0.00),
(11681, 13, '7861042543671', 6.00, 0.00),
(11682, 13, '9099', 7.00, 0.00),
(11683, 13, '7891112052529', 1.00, 0.00),
(11684, 13, '90100', 1.00, 0.00),
(11685, 13, '90101', 22.00, 0.00),
(11686, 13, '90102', 2.00, 0.00),
(11687, 13, '6935780195049', 2.00, 0.00),
(11688, 13, '6935780181127', 3.00, 0.00),
(11689, 13, '6935780115474', 3.00, 0.00),
(11690, 13, '6935780153230', 1.00, 0.00),
(11691, 13, '6935780110141', 6.00, 0.00),
(11692, 13, '90103', 4.00, 0.00),
(11693, 13, '6935780181349', 4.00, 0.00),
(11694, 13, '6920212106861', 1.00, 0.00),
(11695, 13, '90104', 1.00, 0.00),
(11696, 13, '90105', 1.00, 0.00),
(11697, 13, '6995077248063', 9.00, 0.00),
(11698, 13, '6995077248056', 11.00, 0.00),
(11699, 13, '6995077248070', 9.00, 0.00),
(11700, 13, '6995077248087', 9.00, 0.00),
(11701, 13, '6953440598733', 1.00, 0.00),
(11702, 13, '6953440598818', 1.00, 0.00),
(11703, 13, '6953440598771', 1.00, 0.00),
(11704, 13, '6953440598726', 1.00, 0.00),
(11705, 13, '6935780110295', 1.00, 0.00),
(11706, 13, '6935780116389', 0.00, 0.00),
(11707, 13, '6935780116303', 1.00, 0.00),
(11708, 13, '6935780110103', 2.00, 0.00),
(11709, 13, '6935780118727', 1.00, 0.00),
(11710, 13, '6935780114187', 1.00, 0.00),
(11711, 13, '90106', 3.00, 0.00),
(11712, 13, '6935780197326', 3.00, 0.00),
(11713, 13, '6935780128450', 4.00, 0.00),
(11714, 13, '6907150000123', 1.00, 0.00),
(11715, 13, '90107', 3.00, 0.00),
(11716, 13, '90108', 2.00, 0.00),
(11717, 13, '6977562310110', 2.00, 0.00),
(11718, 13, '6920228221985', 1.00, 0.00),
(11719, 13, '6955688500059', 1.00, 0.00),
(11720, 13, '6977562310189', 3.00, 0.00),
(11721, 13, '692028102390', 1.00, 0.00),
(11722, 13, '6920228230413', 3.00, 0.00),
(11723, 13, '8434581502325', 6.00, 0.00),
(11724, 13, '6920228212358', 2.00, 0.00),
(11725, 13, '6920228102192', 3.00, 0.00),
(11726, 13, '6950228212006', 5.00, 0.00),
(11727, 13, '6920228212273', 3.00, 0.00),
(11728, 13, '6920228221893', 1.00, 0.00),
(11729, 13, '6920228212303', 2.00, 0.00),
(11730, 13, '6920228230482', 2.00, 0.00),
(11731, 13, '6920228210019', 2.00, 0.00),
(11732, 13, '90109', 4.00, 0.00),
(11733, 13, '90110', 2.00, 0.00),
(11734, 13, '90111', 1.00, 0.00),
(11735, 13, '90112', 3.00, 0.00),
(11736, 13, '90113', 2.00, 0.00),
(11737, 13, '90114', 1.00, 0.00),
(11738, 13, '4894616067207', 3.00, 0.00),
(11739, 13, '6916886232746', 2.00, 0.00),
(11740, 13, '90115', 1.00, 0.00),
(11741, 13, '7861204396183', 2.00, 0.00),
(11742, 13, '90116', 2.00, 0.00),
(11743, 13, '6901018019234', 2.00, 0.00),
(11744, 13, '6995552900066', 3.00, 0.00),
(11745, 13, '999990001609', 1.00, 0.00),
(11746, 13, '6955688500349', 2.00, 0.00),
(11747, 13, '90117', 2.00, 0.00),
(11748, 13, '90118', 8.00, 0.00),
(11749, 13, '90119', 19.00, 0.00),
(11750, 13, '90120', 10.00, 0.00),
(11751, 13, '90121', 3.00, 0.00),
(11752, 13, '90122', 2.00, 0.00),
(11753, 13, '90123', 2.00, 0.00),
(11754, 13, '6954212300028', 3.00, 0.00),
(11755, 13, '7750062013328', 11.00, 0.00),
(11756, 13, '7861191902688', 5.00, 0.00),
(11757, 13, '7453063207733', 4.00, 0.00),
(11758, 13, '7750308008934', 1.00, 0.00),
(11759, 13, '7861024959391', 1.00, 0.00),
(11760, 13, '7750062026229', 9.00, 0.00),
(11761, 13, '6968231902743', 1.00, 0.00),
(11762, 13, '7861191904583', 1.00, 0.00),
(11763, 13, '7702073127532', 4.00, 0.00),
(11764, 13, '7752316000436', 9.00, 0.00),
(11765, 13, '7752316000429', 10.00, 0.00),
(11766, 13, '90124', 11.00, 0.00),
(11767, 13, '7862118393510', 2.00, 0.00),
(11768, 13, '7861184922907', 1.00, 0.00),
(11769, 13, '7750062011928', 2.00, 0.00),
(11770, 13, '6935472214713', 1.00, 0.00),
(11771, 13, '6907075050203', 1.00, 0.00),
(11772, 13, '7750062001189', 1.00, 0.00),
(11773, 13, '7750062010501', 1.00, 0.00),
(11774, 13, '7702437002994', 1.00, 0.00),
(11775, 13, '90125', 8.00, 0.00),
(11776, 13, '7703036608709', 1.00, 0.00),
(11777, 13, '7861006000097', 4.00, 0.00),
(11778, 13, '90126', 5.00, 0.00),
(11779, 13, '90127', 1.00, 0.00),
(11780, 13, '999990000255', 1.00, 0.00),
(11781, 13, '7861184976672', 4.00, 0.00),
(11782, 13, '7861184976658', 1.00, 0.00),
(11783, 13, '7861184976696', 9.00, 0.00),
(11784, 13, '6972124910005', 2.00, 0.00),
(11785, 13, '7861024836197', 2.00, 0.00),
(11786, 13, '7861212334726', 1.00, 0.00),
(11787, 13, '7861212333347', 1.00, 0.00),
(11788, 13, '7861212327629', 1.00, 0.00),
(11789, 13, '7750062007259', 1.00, 0.00),
(11790, 13, '999990003975', 10.00, 0.00),
(11791, 13, '999990002116', 4.00, 0.00),
(11792, 13, '999990002117', 6.00, 0.00),
(11793, 13, '999990001067', 5.00, 0.00),
(11794, 13, '7862111300362', 2.00, 0.00),
(11795, 13, '6964762205117', 1.00, 0.00),
(11796, 13, '6909189034575', 4.00, 0.00),
(11797, 13, '6909189034599', 4.00, 0.00),
(11798, 13, '6934007810093', 3.00, 0.00),
(11799, 13, '90128', 2.00, 0.00),
(11800, 13, '6943723581729', 2.00, 0.00),
(11801, 13, '7750062000601', 1.00, 0.00),
(11802, 13, '6971648758834', 3.00, 0.00),
(11803, 13, '90129', 4.00, 0.00),
(11804, 13, '8888800027210', 1.00, 0.00),
(11805, 13, '6972111430127', 1.00, 0.00),
(11806, 13, '7750062950326', 1.00, 0.00),
(11807, 13, '7750062950319', 1.00, 0.00),
(11808, 13, '7861192366205', 22.00, 0.00),
(11809, 13, '90130', 2.00, 0.00),
(11810, 13, '90131', 3.00, 0.00),
(11811, 13, '6995922220015', 2.00, 0.00),
(11812, 13, '6995922220022', 4.00, 0.00),
(11813, 13, '6995922220039', 4.00, 0.00),
(11814, 13, '999990001002', 5.00, 0.00),
(11815, 13, '6946357111041', 4.00, 0.00),
(11816, 13, '90132', 5.00, 0.00),
(11817, 13, '90133', 6.00, 0.00),
(11818, 13, '90134', 39.00, 0.00),
(11819, 13, '90135', 15.00, 0.00),
(11820, 13, '90136', 30.00, 0.00),
(11821, 13, '90137', 15.00, 0.00),
(11822, 13, '999990004291', 11.00, 0.00),
(11823, 13, '5116821809', 10.00, 0.00),
(11824, 13, '5116821813', 10.00, 0.00),
(11825, 13, '90138', 9.00, 0.00),
(11826, 13, '90139', 10.00, 0.00),
(11827, 13, '90140', 30.00, 0.00),
(11828, 13, '90141', 8.00, 0.00),
(11829, 13, '90142', 37.00, 0.00),
(11830, 13, '2018041400077', 2.00, 0.00),
(11831, 13, '999990005106', 1.00, 0.00),
(11832, 13, '999990005112', 2.00, 0.00),
(11833, 13, '999990005110', 2.00, 0.00),
(11834, 13, '999990000050', 2.00, 0.00),
(11835, 13, '7750062001813', 6.00, 0.00),
(11836, 13, '90143', 2.00, 0.00),
(11837, 13, '5268706311416', 3.00, 0.00),
(11838, 13, '7861027570302', 3.00, 0.00),
(11839, 13, '7861053300010', 48.00, 0.00),
(11840, 13, '6971648758773', 2.00, 0.00),
(11841, 13, '90144', 7.00, 0.00),
(11842, 13, '6971648759619', 1.00, 0.00),
(11843, 13, '999990003901', 10.00, 0.00),
(11844, 13, '2018060600465', 9.00, 0.00),
(11845, 13, '90145', 11.00, 0.00),
(11846, 13, '7861027599624', 4.00, 0.00),
(11847, 13, '7861006001438', 9.00, 0.00),
(11848, 13, '90146', 9.00, 0.00),
(11849, 13, '999990001077', 4.00, 0.00),
(11850, 13, '6936236941487', 4.00, 0.00),
(11851, 13, '999990001979', 3.00, 0.00),
(11852, 13, '6921080165875', 8.00, 0.00),
(11853, 13, '999990001677', 10.00, 0.00),
(11854, 13, '6915142122128', 1.00, 0.00),
(11855, 13, '90147', 55.00, 0.00),
(11856, 13, '90148', 36.00, 0.00),
(11857, 13, '6954415811147', 13.00, 0.00),
(11858, 13, '6954415811154', 17.00, 0.00),
(11859, 13, '90149', 3.00, 0.00),
(11860, 13, '999990001066', 3.00, 0.00),
(11861, 13, '2018011500264', 2.00, 0.00),
(11862, 13, '7891112253407', 2.00, 0.00),
(11863, 13, '8843872', 3.00, 0.00),
(11864, 13, '884388', 5.00, 0.00),
(11865, 13, '884392', 1.00, 0.00),
(11866, 13, '90150', 39.00, 0.00),
(11867, 13, '7862118398577', 14.00, 0.00),
(11868, 13, '7862118398935', 13.00, 0.00),
(11869, 13, '7862118398959', 10.00, 0.00),
(11870, 13, '1000228000355', 3.00, 0.00),
(11871, 13, '1000228000348', 1.00, 0.00),
(11872, 13, '6768168738251', 6.00, 0.00),
(11873, 13, '999990002114', 9.00, 0.00),
(11874, 13, '999990003973', 5.00, 0.00),
(11875, 13, '6935693000829', 2.00, 0.00),
(11876, 13, '6935693000041', 1.00, 0.00),
(11877, 13, '999990003976', 2.00, 0.00),
(11878, 13, '6923030591017', 7.00, 0.00),
(11879, 13, '6955751554255', 4.00, 0.00),
(11880, 13, '6034470000141', 15.00, 0.00),
(11881, 13, '6959546588500', 1.00, 0.00),
(11882, 13, '7897240522200', 4.00, 0.00),
(11883, 13, '7897240579518', 5.00, 0.00),
(11884, 13, '7897240522248', 4.00, 0.00),
(11885, 13, '90151', 3.00, 0.00),
(11886, 13, '999990005629', 1.00, 0.00),
(11887, 13, '999990005630', 4.00, 0.00),
(11888, 13, '7861212355448', 3.00, 0.00),
(11889, 13, '999990004391', 14.00, 0.00),
(11890, 13, '999990004390', 10.00, 0.00),
(11891, 13, '90152', 6.00, 0.00),
(11892, 28, '1001', 0.00, 0.00),
(11893, 28, '1002', 0.00, 0.00),
(11894, 28, '1003', 0.00, 0.00),
(11895, 28, '1004', 0.00, 0.00),
(11896, 28, '1005', 40.00, 0.00),
(11897, 28, '1006', 0.00, 0.00),
(11898, 28, '1007', 4.00, 0.00),
(11899, 28, '1009', 28.00, 0.00),
(11900, 28, '1010', 8.00, 0.00),
(11901, 28, '1011', 28.00, 0.00),
(11902, 28, '7861012409686', 29.00, 0.00),
(11903, 28, '7861012409693', 8.00, 0.00),
(11904, 28, '7861012409129', 36.00, 0.00),
(11905, 28, '7861012409624', 79.00, 0.00),
(11906, 28, '7861012409518', 144.00, 0.00),
(11907, 28, '7861012409105', 66.00, 0.00),
(11908, 28, '1018', 0.00, 0.00),
(11909, 28, '1019', 60.00, 0.00),
(11910, 28, '7755438000209', 27.00, 0.00),
(11911, 28, '7861010901311', 43.00, 0.00),
(11912, 28, '7861010902752', 17.00, 0.00),
(11913, 28, '7861010902608', 44.00, 0.00),
(11914, 28, '1025', 31.00, 0.00),
(11915, 28, '7861010902639', -2.00, 0.00),
(11916, 28, '7861010902622', 29.00, 0.00),
(11917, 28, '1028', 66.00, 0.00),
(11918, 28, '7861010908860', 12.00, 0.00),
(11919, 28, '1030', 0.00, 0.00),
(11920, 28, '1031', 38.00, 0.00),
(11921, 28, '1032', 0.00, 0.00),
(11922, 28, '1033', 0.00, 0.00),
(11923, 28, '1034', 0.00, 0.00),
(11924, 28, '7861010902561', 12.00, 0.00),
(11925, 28, '7899871101892', 48.00, 0.00),
(11926, 28, '7861012409167', 17.00, 0.00),
(11927, 28, '7861010904640', 108.00, 0.00),
(11928, 28, '7861010902820', 56.00, 0.00),
(11929, 28, '7861010900819', 76.00, 0.00),
(11930, 28, '7861010902776', 59.00, 0.00),
(11931, 28, '7861012403004', 21.00, 0.00),
(11932, 28, '1043', 0.00, 0.00),
(11933, 28, '1044', 0.00, 0.00),
(11934, 28, '7861012409211', 34.00, 0.00),
(11935, 28, '7861012409198', 41.00, 0.00),
(11936, 28, '7861012409938', 17.00, 0.00),
(11937, 28, '7861000144827', 18.00, 0.00),
(11938, 28, '2005', 15.00, 0.00),
(11939, 28, '2006', 17.00, 0.00),
(11940, 28, '7862100142720', 43.00, 0.00),
(11941, 28, '3001', 86.00, 0.00),
(11942, 28, '3002', 40.00, 0.00),
(11943, 28, '7861010907313', -3.00, 0.00),
(11944, 28, '3004', 0.00, 0.00),
(11945, 28, '3006', 38.00, 0.00),
(11946, 28, '3007', 0.00, 0.00),
(11947, 28, '3008', 113.00, 0.00),
(11948, 28, '3009', 0.00, 0.00),
(11949, 28, '3010', -2.00, 0.00),
(11950, 28, '3012', 0.00, 0.00),
(11951, 28, '3013', 0.00, 0.00),
(11952, 28, '3014', 0.00, 0.00),
(11953, 28, '3015', 0.00, 0.00),
(11954, 28, '3016', 0.00, 0.00),
(11955, 28, '7861010907337', 40.00, 0.00),
(11956, 28, '7861010905814', -1.00, 0.00),
(11957, 28, '7861010908808', 72.00, 0.00),
(11958, 28, '3020', 0.00, 0.00),
(11959, 28, '7861010908709', -3.00, 0.00),
(11960, 28, '7861010907351', 49.00, 0.00),
(11961, 28, '7861010910177', 0.00, 0.00),
(11962, 28, '7861010910214', 0.00, 0.00),
(11963, 28, '7861010910221', 0.00, 0.00),
(11964, 28, '3026', -2.00, 0.00),
(11965, 28, '3027', 0.00, 0.00),
(11966, 28, '3028', 23.00, 0.00),
(11967, 28, '3029', 0.00, 0.00),
(11968, 28, '3030', 0.00, 0.00),
(11969, 28, '3031', 51.00, 0.00),
(11970, 28, '3032', 16.00, 0.00),
(11971, 28, '3033', 17.00, 0.00),
(11972, 28, '3034', 95.00, 0.00),
(11973, 28, '3035', -2.00, 0.00),
(11974, 28, '3036', 8.00, 0.00),
(11975, 28, '3037', 48.00, 0.00),
(11976, 28, '3038', 0.00, 0.00),
(11977, 28, '7862122120386', 11.00, 0.00),
(11978, 28, '3040', 0.00, 0.00),
(11979, 28, '3041', 0.00, 0.00),
(11980, 28, '3042', 0.00, 0.00),
(11981, 28, '3043', -1.00, 0.00),
(11982, 28, '3044', 0.00, 0.00),
(11983, 28, '3045', 0.00, 0.00),
(11984, 28, '3046', 0.00, 0.00),
(11985, 28, '3047', 0.00, 0.00),
(11986, 28, '7862122120195', 27.00, 0.00),
(11987, 28, '7862122120188', 36.00, 0.00),
(11988, 28, '3050', 92.00, 0.00),
(11989, 28, '3051', 72.00, 0.00),
(11990, 28, '3052', -2.00, 0.00),
(11991, 28, '3053', 51.00, 0.00),
(11992, 28, '7861136500061', 25.00, 0.00),
(11993, 28, '7861136500191', 87.00, 0.00),
(11994, 28, '7861136500047', 86.00, 0.00),
(11995, 28, '7861136500023', 23.00, 0.00),
(11996, 28, '7861136500016', 31.00, 0.00),
(11997, 28, '3060', 5.00, 0.00),
(11998, 28, '3061', 17.00, 0.00),
(11999, 28, '3062', 32.00, 0.00),
(12000, 28, '3063', 0.00, 0.00),
(12001, 28, '3064', 18.00, 0.00),
(12002, 28, '3065', 11.00, 0.00),
(12003, 28, '3066', 0.00, 0.00),
(12004, 28, '3067', 44.00, 0.00),
(12005, 28, '7861191232303', 87.00, 0.00),
(12006, 28, '6002', -1.00, 0.00),
(12007, 28, '7861146800878', 8.00, 0.00),
(12008, 28, '7862123491027', 172.00, 0.00),
(12009, 28, '6005', 3.00, 0.00),
(12010, 28, '7862123490969', 1.00, 0.00),
(12011, 28, '7868000399127', 145.00, 0.00),
(12012, 28, '6008', 0.00, 0.00),
(12013, 28, '6009', 40.00, 0.00),
(12014, 28, '6010', 79.00, 0.00),
(12015, 28, '6013', -5.00, 0.00),
(12016, 28, '7862123491034', 20.50, 0.00),
(12017, 28, '7862123492574', 44.00, 0.00),
(12018, 28, '7862123490341', 7.00, 0.00),
(12019, 28, '7862122732251', 62.00, 0.00),
(12020, 28, '6018', 0.00, 0.00),
(12021, 28, '7868000399134', 27.00, 0.00),
(12022, 28, '6021', 0.00, 0.00),
(12023, 28, '6022', 0.00, 0.00),
(12024, 28, '6023', 60.00, 0.00),
(12025, 28, '6024', 0.00, 0.00),
(12026, 28, '7861191232327', 50.00, 0.00),
(12027, 28, '6026', 0.00, 0.00),
(12028, 28, '7862122732299', 80.00, 0.00),
(12029, 28, '7862123492581', 40.00, 0.00),
(12030, 28, '6029', 0.00, 0.00),
(12031, 28, '7862122732305', -2.00, 0.00),
(12032, 28, '6032', 0.00, 0.00),
(12033, 28, '7862130860908', 69.50, 0.00),
(12034, 28, '7862130860953', 19.00, 0.00),
(12035, 28, '6035', 200.00, 0.00),
(12036, 28, '6036', 40.00, 0.00),
(12037, 28, '7862123491003', 12.00, 0.00),
(12038, 28, '7862123490815', 47.00, 0.00),
(12039, 28, '7862123492192', 15.00, 0.00),
(12040, 28, '6040', 0.00, 0.00),
(12041, 28, '6041', -2.00, 0.00),
(12042, 28, '7862123490891', 10.50, 0.00),
(12043, 28, '6045', -4.50, 0.00),
(12044, 28, '7862123490921', 1.00, 0.00),
(12045, 28, '6047', 19.00, 0.00),
(12046, 28, '6049', 18.00, 0.00),
(12047, 28, '6050', 6.00, 0.00),
(12048, 28, '6051', 0.00, 0.00),
(12049, 28, '6052', 0.00, 0.00),
(12050, 28, '6053', 6.00, 0.00),
(12051, 28, '6054', 6.00, 0.00),
(12052, 28, '6055', 0.00, 0.00),
(12053, 28, '6056', 1.00, 0.00),
(12054, 28, '6057', 0.00, 0.00),
(12055, 28, '7862123751831', 6.00, 0.00),
(12056, 28, '6059', 0.00, 0.00),
(12057, 28, '6060', 0.00, 0.00),
(12058, 28, '6061', 0.00, 0.00),
(12059, 28, '6062', 0.00, 0.00),
(12060, 28, '6063', 0.00, 0.00),
(12061, 28, '7862100711827', 3.00, 0.00),
(12062, 28, '6065', 0.00, 0.00),
(12063, 28, '7862123751824', 27.00, 0.00),
(12064, 28, '7862123753576', 38.00, 0.00),
(12065, 28, '7862123751947', 26.00, 0.00),
(12066, 28, '7862123751923', 30.00, 0.00),
(12067, 28, '7861216500172', 0.00, 0.00),
(12068, 28, '7862123751886', 8.00, 0.00),
(12069, 28, '6074', 0.00, 0.00),
(12070, 28, '7862123492888', 27.00, 0.00),
(12071, 28, '7862123490051', 309.00, 0.00),
(12072, 28, '6077', 70.00, 0.00),
(12073, 28, 'ROLLO BAGS', 47.00, 0.00),
(12074, 28, '7862123750476', 137.00, 0.00),
(12075, 28, '7861010901434', 0.00, 0.00),
(12076, 28, '6082', 37.00, 0.00),
(12077, 28, '6083', 0.00, 0.00),
(12078, 28, '6084', 0.00, 0.00),
(12079, 28, '6085', 0.00, 0.00),
(12080, 28, '6086', 0.00, 0.00),
(12081, 28, '7861191201217', 158.00, 0.00),
(12082, 28, '6088', 22.00, 0.00),
(12083, 28, '6089', 0.00, 0.00),
(12084, 28, '6090', 0.00, 0.00),
(12085, 28, '6091', 23.00, 0.00),
(12086, 28, '6092', 54.00, 0.00),
(12087, 28, '6093', 54.00, 0.00),
(12088, 28, '6094', 178.00, 0.00),
(12089, 28, '6095', -1.00, 0.00),
(12090, 28, '6096', 28.00, 0.00),
(12091, 28, '6097', 102.00, 0.00),
(12092, 28, '6098', 19.00, 0.00),
(12093, 28, '6099', 0.00, 0.00),
(12094, 28, '6100', 92.00, 0.00),
(12095, 28, '6101', 52.00, 0.00),
(12096, 28, '6102', 0.00, 0.00),
(12097, 28, '6103', 0.00, 0.00),
(12098, 28, '6104', 88.00, 0.00),
(12099, 28, '6105', 114.00, 0.00),
(12100, 28, '6106', 11.00, 0.00),
(12101, 28, '6107', 70.00, 0.00),
(12102, 28, '6108', 30.00, 0.00),
(12103, 28, '6109', 13.00, 0.00),
(12104, 28, '6110', 18.00, 0.00),
(12105, 28, '6111', 24.00, 0.00),
(12106, 28, '6112', 5.00, 0.00),
(12107, 28, '6113', 55.00, 0.00),
(12108, 28, '6114', 17.00, 0.00),
(12109, 28, '6115', 17.00, 0.00),
(12110, 28, '6116', 16.00, 0.00),
(12111, 28, '6117', 12.00, 0.00),
(12112, 28, '6118', 48.00, 0.00),
(12113, 28, '6119', 16.00, 0.00),
(12114, 28, '6120', 64.00, 0.00),
(12115, 28, '6122', 82.00, 0.00),
(12116, 28, '6123', 24.00, 0.00),
(12117, 28, '6124', 66.00, 0.00),
(12118, 28, '6125', 0.00, 0.00),
(12119, 28, '6126', -3.00, 0.00),
(12120, 28, '6127', 77.00, 0.00),
(12121, 28, '6128', 0.00, 0.00),
(12122, 28, '6129', 47.00, 0.00),
(12123, 28, '6130', 101.00, 0.00),
(12124, 28, '6131', 0.00, 0.00),
(12125, 28, '6132', 31.00, 0.00),
(12126, 28, '6133', 0.00, 0.00),
(12127, 28, '6134', 111.00, 0.00),
(12128, 28, '6135', 79.00, 0.00),
(12129, 28, '6136', 0.00, 0.00),
(12130, 28, '7861000272810', 36.00, 0.00),
(12131, 28, '6138', 169.00, 0.00),
(12132, 28, '7862124880653', 216.00, 0.00),
(12133, 28, '6140', -10.00, 0.00),
(12134, 28, '7862124880561', 230.00, 0.00),
(12135, 28, '7868000551518', 176.00, 0.00),
(12136, 28, '6143', 0.00, 0.00),
(12137, 28, '7862124881476', 414.00, 0.00),
(12138, 28, '101000121314079', 115.00, 0.00),
(12139, 28, '7861000266758', 26.00, 0.00),
(12140, 28, '7861000266772', 32.00, 0.00),
(12141, 28, '7861000266765', 31.00, 0.00),
(12142, 28, '10100121314029', 12.00, 0.00),
(12143, 28, '7862124880615', 13.00, 0.00),
(12144, 28, '7861003121061', 16.00, 0.00),
(12145, 28, '4002', 0.00, 0.00),
(12146, 28, '4003', 0.00, 0.00),
(12147, 28, '4004', 0.00, 0.00),
(12148, 28, '4005', 0.00, 0.00),
(12149, 28, '7861175500039', 5.00, 0.00),
(12150, 28, '7862108350431', 59.00, 0.00),
(12151, 28, '7862108350462', 61.00, 0.00),
(12152, 28, '7862139230016', -96.00, 0.00),
(12153, 28, '7862108350134', 81.00, 0.00),
(12154, 28, '7862129361393', 17.00, 0.00),
(12155, 28, '4013', 24.00, 0.00),
(12156, 28, '7868000896039', 50.00, 0.00),
(12157, 28, '7868000896008', 21.00, 0.00),
(12158, 28, '4016', 0.00, 0.00),
(12159, 28, '7862111293596', 7.00, 0.00),
(12160, 28, '7868000896053', 22.00, 0.00),
(12161, 28, '7868000896060', 5.00, 0.00),
(12162, 28, '7868000896077', 0.00, 0.00),
(12163, 28, '4021', 0.00, 0.00),
(12164, 28, '4022', 21.50, 0.00),
(12165, 28, '4024', 27.00, 0.00),
(12166, 28, '4025', 44.00, 0.00),
(12167, 28, '4026', 39.00, 0.00),
(12168, 28, '4027', 45.00, 0.00),
(12169, 28, '4028', 28.00, 0.00),
(12170, 28, '4029', 53.00, 0.00),
(12171, 28, '4030', 100.00, 0.00),
(12172, 28, '4031', 2.00, 0.00),
(12173, 28, '4032', 4.00, 0.00),
(12174, 28, '4033', 9.00, 0.00),
(12175, 28, '7862130860113', 45.00, 0.00),
(12176, 28, '7862122650357', 7.00, 0.00),
(12177, 28, '7862122650371', 20.00, 0.00),
(12178, 28, '4260740985883', 20.00, 0.00),
(12179, 28, '4041', 60.00, 0.00),
(12180, 28, '4042', 4.00, 0.00),
(12181, 28, '51200113441500', 20.00, 0.00),
(12182, 28, '4044', 100.00, 0.00),
(12183, 28, '5001', 0.00, 0.00),
(12184, 28, '5002', 18.00, 0.00),
(12185, 28, '6968300128012', -10.00, 0.00),
(12186, 28, '5004', 109.00, 0.00),
(12187, 28, '6200220713023', 45.00, 0.00),
(12188, 28, '5006', 18.00, 0.00),
(12189, 28, '6200220713016', 43.00, 0.00),
(12190, 28, '5008', 70.00, 0.00),
(12191, 28, '13200047', 11.00, 0.00),
(12192, 28, '13200046', 0.00, 0.00),
(12193, 28, '13200045', 0.00, 0.00),
(12194, 28, '5012', 0.00, 0.00),
(12195, 28, '5013', 0.00, 0.00),
(12196, 28, '7861010909140', 21.00, 0.00),
(12197, 28, '7861010907429', 1.00, 0.00),
(12198, 28, '7861010908686', 15.00, 0.00),
(12199, 28, '7861010901915', 6.00, 0.00),
(12200, 28, '5018', 0.00, 0.00),
(12201, 28, '5019', 0.00, 0.00),
(12202, 28, '6256456211079', 62.00, 0.00),
(12203, 28, '6256456211314', 10.00, 0.00),
(12204, 28, '6256456211031', 129.00, 0.00),
(12205, 28, '5023', 178.00, 0.00),
(12206, 28, '5024', 149.00, 0.00),
(12207, 28, '5025', 172.00, 0.00),
(12208, 28, '5026', 0.00, 0.00),
(12209, 28, '6256456251303', 165.00, 0.00),
(12210, 28, '5028', 0.00, 0.00),
(12211, 28, '5029', 1.00, 0.00),
(12212, 28, '5030', 0.00, 0.00),
(12213, 28, '5031', 30.00, 0.00),
(12214, 28, '5032', 82.00, 0.00),
(12215, 28, '7861073100249', 160.00, 0.00),
(12216, 28, '5034', 0.00, 0.00),
(12217, 28, '7861073104384', 10.00, 0.00),
(12218, 28, '7861073104391', 224.00, 0.00),
(12219, 28, '5037', 0.00, 0.00),
(12220, 28, '5038', 94.00, 0.00),
(12221, 28, '5039', 0.00, 0.00),
(12222, 28, '5040', 0.00, 0.00),
(12223, 28, '5041', 0.00, 0.00),
(12224, 28, '5042', 0.00, 0.00),
(12225, 28, '5043', 229.00, 0.00),
(12226, 28, '7862122730073', 48.00, 0.00),
(12227, 28, '5046', 0.00, 0.00),
(12228, 28, '5047', 47.00, 0.00),
(12229, 28, '5048', 214.00, 0.00),
(12230, 28, '7862122730103', 89.00, 0.00),
(12231, 28, '7862122730141', 123.00, 0.00),
(12232, 28, '5051', 40.00, 0.00),
(12233, 28, '5052', 6.00, 0.00),
(12234, 28, '7862122730288', 54.00, 0.00),
(12235, 28, '7862122730219', 118.00, 0.00),
(12236, 28, '5055', 76.00, 0.00),
(12237, 28, '5056', 8.00, 0.00),
(12238, 28, '5057', 58.00, 0.00),
(12239, 28, '5058', 2.00, 0.00),
(12240, 28, '5059', 54.00, 0.00),
(12241, 28, '7862122730387', 39.00, 0.00),
(12242, 28, '7862122730301', 56.00, 0.00),
(12243, 28, '5062', 22.00, 0.00),
(12244, 28, '7862122730325', 28.00, 0.00),
(12245, 28, '5064', 0.00, 0.00),
(12246, 28, '5065', 33.00, 0.00),
(12247, 28, '7862122730462', 55.00, 0.00),
(12248, 28, '7862122730400', 51.00, 0.00),
(12249, 28, '7862122730417', 39.00, 0.00),
(12250, 28, '5069', 45.00, 0.00),
(12251, 28, '5070', 34.00, 0.00),
(12252, 28, '5071', 0.00, 0.00),
(12253, 28, '7862122730479', 63.00, 0.00),
(12254, 28, '5073', 66.00, 0.00),
(12255, 28, '7862122730547', 51.00, 0.00),
(12256, 28, '7862122730554', 63.00, 0.00),
(12257, 28, '7862122730585', 28.00, 0.00),
(12258, 28, '7862122730615', 27.00, 0.00),
(12259, 28, '5080', 8.00, 0.00),
(12260, 28, '7862122730653', 9.00, 0.00),
(12261, 28, '7862122730677', 36.00, 0.00),
(12262, 28, '7862122730707', 22.00, 0.00),
(12263, 28, '7862122730738', 5.00, 0.00),
(12264, 28, '5085', -18.00, 0.00),
(12265, 28, '5086', 7.00, 0.00),
(12266, 28, '5087', 0.00, 0.00),
(12267, 28, '5088', 0.00, 0.00),
(12268, 28, '5089', 0.00, 0.00),
(12269, 28, '5090', 55.00, 0.00),
(12270, 28, '5091', 43.00, 0.00),
(12271, 28, '5092', 34.00, 0.00),
(12272, 28, 'CHB10-16', 39.00, 0.00),
(12273, 28, '5094', 20.00, 0.00),
(12274, 28, '5095', 13.00, 0.00),
(12275, 28, '5096', 67.00, 0.00),
(12276, 28, '5097', 1.00, 0.00),
(12277, 28, '5098', 25.00, 0.00),
(12278, 28, '5099', 38.00, 0.00),
(12279, 28, '5100', 40.00, 0.00),
(12280, 28, '5101', 33.00, 0.00),
(12281, 28, '7862137350051', 17.00, 0.00),
(12282, 28, '5103', 33.00, 0.00),
(12283, 28, '5104', 0.00, 0.00),
(12284, 28, '5105', 120.00, 0.00),
(12285, 28, '5106', 106.00, 0.00),
(12286, 28, '7862137350181', 84.00, 0.00),
(12287, 28, '5108', 28.00, 0.00),
(12288, 28, '5109', 154.00, 0.00),
(12289, 28, '5110', 55.00, 0.00),
(12290, 28, '5111', 18.00, 0.00),
(12291, 28, '5112', -1.00, 0.00),
(12292, 28, '5113', 100.00, 0.00),
(12293, 28, '5114', 46.00, 0.00),
(12294, 28, '7861146801912', 92.00, 0.00),
(12295, 28, '7861146801936', 52.00, 0.00),
(12296, 28, '7861146801967', 34.00, 0.00),
(12297, 28, '7861146801974', 25.00, 0.00),
(12298, 28, '7861146801936', 26.00, 0.00),
(12299, 28, '7861146801998', 16.00, 0.00),
(12300, 28, '7861146802025', 28.00, 0.00),
(12301, 28, '7861146802032', 38.00, 0.00),
(12302, 28, '5123', 48.00, 0.00),
(12303, 28, '5124', 32.00, 0.00),
(12304, 28, '5125', 39.00, 0.00),
(12305, 28, '5126', 17.50, 0.00),
(12306, 28, '7861146802100', 27.00, 0.00),
(12307, 28, '5128', 59.00, 0.00),
(12308, 28, '5129', 32.00, 0.00),
(12309, 28, '5130', 28.00, 0.00),
(12310, 28, '5131', 10.00, 0.00),
(12311, 28, '5132', 0.00, 0.00),
(12312, 28, '5133', 0.00, 0.00),
(12313, 28, '5134', 26.00, 0.00),
(12314, 28, '5135', 12.00, 0.00),
(12315, 28, '5136', 48.00, 0.00),
(12316, 28, '5137', 36.00, 0.00),
(12317, 28, '5138', 78.00, 0.00),
(12318, 28, '5139', 16.00, 0.00),
(12319, 28, '5140', 64.00, 0.00),
(12320, 28, '5141', 80.00, 0.00),
(12321, 28, '5142', 80.00, 0.00),
(12322, 28, '5143', 29.00, 0.00),
(12323, 28, '5144', 28.00, 0.00),
(12324, 28, '5145', 13.00, 0.00),
(12325, 28, '5146', 0.00, 0.00),
(12326, 28, '5147', 0.00, 0.00),
(12327, 28, '5148', 0.00, 0.00),
(12328, 28, '5149', 0.00, 0.00),
(12329, 28, '5150', 0.00, 0.00),
(12330, 28, '645667174192', 0.00, 0.00),
(12331, 28, '5152', 15.00, 0.00),
(12332, 28, '5153', 0.00, 0.00),
(12333, 28, '5154', 0.00, 0.00),
(12334, 28, '7862100143048', 47.00, 0.00),
(12335, 28, '5156', 41.00, 0.00),
(12336, 28, '5157', 12.00, 0.00),
(12337, 28, '5158', 3.00, 0.00),
(12338, 28, '5159', 1.00, 0.00),
(12339, 28, '5160', 1.00, 0.00),
(12340, 28, '7861024302449', 6.00, 0.00),
(12341, 28, '7861024302425', 5.00, 0.00),
(12342, 28, '7861024302418', 28.00, 0.00),
(12343, 28, '5164', 0.00, 0.00),
(12344, 28, '5165', 0.00, 0.00),
(12345, 28, '5166', 6.00, 0.00),
(12346, 28, '5167', 8.00, 0.00),
(12347, 28, '5168', 91.00, 0.00),
(12348, 28, '5169', -2.00, 0.00),
(12349, 28, '5170', 0.00, 0.00),
(12350, 28, '7861158700234', 226.00, 0.00),
(12351, 28, '7002', -1.00, 0.00),
(12352, 28, '7003', 81.00, 0.00),
(12353, 28, '7861158700227', 206.00, 0.00),
(12354, 28, '7861158700449', 169.00, 0.00),
(12355, 28, '7861158700647', 53.00, 0.00),
(12356, 28, '7861158700302', 201.00, 0.00),
(12357, 28, '7861000133722', 421.00, 0.00),
(12358, 28, '7009', -1.00, 0.00),
(12359, 28, '700135', 141.00, 0.00),
(12360, 28, '7861158700135', 153.00, 0.00),
(12361, 28, '7012', 0.00, 0.00),
(12362, 28, '7861158700142', 18.00, 0.00),
(12363, 28, '7014', 0.00, 0.00),
(12364, 28, '7861158700241', 51.50, 0.00),
(12365, 28, '7016', 17.00, 0.00),
(12366, 28, '7017', 9.00, 0.00),
(12367, 28, '7018', 28.00, 0.00),
(12368, 28, '7019', 84.00, 0.00),
(12369, 28, '7020', 36.00, 0.00),
(12370, 28, '7022', 0.00, 0.00),
(12371, 28, '7025', 24.00, 0.00),
(12372, 28, '7026', 92.00, 0.00),
(12373, 28, '7027', 29.50, 0.00),
(12374, 28, '7028', 0.00, 0.00),
(12375, 28, '7029', 13.00, 0.00),
(12376, 28, '7031', 0.00, 0.00),
(12377, 28, '7032', 8.00, 0.00),
(12378, 28, '7034', 9.50, 0.00),
(12379, 28, '7035', 57.00, 0.00),
(12380, 28, '7036', 3.00, 0.00),
(12381, 28, '7037', 1.00, 0.00),
(12382, 28, '7038', 0.00, 0.00),
(12383, 28, '7039', 2.00, 0.00),
(12384, 28, '7040', 2.00, 0.00),
(12385, 28, '7041', 0.00, 0.00),
(12386, 28, '7042', 25.00, 0.00),
(12387, 28, '7862124880585', 94.00, 0.00),
(12388, 28, '7045', 3.00, 0.00),
(12389, 28, '7862129550018', 207.00, 0.00),
(12390, 28, '8002', 18.00, 0.00),
(12391, 28, '7861010908518', 5.00, 0.00),
(12392, 28, '8004', 12.00, 0.00),
(12393, 28, '8005', 71.00, 0.00),
(12394, 28, '8006', 96.00, 0.00),
(12395, 28, '7862129550155', 56.00, 0.00),
(12396, 28, '7861010909430', 4.00, 0.00),
(12397, 28, '7862100143833', 3.00, 0.00),
(12398, 28, '8010', 69.00, 0.00),
(12399, 28, '8011', 64.00, 0.00),
(12400, 28, '8012', 51.00, 0.00),
(12401, 28, '8013', 40.00, 0.00),
(12402, 28, '8014', 1.00, 0.00),
(12403, 28, '8015', 60.00, 0.00),
(12404, 28, '8016', 106.00, 0.00),
(12405, 28, '8017', 11.00, 0.00),
(12406, 28, '8018', 44.00, 0.00),
(12407, 28, '8019', 50.00, 0.00),
(12408, 28, '8020', 300.00, 0.00),
(12409, 28, '8021', 14.00, 0.00),
(12410, 28, '8022', 4.00, 0.00),
(12411, 28, '8023', 21.00, 0.00),
(12412, 28, '8024', -4.00, 0.00),
(12413, 28, '8025', 20.00, 0.00),
(12414, 28, '8026', 4.00, 0.00),
(12415, 28, '8027', 0.00, 0.00),
(12416, 28, '8029', 20.00, 0.00),
(12417, 28, '8030', 28.00, 0.00),
(12418, 28, '8031', 17.00, 0.00),
(12419, 28, '8032', 26.00, 0.00),
(12420, 28, '8033', 8.00, 0.00),
(12421, 28, '8034', 9.00, 0.00),
(12422, 28, '7861146801691', 22.00, 0.00),
(12423, 28, '7861146801646', 19.00, 0.00),
(12424, 28, '7861146801592', 19.00, 0.00),
(12425, 28, '7861146801523', 17.00, 0.00),
(12426, 28, '7861146801455', 18.00, 0.00),
(12427, 28, '7861146801363', 20.00, 0.00),
(12428, 28, '8041', 10.00, 0.00),
(12429, 28, '8042', 2.00, 0.00),
(12430, 28, '8043', 15.00, 0.00),
(12431, 28, '8044', 38.00, 0.00),
(12432, 28, '8045', 2.00, 0.00),
(12433, 28, '8046', 29.00, 0.00),
(12434, 28, '8047', 9.00, 0.00),
(12435, 28, '8048', 57.00, 0.00),
(12436, 28, '8049', 143.00, 0.00),
(12437, 28, '8050', 7.00, 0.00),
(12438, 28, '8051', 11.00, 0.00),
(12439, 28, '8052', 11.00, 0.00),
(12440, 28, '8053', 12.00, 0.00),
(12441, 28, '8054', 135.00, 0.00),
(12442, 28, '8055', 51.00, 0.00),
(12443, 28, '8056', 140.00, 0.00),
(12444, 28, '8057', 17.00, 0.00),
(12445, 28, '8058', 17.00, 0.00),
(12446, 28, '8059', 1.00, 0.00),
(12447, 28, '8060', 10.00, 0.00),
(12448, 28, '8061', 8.00, 0.00),
(12449, 28, '8062', 21.00, 0.00),
(12450, 28, '8063', 6.00, 0.00),
(12451, 28, '8064', 3.00, 0.00),
(12452, 28, '8065', 4.00, 0.00),
(12453, 28, '7709293708374', 24.00, 0.00),
(12454, 28, '8067', 8.00, 0.00),
(12455, 28, '8068', 4.00, 0.00),
(12456, 28, '8069', 3.00, 0.00),
(12457, 28, '8070', 24.00, 0.00),
(12458, 28, '8071', 6.00, 0.00),
(12459, 28, '8072', 8.00, 0.00),
(12460, 28, '8073', 23.00, 0.00),
(12461, 28, '8074', 70.00, 0.00),
(12462, 28, '8075', 30.00, 0.00),
(12463, 28, '8076', 20.00, 0.00),
(12464, 28, '8077', 10.00, 0.00),
(12465, 28, '8078', 20.00, 0.00),
(12466, 28, '8079', 25.00, 0.00),
(12467, 28, '8080', 17.00, 0.00),
(12468, 28, '8081', 6.00, 0.00),
(12469, 28, '8082', 9.00, 0.00),
(12470, 28, '8083', 10.00, 0.00),
(12471, 28, 'DIS000200', 48.00, 0.00),
(12472, 28, '83200068', 46.00, 0.00),
(12473, 28, '84700002', 25.00, 0.00),
(12474, 28, '83200067', 18.00, 0.00),
(12475, 28, '10400036', 103.00, 0.00),
(12476, 28, '8089', 94.00, 0.00),
(12477, 28, '83200015', 65.00, 0.00),
(12478, 28, '8091', 9.00, 0.00),
(12479, 28, '8092', 9.00, 0.00),
(12480, 28, '8093', 12.00, 0.00),
(12481, 28, '8094', 88.00, 0.00),
(12482, 28, '8095', 70.00, 0.00),
(12483, 28, '8096', 49.00, 0.00),
(12484, 28, '8097', 70.00, 0.00),
(12485, 28, '8098', 16.00, 0.00),
(12486, 28, '8099', 137.00, 0.00),
(12487, 28, '7862100141938', 40.00, 0.00),
(12488, 28, '8101', 2.00, 0.00),
(12489, 28, '8102', 14.00, 0.00),
(12490, 28, '8103', 10.00, 0.00),
(12491, 28, '8104', 10.00, 0.00),
(12492, 28, '8105', 13.00, 0.00),
(12493, 28, '8106', 8.00, 0.00),
(12494, 28, '8107', 24.00, 0.00),
(12495, 28, '8108', 32.00, 0.00),
(12496, 28, '8109', 128.00, 0.00),
(12497, 28, '8111', 14.00, 0.00),
(12498, 28, '8112', 44.00, 0.00),
(12499, 28, '8113', 129.00, 0.00),
(12500, 28, '8114', 133.00, 0.00),
(12501, 28, '8115', 1.00, 0.00),
(12502, 28, '8116', 179.00, 0.00),
(12503, 28, '8117', 110.00, 0.00),
(12504, 28, '8118', 99.00, 0.00),
(12505, 28, '8119', 42.00, 0.00),
(12506, 28, '8120', 72.00, 0.00),
(12507, 28, '8121', 89.00, 0.00),
(12508, 28, '8122', 1.00, 0.00),
(12509, 28, '8123', 130.00, 0.00),
(12510, 28, '7862122120430', 89.00, 0.00),
(12511, 28, '8125', 101.00, 0.00),
(12512, 28, '8126', 92.00, 0.00),
(12513, 28, '8127', 7.00, 0.00),
(12514, 28, '8128', 24.00, 0.00),
(12515, 28, '8129', 41.00, 0.00),
(12516, 28, '8130', 6.00, 0.00),
(12517, 28, '8131', 21.00, 0.00),
(12518, 28, '8132', 10.00, 0.00),
(12519, 28, '8133', 11.00, 0.00),
(12520, 28, '8134', 75.00, 0.00),
(12521, 28, '8135', 18.00, 0.00),
(12522, 28, '8136', 29.00, 0.00),
(12523, 28, '8137', 25.00, 0.00),
(12524, 28, '8138', 28.00, 0.00),
(12525, 28, '8139', 13.00, 0.00),
(12526, 28, '8140', 11.00, 0.00),
(12527, 28, '8141', 11.00, 0.00),
(12528, 28, '8143', 39.00, 0.00),
(12529, 28, '8144', 10.00, 0.00),
(12530, 28, '8145', 4.00, 0.00),
(12531, 28, '8146', 1150.00, 0.00),
(12532, 28, '8147', 50.00, 0.00),
(12533, 28, '7862100142515', 1.00, 0.00),
(12534, 28, '7862100141259', 1.00, 0.00),
(12535, 28, '7861024302432', 7.00, 0.00),
(12536, 28, '7861024303644', 20.00, 0.00),
(12537, 28, '8148', -1.00, 0.00),
(12538, 28, '8149', 2.00, 0.00),
(12539, 28, '8150', 12.00, 0.00),
(12540, 28, '8151', 3.00, 0.00),
(12541, 28, '8152', 3.00, 0.00),
(12542, 28, '8153', 302.00, 0.00),
(12543, 28, '8154', 106.00, 0.00),
(12544, 28, '7862137350204', 120.00, 0.00),
(12545, 28, '7862137350051', 116.00, 0.00),
(12546, 28, '8157', 2.00, 0.00),
(12547, 28, '8158', 1.00, 0.00),
(12548, 28, '8159', 1.00, 0.00),
(12549, 28, '8160', 19.00, 0.00),
(12550, 28, '8161', 10.00, 0.00),
(12551, 28, '8162', 9.00, 0.00),
(12552, 28, '8163', 2.00, 0.00),
(12553, 28, '8164', 5.00, 0.00),
(12554, 28, '8165', 7.00, 0.00),
(12555, 28, '8166', 4.00, 0.00),
(12556, 28, '8167', 1.00, 0.00),
(12557, 28, '8168', 4.00, 0.00),
(12558, 28, '8169', 4.00, 0.00),
(12559, 28, '8170', 6.00, 0.00),
(12560, 28, '8171', 8.00, 0.00),
(12561, 28, '8172', 14.00, 0.00),
(12562, 28, '8173', 2.00, 0.00),
(12563, 28, '8174', 16.00, 0.00),
(12564, 28, '8175', 15.00, 0.00),
(12565, 28, '8176', 12.00, 0.00),
(12566, 28, '8177', 2.00, 0.00),
(12567, 28, '8178', 21.00, 0.00),
(12568, 28, '8179', 61.00, 0.00),
(12569, 28, '8180', 38.00, 0.00),
(12570, 28, '8181', 112.00, 0.00),
(12571, 28, '7861010902899', 15.00, 0.00),
(12572, 28, '8182', 7.00, 0.00),
(12573, 28, '8183', 31.00, 0.00),
(12574, 28, '8184', 52.00, 0.00),
(12575, 28, '8185', 16.00, 0.00),
(12576, 28, '8186', 16.00, 0.00),
(12577, 28, '8187', 0.00, 0.00),
(12578, 28, '8188', 3.00, 0.00),
(12579, 28, '8189', 1.00, 0.00),
(12580, 28, '8190', 4.00, 0.00),
(12581, 28, '8191', 6.00, 0.00),
(12582, 28, '8192', 20.00, 0.00),
(12583, 28, '7707326560104', 4.00, 0.00),
(12584, 28, '8194', 7.00, 0.00),
(12585, 28, '7868001045863', 3.50, 0.00),
(12586, 28, '8196', 37.00, 0.00),
(12587, 28, '8197', 16.00, 0.00),
(12588, 28, '8198', 10.00, 0.00),
(12589, 28, '8199', 8.00, 0.00),
(12590, 28, '8200', 40.00, 0.00),
(12591, 28, '8201', 11.00, 0.00),
(12592, 28, '8202', 19.00, 0.00),
(12593, 28, '8203', 10.00, 0.00),
(12594, 28, '8204', 39.00, 0.00),
(12595, 28, '8205', 14.00, 0.00),
(12596, 28, '8206', 30.00, 0.00),
(12597, 28, '8207', 20.00, 0.00),
(12598, 28, '8208', 498.00, 0.00),
(12599, 28, '8209', 3.00, 0.00),
(12600, 28, '8210', 4.00, 0.00),
(12601, 28, '8211', 32.00, 0.00),
(12602, 28, '7861010903148', 4.00, 0.00),
(12603, 28, '8212', 100.00, 0.00),
(12604, 28, '6256456251372', 156.00, 0.00),
(12605, 28, '8214', 5.00, 0.00),
(12606, 28, '8215', 11.00, 0.00),
(12607, 28, '8216', 15.00, 0.00),
(12608, 28, '8217', 3.00, 0.00),
(12609, 28, '8218', 2.00, 0.00),
(12610, 28, '8219', 5.00, 0.00),
(12611, 28, '8220', 6.00, 0.00),
(12612, 28, '8221', 2.00, 0.00),
(12613, 28, '8222', 4.00, 0.00),
(12614, 28, '7861146801257', 12.00, 0.00),
(12615, 28, '8224', 19.00, 0.00),
(12616, 28, '8225', 55.00, 0.00),
(12617, 28, '8226', 15.00, 0.00),
(12618, 28, '8227', 31.00, 0.00),
(12619, 28, '8228', 62.00, 0.00),
(12620, 28, '8229', 19.00, 0.00),
(12621, 28, '8230', 36.00, 0.00),
(12622, 28, '7861010904039', 3.00, 0.00),
(12623, 28, '8231', 31.00, 0.00),
(12624, 28, '8232', 37.00, 0.00),
(12625, 28, '7702251047935', 11.00, 0.00),
(12626, 28, '8233', 17.00, 0.00),
(12627, 28, '7750078003689', 21.00, 0.00),
(12628, 28, '8235', 116.00, 0.00),
(12629, 28, '8236', 0.00, 0.00),
(12630, 28, '8237', 158.00, 0.00),
(12631, 28, '8238', 38.00, 0.00),
(12632, 28, '8239', 44.00, 0.00),
(12633, 28, '8240', 174.00, 0.00),
(12634, 28, '8241', 0.00, 0.00),
(12635, 28, '8242', 55.00, 0.00),
(12636, 28, '8243', 29.00, 0.00),
(12637, 28, '8244', 1.00, 0.00),
(12638, 28, '7861010902233', 20.00, 0.00),
(12639, 28, '8245', 32.00, 0.00),
(12640, 28, '7861191911062', 15.00, 0.00),
(12641, 28, '7899871101632', 31.00, 0.00),
(12642, 28, '8246', 116.00, 0.00),
(12643, 28, '8247', 0.00, 0.00),
(12644, 28, '7806500409601', 19.00, 0.00),
(12645, 28, '7702026625351', 24.00, 0.00),
(12646, 28, '7806500406365', 5.00, 0.00),
(12647, 28, '8248', 10.00, 0.00),
(12648, 28, '7861027549759', 11.00, 0.00),
(12649, 28, '8249', 2.00, 0.00),
(12650, 28, '7861000133722', 402.00, 0.00),
(12651, 28, '7702458315677', 10.00, 0.00),
(12652, 28, '7702458315653', 89.00, 0.00),
(12653, 28, '7702458315646', 119.00, 0.00),
(12654, 28, '7702458315639', 113.00, 0.00),
(12655, 28, '7861051500948', 3.00, 0.00),
(12656, 28, '6074951', 5.00, 0.00),
(12657, 28, '7861051526702', 2.00, 0.00),
(12658, 28, '7862125471140', 2.00, 0.00),
(12659, 28, '7862125471133', 3.00, 0.00),
(12660, 28, '7862100120520', 2.00, 0.00),
(12661, 28, '7861051504816', 4.00, 0.00),
(12662, 28, '884266', 5.00, 0.00),
(12663, 28, '884267', 9.00, 0.00),
(12664, 28, '8250', 3.00, 0.00),
(12665, 28, '8251', 13.00, 0.00),
(12666, 28, '601735', 4.00, 0.00),
(12667, 28, '8252', 2.00, 0.00),
(12668, 28, '8253', 41.00, 0.00),
(12669, 28, '7862122731223', 1.00, 0.00),
(12670, 28, '8255', 61.00, 0.00),
(12671, 28, '7861196908340', 7.00, 0.00),
(12672, 28, '8256', -232.00, 0.00),
(12673, 28, '7862122650418', 5.00, 0.00),
(12674, 28, '7415603401803', 199.00, 0.00),
(12675, 28, '8257', 6.00, 0.00),
(12676, 28, '8258', 10.00, 0.00),
(12677, 28, '8259', 200.00, 0.00),
(12678, 28, '8260', 207.00, 0.00),
(12679, 28, '7861222015165', 3.00, 0.00),
(12680, 28, '7750062007181', 3.00, 0.00),
(12681, 28, '7861191903456', 10.00, 0.00),
(12682, 28, '7750062619346', 12.00, 0.00),
(12683, 28, '7861024832359', 7.00, 0.00),
(12684, 28, '7750062417645', 0.00, 0.00),
(12685, 28, '7750062007020', 5.00, 0.00),
(12686, 28, '7750062007037', 2.00, 0.00),
(12687, 28, '7862118390137', 18.00, 0.00),
(12688, 28, '9000', 1.00, 0.00),
(12689, 28, '7702073129062', 2.00, 0.00),
(12690, 28, '7702073129048', 2.00, 0.00),
(12691, 28, '7861026952048', 1.00, 0.00),
(12692, 28, '7861026952055', 1.00, 0.00),
(12693, 28, '999990004670', 8.00, 0.00),
(12694, 28, '999990004668', 6.00, 0.00),
(12695, 28, '7750062328743', 2.00, 0.00),
(12696, 28, '7755206016937', 2.00, 0.00),
(12697, 28, '999990004861', 3.00, 0.00),
(12698, 28, '6900002321384', 3.00, 0.00),
(12699, 28, '6901234567151', 1.00, 0.00),
(12700, 28, '7861212376436', 7.00, 0.00),
(12701, 28, '6901234567878', 1.00, 0.00),
(12702, 28, '7862107412147', 1.00, 0.00),
(12703, 28, '9001', 1.00, 0.00),
(12704, 28, '7709004191280', 2.00, 0.00),
(12705, 28, '7861191939615', 1.00, 0.00),
(12706, 28, '7861191902428', 5.00, 0.00),
(12707, 28, '7861191902435', 5.00, 0.00),
(12708, 28, '7750062765586', 5.00, 0.00),
(12709, 28, '6925951508112', 2.00, 0.00),
(12710, 28, '9002', 5.00, 0.00),
(12711, 28, '9003', 3.00, 0.00),
(12712, 28, '7750062005354', 1.00, 0.00),
(12713, 28, '6952152030098', 2.00, 0.00),
(12714, 28, '6908723181287', 4.00, 0.00),
(12715, 28, '6970084793027', 1.00, 0.00),
(12716, 28, '7705152034158', 2.00, 0.00),
(12717, 28, '9004', 5.00, 0.00),
(12718, 28, '7750062007204', 3.00, 0.00),
(12719, 28, '9005', 2.00, 0.00),
(12720, 28, '6957892456313', 4.00, 0.00),
(12721, 28, '4894616092865', 1.00, 0.00),
(12722, 28, '999990003913', 2.00, 0.00),
(12723, 28, '9006', 2.00, 0.00),
(12724, 28, '999990001876', 1.00, 0.00),
(12725, 28, '9007', 2.00, 0.00),
(12726, 28, '7750062173213', 2.00, 0.00),
(12727, 28, '999990001850', 1.00, 0.00),
(12728, 28, '999990003617', 1.00, 0.00),
(12729, 28, '7861026911274', 6.00, 0.00),
(12730, 28, '7861026911342', 6.00, 0.00),
(12731, 28, '7861026911304', 1.00, 0.00),
(12732, 28, '7861026998961', 3.00, 0.00),
(12733, 28, '7861026911267', 2.00, 0.00),
(12734, 28, '9008', 5.00, 0.00),
(12735, 28, '6945345345345', 3.00, 0.00),
(12736, 28, '6989545629416', 4.00, 0.00),
(12737, 28, '7861191907881', 2.00, 0.00),
(12738, 28, '2341101235105', 4.00, 0.00),
(12739, 28, '999990001237', 3.00, 0.00),
(12740, 28, '7861024839266', 8.00, 0.00),
(12741, 28, '2018062300288', 18.00, 0.00),
(12742, 28, '6982282109074', 5.00, 0.00),
(12743, 28, '6901705072030', 3.00, 0.00),
(12744, 28, '9009', 3.00, 0.00),
(12745, 28, '9010', 20.00, 0.00),
(12746, 28, 'A005', 0.00, 0.00),
(12747, 28, '999990004892', 3.00, 0.00),
(12748, 28, '999990003750', 1.00, 0.00),
(12749, 28, '6912345879088', 3.00, 0.00),
(12750, 28, '9011', 1.00, 0.00),
(12751, 28, '6909122062078', 3.00, 0.00),
(12752, 28, '6909122062061', 3.00, 0.00),
(12753, 28, '9012', 1.00, 0.00),
(12754, 28, '999990001177', 18.00, 0.00),
(12755, 28, '9013', 3.00, 0.00),
(12756, 28, '9014', 1.00, 0.00),
(12757, 28, '9015', -11.00, 0.00),
(12758, 28, '9016', 6.00, 0.00),
(12759, 28, '9017', 187.00, 0.00),
(12760, 28, '7861024846974', 15.00, 0.00),
(12761, 28, '7861024846936', 17.00, 0.00),
(12762, 28, '7861024814164', 8.00, 0.00),
(12763, 28, '999990000144', 9.00, 0.00),
(12764, 28, '999990004779', -1.00, 0.00),
(12765, 28, '999990000143', 15.00, 0.00),
(12766, 28, '9018', 1.00, 0.00),
(12767, 28, '9019', 7.00, 0.00),
(12768, 28, '9020', 1.00, 0.00),
(12769, 28, '9021', 2.00, 0.00),
(12770, 28, '9022', 9.00, 0.00),
(12771, 28, '9023', 8.00, 0.00),
(12772, 28, '9024', 7.00, 0.00),
(12773, 28, '9025', 1.00, 0.00),
(12774, 28, '6955549381285', 7.00, 0.00),
(12775, 28, '6912316456409', 3.00, 0.00),
(12776, 28, '7891112072626', 1.00, 0.00),
(12777, 28, '7891112053175', 2.00, 0.00),
(12778, 28, '6913718073102', 4.00, 0.00),
(12779, 28, '6913718073089', 20.00, 0.00),
(12780, 28, '7891112072619', 0.00, 0.00),
(12781, 28, '7861006002114', 4.00, 0.00),
(12782, 28, '7861006000134', 68.00, 0.00),
(12783, 28, '999990000894', 3.00, 0.00),
(12784, 28, '999990000895', 1.00, 0.00),
(12785, 28, '7750062950296', 9.00, 0.00),
(12786, 28, '7750062002001', 8.00, 0.00),
(12787, 28, '7861192366212', 6.00, 0.00),
(12788, 28, '6935780122021', 4.00, 0.00),
(12789, 28, '7750062227367', 2.00, 0.00),
(12790, 28, '7750062026441', 2.00, 0.00),
(12791, 28, '7750062026502', 11.00, 0.00),
(12792, 28, '7750062227374', 1.00, 0.00),
(12793, 28, '7750062026465', 4.00, 0.00),
(12794, 28, '7750062002568', 0.00, 0.00),
(12795, 28, '9026', 8.00, 0.00),
(12796, 28, '7861212324949', 16.00, 0.00),
(12797, 28, '7861212316678', 11.00, 0.00),
(12798, 28, '9027', 0.00, 0.00),
(12799, 28, '9028', 6.00, 0.00),
(12800, 28, '9029', 3.00, 0.00),
(12801, 28, '6916823193239', 4.00, 0.00),
(12802, 28, '6916823193246', 1.00, 0.00),
(12803, 28, '6916823193253', 3.00, 0.00),
(12804, 28, '999990003808', 2.00, 0.00),
(12805, 28, '999990003810', 1.00, 0.00),
(12806, 28, '999990003809', 3.00, 0.00),
(12807, 28, '999990004431', 2.00, 0.00),
(12808, 28, '999990004430', 0.00, 0.00),
(12809, 28, '7750062594469', 9.00, 0.00),
(12810, 28, '7750062572566', 7.00, 0.00),
(12811, 28, '7750062594452', 2.00, 0.00),
(12812, 28, '7750062572573', 2.00, 0.00),
(12813, 28, '7861024832571', 13.00, 0.00),
(12814, 28, '6900023193502', 4.00, 0.00),
(12815, 28, '6900023193519', 3.00, 0.00),
(12816, 28, '888880000965', 6.00, 0.00),
(12817, 28, '999990001741', 1.00, 0.00),
(12818, 28, '9030', 7.00, 0.00),
(12819, 28, '7702437068761', 5.00, 0.00),
(12820, 28, '7702437068792', 5.00, 0.00),
(12821, 28, '7702437068839', 7.00, 0.00),
(12822, 28, '7702437068648', 1.00, 0.00),
(12823, 28, '7861212326301', 8.00, 0.00),
(12824, 28, '7861212325519', 11.00, 0.00),
(12825, 28, '7861212325489', 16.00, 0.00),
(12826, 28, '7750062007655', 12.00, 0.00),
(12827, 28, '7750062007648', 12.00, 0.00),
(12828, 28, '7750062007662', 10.00, 0.00),
(12829, 28, '7750062007679', 5.00, 0.00),
(12830, 28, '7750062012581', 1.00, 0.00),
(12831, 28, '7750062007631', 8.00, 0.00),
(12832, 28, '7750062007594', 11.00, 0.00),
(12833, 28, '7750062007600', 1.00, 0.00),
(12834, 28, '7861203465408', 1.00, 0.00),
(12835, 28, '7702437249924', 6.00, 0.00),
(12836, 28, '9031', 4.00, 0.00),
(12837, 28, '7482023004112', 1.00, 0.00),
(12838, 28, '7750062000427', 5.00, 0.00),
(12839, 28, '7750062765609', 9.00, 0.00),
(12840, 28, '6949186402250', 4.00, 0.00),
(12841, 28, '9032', 3.00, 0.00),
(12842, 28, '7750062023082', 2.00, 0.00),
(12843, 28, '7861026966502', 3.00, 0.00),
(12844, 28, '7750062199862', 11.00, 0.00),
(12845, 28, '7750062594506', 8.00, 0.00),
(12846, 28, '7861192440462', 8.00, 0.00),
(12847, 28, '7861192440325', 11.00, 0.00),
(12848, 28, '7861192440080', 8.00, 0.00),
(12849, 28, '7861192439947', 1.00, 0.00),
(12850, 28, '7750062011911', 10.00, 0.00),
(12851, 28, '7861203491889', 20.00, 0.00),
(12852, 28, '999990003854', 26.00, 0.00);
INSERT INTO `cantbodegas` (`id`, `idBodega`, `idProducto`, `cantidad`, `proceso`) VALUES
(12853, 28, '999990003569', 8.00, 0.00),
(12854, 28, '7861192426749', 370.00, 0.00),
(12855, 28, '7868000455205', 11.00, 0.00),
(12856, 28, '7862120851015', 14.00, 0.00),
(12857, 28, '6920004920804', 2.00, 0.00),
(12858, 28, '6945432134210', 1.00, 0.00),
(12859, 28, '6920007940809', 5.00, 0.00),
(12860, 28, 'MTXC95H', 3.00, 0.00),
(12861, 28, '7750062328774', 35.00, 0.00),
(12862, 28, '9033', 10.00, 0.00),
(12863, 28, '999990001123', 8.00, 0.00),
(12864, 28, '999990001864', 3.00, 0.00),
(12865, 28, '999990001135', 2.00, 0.00),
(12866, 28, '999990001136', 1.00, 0.00),
(12867, 28, '6935311358127', 4.00, 0.00),
(12868, 28, '999990001849', 1.00, 0.00),
(12869, 28, '6978902663286', 5.00, 0.00),
(12870, 28, '6978902663293', 2.00, 0.00),
(12871, 28, '6978902663309', 4.00, 0.00),
(12872, 28, '6935780140193', 13.00, 0.00),
(12873, 28, '6935780140179', 22.00, 0.00),
(12874, 28, '6960047225122', 2.00, 0.00),
(12875, 28, '7750308011293', 4.00, 0.00),
(12876, 28, '7750308009153', 1.00, 0.00),
(12877, 28, '999990000864', 4.00, 0.00),
(12878, 28, '6920228230642', 24.00, 0.00),
(12879, 28, '999990004406', 16.00, 0.00),
(12880, 28, '8651040505', 2.00, 0.00),
(12881, 28, '9034', 2.00, 0.00),
(12882, 28, '7861080622499', 15.00, 0.00),
(12883, 28, '5796201770457', 3.00, 0.00),
(12884, 28, '7861026920740', 2.00, 0.00),
(12885, 28, '6982023191771', 1.00, 0.00),
(12886, 28, '6957660759011', 1.00, 0.00),
(12887, 28, '6922315221830', 2.00, 0.00),
(12888, 28, '6992050562826', 3.00, 0.00),
(12889, 28, '7750062199916', 5.00, 0.00),
(12890, 28, '6902023193421', 2.00, 0.00),
(12891, 28, '6941004012368', 5.00, 0.00),
(12892, 28, '6908723181171', 4.00, 0.00),
(12893, 28, '999990003778', 4.00, 0.00),
(12894, 28, '9035', 5.00, 0.00),
(12895, 28, '6900023354019', 3.00, 0.00),
(12896, 28, '6920189990036', 4.00, 0.00),
(12897, 28, '6960047053220', 1.00, 0.00),
(12898, 28, '6954125874340', 1.00, 0.00),
(12899, 28, '6960047053190', 1.00, 0.00),
(12900, 28, '6973010390185', 4.00, 0.00),
(12901, 28, '999990001132', 5.00, 0.00),
(12902, 28, '6584599225197', 5.00, 0.00),
(12903, 28, '6918261202122', 6.00, 0.00),
(12904, 28, '7861026934259', 0.00, 0.00),
(12905, 28, '6964445485027', 2.00, 0.00),
(12906, 28, '6945656500051', 7.00, 0.00),
(12907, 28, '7891116150016', 2.00, 0.00),
(12908, 28, '6928202025253', 2.00, 0.00),
(12909, 28, '6990003022656', 7.00, 0.00),
(12910, 28, '6916372346179', 8.00, 0.00),
(12911, 28, '6916372346216', 7.00, 0.00),
(12912, 28, '6955923182361', 2.00, 0.00),
(12913, 28, '6916372346193', 13.00, 0.00),
(12914, 28, '6923081101235', 8.00, 0.00),
(12915, 28, '6923450606520', 2.00, 0.00),
(12916, 28, '6923450626177', 2.00, 0.00),
(12917, 28, '9039', 5.00, 0.00),
(12918, 28, '6905592234311', 4.00, 0.00),
(12919, 28, '999990003947', 4.00, 0.00),
(12920, 28, '9036', 8.00, 0.00),
(12921, 28, '9037', 7.00, 0.00),
(12922, 28, '9038', 4.00, 0.00),
(12923, 28, '6903042309398', 2.00, 0.00),
(12924, 28, '6922110352012', 2.00, 0.00),
(12925, 28, '6907075050173', 18.00, 0.00),
(12926, 28, '6920181643244', 5.00, 0.00),
(12927, 28, '5796201880644', 3.00, 0.00),
(12928, 28, '999990000080', 3.00, 0.00),
(12929, 28, '999990001207', 3.00, 0.00),
(12930, 28, '999990003740', 1.00, 0.00),
(12931, 28, '6907075050197', 2.00, 0.00),
(12932, 28, '6920220395301', 5.00, 0.00),
(12933, 28, '6985682573216', 15.00, 0.00),
(12934, 28, '7750062022863', 4.00, 0.00),
(12935, 28, '2018031700354', 8.00, 0.00),
(12936, 28, '6985264727020', 6.00, 0.00),
(12937, 28, '6999923181085', 9.00, 0.00),
(12938, 28, '6920921440027', 4.00, 0.00),
(12939, 28, '6956115622320', 12.00, 0.00),
(12940, 28, '2019031200530', 1.00, 0.00),
(12941, 28, '999990003566', 1.00, 0.00),
(12942, 28, '999990000074', 3.00, 0.00),
(12943, 28, '6920220395233', 3.00, 0.00),
(12944, 28, '7703036010397', 8.00, 0.00),
(12945, 28, '7750062199251', 8.00, 0.00),
(12946, 28, '6920220039571', 3.00, 0.00),
(12947, 28, '6944641412102', 4.00, 0.00),
(12948, 28, '6923880957414', 2.00, 0.00),
(12949, 28, '7894561107505', 1.00, 0.00),
(12950, 28, '8418558387108', 3.00, 0.00),
(12951, 28, '6960047020284', 2.00, 0.00),
(12952, 28, '6960047020314', 1.00, 0.00),
(12953, 28, '6945132120278', 1.00, 0.00),
(12954, 28, '6960047020291', 1.00, 0.00),
(12955, 28, '6920161280155', 5.00, 0.00),
(12956, 28, '6923606691172', 5.00, 0.00),
(12957, 28, '6936867216640', 3.00, 0.00),
(12958, 28, '6920220395141', 0.00, 0.00),
(12959, 28, '6920220395264', 0.00, 0.00),
(12960, 28, '6988032124847', 5.00, 0.00),
(12961, 28, '6916030024432', 4.00, 0.00),
(12962, 28, '6972119861046', 4.00, 0.00),
(12963, 28, '6830784226860', 2.00, 0.00),
(12964, 28, '6924321526152', 5.00, 0.00),
(12965, 28, '6920228164015', 8.00, 0.00),
(12966, 28, '7750062007884', 2.00, 0.00),
(12967, 28, '7861026986036', 2.00, 0.00),
(12968, 28, '7861026986012', 2.00, 0.00),
(12969, 28, '7861026986005', 2.00, 0.00),
(12970, 28, '6998423192997', 12.00, 0.00),
(12971, 28, '6916823193130', 1.00, 0.00),
(12972, 28, '6924634788537', 1.00, 0.00),
(12973, 28, '6958475288178', 1.00, 0.00),
(12974, 28, '1236', 2.00, 0.00),
(12975, 28, '6987658764321', 2.00, 0.00),
(12976, 28, '6906473277434', 1.00, 0.00),
(12977, 28, '5823839252203', 5.00, 0.00),
(12978, 28, '2018060400461', 2.00, 0.00),
(12979, 28, '7861026986029', 1.00, 0.00),
(12980, 28, '8697950733021', 2.00, 0.00),
(12981, 28, '7861169006288', 2.00, 0.00),
(12982, 28, '7861026993669', 4.00, 0.00),
(12983, 28, '6998423192713', 2.00, 0.00),
(12984, 28, '9040', 5.00, 0.00),
(12985, 28, '6901529824346', 4.00, 0.00),
(12986, 28, '6988801933144', 1.00, 0.00),
(12987, 28, '6920921440096', 4.00, 0.00),
(12988, 28, '999990003603', 2.00, 0.00),
(12989, 28, '7750062006191', 3.00, 0.00),
(12990, 28, '7861191904606', 5.00, 0.00),
(12991, 28, '7750062950364', 3.00, 0.00),
(12992, 28, '7750062000281', 0.00, 0.00),
(12993, 28, '7750062199978', 2.00, 0.00),
(12994, 28, '6998423192799', 1.00, 0.00),
(12995, 28, '6998423192768', 5.00, 0.00),
(12996, 28, '6998423192751', 5.00, 0.00),
(12997, 28, '6998423192744', 3.00, 0.00),
(12998, 28, '7750062013236', 3.00, 0.00),
(12999, 28, '7750062696668', 6.00, 0.00),
(13000, 28, '7750062010525', 8.00, 0.00),
(13001, 28, '7752316000016', 7.00, 0.00),
(13002, 28, '7861212366017', 5.00, 0.00),
(13003, 28, '7861212366000', 5.00, 0.00),
(13004, 28, '7861184947542', 12.00, 0.00),
(13005, 28, '999990004402', 0.00, 0.00),
(13006, 28, '6959546570475', 1.00, 0.00),
(13007, 28, '2018060400164', 2.00, 0.00),
(13008, 28, '6975254123550', 10.00, 0.00),
(13009, 28, '7750062173206', 7.00, 0.00),
(13010, 28, '6920228221923', 4.00, 0.00),
(13011, 28, '7861169006110', 2.00, 0.00),
(13012, 28, '999990001816', 1.00, 0.00),
(13013, 28, '6902023222831', 1.00, 0.00),
(13014, 28, '7891112052499', 1.00, 0.00),
(13015, 28, '999990001129', 0.00, 0.00),
(13016, 28, '7861204396237', 1.00, 0.00),
(13017, 28, '9042', 3.00, 0.00),
(13018, 28, '9043', 0.00, 0.00),
(13019, 28, '7861198872045', 1.00, 0.00),
(13020, 28, '7861169007476', 3.00, 0.00),
(13021, 28, '6920921440164', 5.00, 0.00),
(13022, 28, '9044', 35.00, 0.00),
(13023, 28, '6955549381223', 7.00, 0.00),
(13024, 28, '34264445499', 8.00, 0.00),
(13025, 28, '6998110091701', 5.00, 0.00),
(13026, 28, '7750308009160', 8.00, 0.00),
(13027, 28, '7750062199879', 7.00, 0.00),
(13028, 28, '7750062010839', 26.00, 0.00),
(13029, 28, '7750062010846', 19.00, 0.00),
(13030, 28, '7861024936347', 1.00, 0.00),
(13031, 28, '6945656500013', 3.00, 0.00),
(13032, 28, '999990004405', 2.00, 0.00),
(13033, 28, '7702628000167', 3.00, 0.00),
(13034, 28, '2114345678591', 3.00, 0.00),
(13035, 28, '7750308007890', 2.00, 0.00),
(13036, 28, '7750308007876', 2.00, 0.00),
(13037, 28, '7750062253519', 6.00, 0.00),
(13038, 28, '648054127849', 3.00, 0.00),
(13039, 28, '7862115683447', 0.00, 0.00),
(13040, 28, '7861192365161', 4.00, 0.00),
(13041, 28, '7861024856195', 0.00, 0.00),
(13042, 28, '6201709220032', 7.00, 0.00),
(13043, 28, '7861212373459', 1.00, 0.00),
(13044, 28, '7750062006481', 0.00, 0.00),
(13045, 28, '7705152126105', 4.00, 0.00),
(13046, 28, '9045', 17.00, 0.00),
(13047, 28, '7861024821452', 6.00, 0.00),
(13048, 28, '9046', 0.00, 0.00),
(13049, 28, '7862134422539', 7.00, 0.00),
(13050, 28, '9047', 2.00, 0.00),
(13051, 28, '9048', 3.00, 0.00),
(13052, 28, '7862116039038', 1.00, 0.00),
(13053, 28, '999990004849', 4.00, 0.00),
(13054, 28, '7861203450251', 1.00, 0.00),
(13055, 28, '7861203478484', 3.00, 0.00),
(13056, 28, '7861212325083', 0.00, 0.00),
(13057, 28, '7861212357749', 2.00, 0.00),
(13058, 28, '7861024945967', 2.00, 0.00),
(13059, 28, '7861024945974', 2.00, 0.00),
(13060, 28, '7750062005507', 1.00, 0.00),
(13061, 28, '7861191904927', 10.00, 0.00),
(13062, 28, '6935780140216', 4.00, 0.00),
(13063, 28, '6935780140230', 2.00, 0.00),
(13064, 28, '6944641430878', 1.00, 0.00),
(13065, 28, '6935780140902', 2.00, 0.00),
(13066, 28, '648054123513', 3.00, 0.00),
(13067, 28, '6938071240459', 5.00, 0.00),
(13068, 28, '7828062023088', 4.00, 0.00),
(13069, 28, '6935780140889', 4.00, 0.00),
(13070, 28, '6944641430885', 1.00, 0.00),
(13071, 28, '6944641430861', 1.00, 0.00),
(13072, 28, '5796201770464', 3.00, 0.00),
(13073, 28, '6926986819280', 2.00, 0.00),
(13074, 28, '6935780140728', 5.00, 0.00),
(13075, 28, '6935780140285', 1.00, 0.00),
(13076, 28, '6935780141176', 2.00, 0.00),
(13077, 28, '6935780140353', 1.00, 0.00),
(13078, 28, '9049', 3.00, 0.00),
(13079, 28, '6921022240356', 0.00, 0.00),
(13080, 28, '6916823193208', 7.00, 0.00),
(13081, 28, '7750062187067', 3.00, 0.00),
(13082, 28, '7861024816908', 0.00, 0.00),
(13083, 28, '7861212376146', 3.00, 0.00),
(13084, 28, '7861212376153', 3.00, 0.00),
(13085, 28, '7750062019337', 9.00, 0.00),
(13086, 28, '7750062019320', 8.00, 0.00),
(13087, 28, '7750062005743', 10.00, 0.00),
(13088, 28, '7862116037676', 10.00, 0.00),
(13089, 28, '7750062005262', 0.00, 0.00),
(13090, 28, '7861203471577', 1.00, 0.00),
(13091, 28, '7861203471584', 2.00, 0.00),
(13092, 28, '7861024833585', 3.00, 0.00),
(13093, 28, '7750062007419', 2.00, 0.00),
(13094, 28, '7861024835268', 1.00, 0.00),
(13095, 28, '7861203471607', 2.00, 0.00),
(13096, 28, '999990004629', 5.00, 0.00),
(13097, 28, '7862116036426', 3.00, 0.00),
(13098, 28, '7861203452514', 1.00, 0.00),
(13099, 28, '7750062001608', 1.00, 0.00),
(13100, 28, '999990004916', 3.00, 0.00),
(13101, 28, '9050', 0.00, 0.00),
(13102, 28, '9051', 0.00, 0.00),
(13103, 28, '999990002100', 5.00, 0.00),
(13104, 28, '7702437997405', 2.00, 0.00),
(13105, 28, '7861192366281', 2.00, 0.00),
(13106, 28, '8698532593668', 0.00, 0.00),
(13107, 28, '7750062001103', 6.00, 0.00),
(13108, 28, '7750062001097', 2.00, 0.00),
(13109, 28, '7750062021675', 2.00, 0.00),
(13110, 28, '7750062006283', 1.00, 0.00),
(13111, 28, '7861203486465', 2.00, 0.00),
(13112, 28, '7750062006276', 2.00, 0.00),
(13113, 28, '7750062008294', 3.00, 0.00),
(13114, 28, '7750062010273', 2.00, 0.00),
(13115, 28, '2018060600502', 4.00, 0.00),
(13116, 28, '7750062006764', 2.00, 0.00),
(13117, 28, '7750062006771', 6.00, 0.00),
(13118, 28, '7750062006788', 1.00, 0.00),
(13119, 28, '6988502030135', 1.00, 0.00),
(13120, 28, '6988502030128', 1.00, 0.00),
(13121, 28, '6931742106399', 3.00, 0.00),
(13122, 28, '999990001675', 6.00, 0.00),
(13123, 28, '7750062002131', 6.00, 0.00),
(13124, 28, '7861212365973', 2.00, 0.00),
(13125, 28, '7861212365980', 1.00, 0.00),
(13126, 28, '9053', 3.00, 0.00),
(13127, 28, '7750062765258', 6.00, 0.00),
(13128, 28, '7750062999608', 5.00, 0.00),
(13129, 28, '7750062999615', 1.00, 0.00),
(13130, 28, '7750062000076', 1.00, 0.00),
(13131, 28, '999990001716', -1.00, 0.00),
(13132, 28, '7861009100275', -1.00, 0.00),
(13133, 28, '7750062025819', 5.00, 0.00),
(13134, 28, '7862116036396', 4.00, 0.00),
(13135, 28, '7862116036365', 4.00, 0.00),
(13136, 28, '7862116036389', 0.00, 0.00),
(13137, 28, '7862122662923', 3.00, 0.00),
(13138, 28, '7750062899021', 3.00, 0.00),
(13139, 28, '7862122662886', 5.00, 0.00),
(13140, 28, '7861212352256', 3.00, 0.00),
(13141, 28, '7861024833790', 2.00, 0.00),
(13142, 28, '7750062001073', 5.00, 0.00),
(13143, 28, '7750062001066', 2.00, 0.00),
(13144, 28, '7750062001059', 2.00, 0.00),
(13145, 28, '9054', 1.00, 0.00),
(13146, 28, '9055', 15.00, 0.00),
(13147, 28, '9056', 12.00, 0.00),
(13148, 28, '7861024892698', 6.00, 0.00),
(13149, 28, '9057', 5.00, 0.00),
(13150, 28, '2018062300196', 6.00, 0.00),
(13151, 28, '999990000115', 1.00, 0.00),
(13152, 28, '999990000116', 2.00, 0.00),
(13153, 28, '999990000117', 2.00, 0.00),
(13154, 28, '999990004811', 2.00, 0.00),
(13155, 28, '999990004810', 2.00, 0.00),
(13156, 28, '999990004805', 2.00, 0.00),
(13157, 28, '999990004804', 1.00, 0.00),
(13158, 28, '999990000113', 1.00, 0.00),
(13159, 28, '999990000112', 2.00, 0.00),
(13160, 28, '9058', 7.00, 0.00),
(13161, 28, '9059', 3.00, 0.00),
(13162, 28, '9060', 6.00, 0.00),
(13163, 28, '6937248100374', 6.00, 0.00),
(13164, 28, '6937248102033', 7.00, 0.00),
(13165, 28, '6937248101296', 6.00, 0.00),
(13166, 28, '999990001855', 8.00, 0.00),
(13167, 28, '9061', 3.00, 0.00),
(13168, 28, '6982022395422', 3.00, 0.00),
(13169, 28, '6963161036551', 1.00, 0.00),
(13170, 28, '071287451014', 6.00, 0.00),
(13171, 28, '7861026966380', 5.00, 0.00),
(13172, 28, '9062', 15.00, 0.00),
(13173, 28, '6985741320126', 1.00, 0.00),
(13174, 28, '999990003760', 5.00, 0.00),
(13175, 28, '7861026952017', 1.00, 0.00),
(13176, 28, '7861026952031', 1.00, 0.00),
(13177, 28, '6936981236562', 1.00, 0.00),
(13178, 28, '9063', 0.00, 0.00),
(13179, 28, '6938755374623', 0.00, 0.00),
(13180, 28, '999990000668', 0.00, 0.00),
(13181, 28, '6930528899517', 1.00, 0.00),
(13182, 28, '6916341410023', -1.00, 0.00),
(13183, 28, '9064', 10.00, 0.00),
(13184, 28, '9065', 1.00, 0.00),
(13185, 28, '6996042116431', 2.00, 0.00),
(13186, 28, '6924517891200', 2.00, 0.00),
(13187, 28, '6920212116099', 2.00, 0.00),
(13188, 28, '9066', 1.00, 0.00),
(13189, 28, '9067', 2.00, 0.00),
(13190, 28, '9068', 1.00, 0.00),
(13191, 28, '034264487949', 8.00, 0.00),
(13192, 28, '034264427327', 5.00, 0.00),
(13193, 28, '034264441163', 2.00, 0.00),
(13194, 28, '034264441194', 2.00, 0.00),
(13195, 28, '034264445499', 1.00, 0.00),
(13196, 28, '9695255250013', 5.00, 0.00),
(13197, 28, '7750062010624', 2.00, 0.00),
(13198, 28, '7750062010327', 2.00, 0.00),
(13199, 28, '6935326683184', 2.00, 0.00),
(13200, 28, '7750062019634', 0.00, 0.00),
(13201, 28, '9069', 1.00, 0.00),
(13202, 28, '7750062013953', 2.00, 0.00),
(13203, 28, '7750062019610', 3.00, 0.00),
(13204, 28, '999990004777', 1.00, 0.00),
(13205, 28, '7709004191297', 2.00, 0.00),
(13206, 28, '9070', 2.00, 0.00),
(13207, 28, '9071', 4.00, 0.00),
(13208, 28, '7702147236160', 6.00, 0.00),
(13209, 28, '7750062006955', 7.00, 0.00),
(13210, 28, '6128863587538', 3.00, 0.00),
(13211, 28, '6465465445706', 1.00, 0.00),
(13212, 28, '9072', 2.00, 0.00),
(13213, 28, '9073', 2.00, 0.00),
(13214, 28, '9074', 1.00, 0.00),
(13215, 28, '9075', 7.00, 0.00),
(13216, 28, '9076', 1.00, 0.00),
(13217, 28, '6985162216251', 2.00, 0.00),
(13218, 28, '6985475632144', 1.00, 0.00),
(13219, 28, '78610046800817', 1.00, 0.00),
(13220, 28, '2018071900028', 1.00, 0.00),
(13221, 28, '999990003769', 2.00, 0.00),
(13222, 28, '999990004299', 1.00, 0.00),
(13223, 28, '7861192355742', 1.00, 0.00),
(13224, 28, '9077', 2.00, 0.00),
(13225, 28, '7861212352263', 1.00, 0.00),
(13226, 28, '7861212340352', 1.00, 0.00),
(13227, 28, '7861192349741', 1.00, 0.00),
(13228, 28, '7750062005293', 1.00, 0.00),
(13229, 28, '7702437952015', 1.00, 0.00),
(13230, 28, '9078', 5.00, 0.00),
(13231, 28, '9079', 27.00, 0.00),
(13232, 28, '9080', 1.00, 0.00),
(13233, 28, '9999990000128', 4.00, 0.00),
(13234, 28, '9081', 6.00, 0.00),
(13235, 28, '999990004855', 1.00, 0.00),
(13236, 28, '2018060401529', 3.00, 0.00),
(13237, 28, '9082', 1.00, 0.00),
(13238, 28, '999990000263', 1.00, 0.00),
(13239, 28, '6936236936162', 1.00, 0.00),
(13240, 28, '7861212376160', 1.00, 0.00),
(13241, 28, '7861212327582', 1.00, 0.00),
(13242, 28, '7861212343636', 1.00, 0.00),
(13243, 28, '7705152107982', 2.00, 0.00),
(13244, 28, '7705152037913', 3.00, 0.00),
(13245, 28, '7861026966557', 2.00, 0.00),
(13246, 28, '7750062008225', 7.00, 0.00),
(13247, 28, '2019030600140', 7.00, 0.00),
(13248, 28, '999990000037', 1.00, 0.00),
(13249, 28, '7861211059682', 3.00, 0.00),
(13250, 28, '7861211059699', 5.00, 0.00),
(13251, 28, '6935780110097', 15.00, 0.00),
(13252, 28, '6935780118734', 3.00, 0.00),
(13253, 28, '6935780118772', 1.00, 0.00),
(13254, 28, '6935780110738', 1.00, 0.00),
(13255, 28, '6987527802260', 3.00, 0.00),
(13256, 28, '6901200083173', 0.00, 0.00),
(13257, 28, '6900000043288', 1.00, 0.00),
(13258, 28, '7450004114303', 3.00, 0.00),
(13259, 28, '4958921411282', 1.00, 0.00),
(13260, 28, '6900000972700', 2.00, 0.00),
(13261, 28, '6968662020016', 1.00, 0.00),
(13262, 28, '6900002132577', 2.00, 0.00),
(13263, 28, '6972526480403', 1.00, 0.00),
(13264, 28, '6968662020054', 5.00, 0.00),
(13265, 28, '6904142309387', 1.00, 0.00),
(13266, 28, '6932842088042', 1.00, 0.00),
(13267, 28, '6932842088028', 1.00, 0.00),
(13268, 28, '6908723181195', 4.00, 0.00),
(13269, 28, '999990003780', 1.00, 0.00),
(13270, 28, '6957136000241', 3.00, 0.00),
(13271, 28, '7861203486458', 0.00, 0.00),
(13272, 28, '7861203486434', 3.00, 0.00),
(13273, 28, '7862115685700', 13.00, 0.00),
(13274, 28, '7750062020593', 2.00, 0.00),
(13275, 28, '7750062020586', 4.00, 0.00),
(13276, 28, '7750062020609', 1.00, 0.00),
(13277, 28, '9083', 0.00, 0.00),
(13278, 28, '999990001784', 3.00, 0.00),
(13279, 28, '7861191938687', 10.00, 0.00),
(13280, 28, '6900023193458', 16.00, 0.00),
(13281, 28, '6900023193465', 11.00, 0.00),
(13282, 28, '6900023193472', 13.00, 0.00),
(13283, 28, '6900023193489', 18.00, 0.00),
(13284, 28, '7862115684932', 11.00, 0.00),
(13285, 28, '7750308277040', 3.00, 0.00),
(13286, 28, '999990003858', 5.00, 0.00),
(13287, 28, '999990003567', 2.00, 0.00),
(13288, 28, '9084', 1.00, 0.00),
(13289, 28, '999990001835', 1.00, 0.00),
(13290, 28, '6959546570536', 4.00, 0.00),
(13291, 28, '2019031100502', 5.00, 0.00),
(13292, 28, '999990001843', 5.00, 0.00),
(13293, 28, '9085', 1.00, 0.00),
(13294, 28, '9086', 2.00, 0.00),
(13295, 28, '999990001845', 4.00, 0.00),
(13296, 28, '6955923182514', 4.00, 0.00),
(13297, 28, '999990001844', 10.00, 0.00),
(13298, 28, '7816747079949', 2.00, 0.00),
(13299, 28, '999990000228', 2.00, 0.00),
(13300, 28, '999990000226', 1.00, 0.00),
(13301, 28, '999990000227', 0.00, 0.00),
(13302, 28, '999990000229', 2.00, 0.00),
(13303, 28, '6998167625027', 2.00, 0.00),
(13304, 28, '6998167625010', 0.00, 0.00),
(13305, 28, '9087', 7.00, 0.00),
(13306, 28, '7861026910925', 3.00, 0.00),
(13307, 28, '7865589012249', 6.00, 0.00),
(13308, 28, '7861026910932', 1.00, 0.00),
(13309, 28, '9088', 8.00, 0.00),
(13310, 28, '7865589012232', 2.00, 0.00),
(13311, 28, '999990001540', 3.00, 0.00),
(13312, 28, '2019053000477', 2.00, 0.00),
(13313, 28, '999990001829', 3.00, 0.00),
(13314, 28, '7750308003915', 3.00, 0.00),
(13315, 28, '999990001873', 3.00, 0.00),
(13316, 28, '999990001875', 3.00, 0.00),
(13317, 28, '6989102021073', 1.00, 0.00),
(13318, 28, '6922276332767', 5.00, 0.00),
(13319, 28, '7861026910147', 14.00, 0.00),
(13320, 28, '7861026910123', 16.00, 0.00),
(13321, 28, '6945656500020', 1.00, 0.00),
(13322, 28, '7861026910130', 17.00, 0.00),
(13323, 28, '6945656500082', 20.00, 0.00),
(13324, 28, '7750062021644', 7.00, 0.00),
(13325, 28, '9089', 3.00, 0.00),
(13326, 28, '9090', 2.00, 0.00),
(13327, 28, '9091', 1.00, 0.00),
(13328, 28, '999990001758', 2.00, 0.00),
(13329, 28, '999990001757', 2.00, 0.00),
(13330, 28, '999990001527', 2.00, 0.00),
(13331, 28, '9092', 0.00, 0.00),
(13332, 28, '9093', 1.00, 0.00),
(13333, 28, '999990002369', 4.00, 0.00),
(13334, 28, '9094', 1.00, 0.00),
(13335, 28, '999990003969', 0.00, 0.00),
(13336, 28, '999990003970', 3.00, 0.00),
(13337, 28, '6958954662130', 2.00, 0.00),
(13338, 28, '6902020120048', 3.00, 0.00),
(13339, 28, '6900602700183', 4.00, 0.00),
(13340, 28, '9095', 1.00, 0.00),
(13341, 28, '6965885200164', 2.00, 0.00),
(13342, 28, '6958842210184', 2.00, 0.00),
(13343, 28, '6965885200041', 3.00, 0.00),
(13344, 28, '6965885200027', 4.00, 0.00),
(13345, 28, '6958954662079', 4.00, 0.00),
(13346, 28, '6958954662178', 0.00, 0.00),
(13347, 28, '6965885200058', 2.00, 0.00),
(13348, 28, '6916030207101', 1.00, 0.00),
(13349, 28, '6958954662062', 0.00, 0.00),
(13350, 28, '6958954662161', 1.00, 0.00),
(13351, 28, '6958954662109', 5.00, 0.00),
(13352, 28, '6985297600024', 2.00, 0.00),
(13353, 28, '6958954662093', 2.00, 0.00),
(13354, 28, '7861204396275', 1.00, 0.00),
(13355, 28, '7861204396244', 1.00, 0.00),
(13356, 28, '6982018027757', 3.00, 0.00),
(13357, 28, '6958842210016', 3.00, 0.00),
(13358, 28, '6901002441065', 2.00, 0.00),
(13359, 28, '6920228221930', 5.00, 0.00),
(13360, 28, '6958842210207', 2.00, 0.00),
(13361, 28, '999990005144', 2.00, 0.00),
(13362, 28, '999990005143', 3.00, 0.00),
(13363, 28, '9096', 16.00, 0.00),
(13364, 28, '9097', 2.00, 0.00),
(13365, 28, '999990003717', 3.00, 0.00),
(13366, 28, '6915414245234', 2.00, 0.00),
(13367, 28, '999990000097', 6.00, 0.00),
(13368, 28, '2019030600508', 1.00, 0.00),
(13369, 28, '999990004186', 19.00, 0.00),
(13370, 28, '5881632210556', 0.00, 0.00),
(13371, 28, '6958907780171', 0.00, 0.00),
(13372, 28, '6912345678902', 5.00, 0.00),
(13373, 28, '6912008315168', 7.00, 0.00),
(13374, 28, '9098', 1.00, 0.00),
(13375, 28, '6916322000038', 20.00, 0.00),
(13376, 28, '7861042543671', 6.00, 0.00),
(13377, 28, '9099', 6.00, 0.00),
(13378, 28, '7891112052529', 1.00, 0.00),
(13379, 28, '90100', 1.00, 0.00),
(13380, 28, '90101', 21.00, 0.00),
(13381, 28, '90102', 2.00, 0.00),
(13382, 28, '6935780195049', 2.00, 0.00),
(13383, 28, '6935780181127', 3.00, 0.00),
(13384, 28, '6935780115474', 3.00, 0.00),
(13385, 28, '6935780153230', 1.00, 0.00),
(13386, 28, '6935780110141', 6.00, 0.00),
(13387, 28, '90103', 4.00, 0.00),
(13388, 28, '6935780181349', 4.00, 0.00),
(13389, 28, '6920212106861', 1.00, 0.00),
(13390, 28, '90104', 1.00, 0.00),
(13391, 28, '90105', 0.00, 0.00),
(13392, 28, '6995077248063', 9.00, 0.00),
(13393, 28, '6995077248056', 8.00, 0.00),
(13394, 28, '6995077248070', 5.00, 0.00),
(13395, 28, '6995077248087', 9.00, 0.00),
(13396, 28, '6953440598733', 1.00, 0.00),
(13397, 28, '6953440598818', 1.00, 0.00),
(13398, 28, '6953440598771', 1.00, 0.00),
(13399, 28, '6953440598726', 1.00, 0.00),
(13400, 28, '6935780110295', 1.00, 0.00),
(13401, 28, '6935780116389', 0.00, 0.00),
(13402, 28, '6935780116303', 1.00, 0.00),
(13403, 28, '6935780110103', 2.00, 0.00),
(13404, 28, '6935780118727', 1.00, 0.00),
(13405, 28, '6935780114187', 1.00, 0.00),
(13406, 28, '90106', 3.00, 0.00),
(13407, 28, '6935780197326', 2.00, 0.00),
(13408, 28, '6935780128450', 4.00, 0.00),
(13409, 28, '6907150000123', 1.00, 0.00),
(13410, 28, '90107', 3.00, 0.00),
(13411, 28, '90108', 2.00, 0.00),
(13412, 28, '6977562310110', 2.00, 0.00),
(13413, 28, '6920228221985', 1.00, 0.00),
(13414, 28, '6955688500059', 1.00, 0.00),
(13415, 28, '6977562310189', 3.00, 0.00),
(13416, 28, '692028102390', 1.00, 0.00),
(13417, 28, '6920228230413', 3.00, 0.00),
(13418, 28, '8434581502325', 6.00, 0.00),
(13419, 28, '6920228212358', 2.00, 0.00),
(13420, 28, '6920228102192', 3.00, 0.00),
(13421, 28, '6950228212006', 5.00, 0.00),
(13422, 28, '6920228212273', 2.00, 0.00),
(13423, 28, '6920228221893', 1.00, 0.00),
(13424, 28, '6920228212303', 2.00, 0.00),
(13425, 28, '6920228230482', 2.00, 0.00),
(13426, 28, '6920228210019', 2.00, 0.00),
(13427, 28, '90109', 4.00, 0.00),
(13428, 28, '90110', 2.00, 0.00),
(13429, 28, '90111', 1.00, 0.00),
(13430, 28, '90112', 3.00, 0.00),
(13431, 28, '90113', 2.00, 0.00),
(13432, 28, '90114', 1.00, 0.00),
(13433, 28, '4894616067207', 3.00, 0.00),
(13434, 28, '6916886232746', 2.00, 0.00),
(13435, 28, '90115', 1.00, 0.00),
(13436, 28, '7861204396183', 2.00, 0.00),
(13437, 28, '90116', 2.00, 0.00),
(13438, 28, '6901018019234', 2.00, 0.00),
(13439, 28, '6995552900066', 3.00, 0.00),
(13440, 28, '999990001609', 1.00, 0.00),
(13441, 28, '6955688500349', 2.00, 0.00),
(13442, 28, '90117', 2.00, 0.00),
(13443, 28, '90118', 8.00, 0.00),
(13444, 28, '90119', 19.00, 0.00),
(13445, 28, '90120', 10.00, 0.00),
(13446, 28, '90121', 3.00, 0.00),
(13447, 28, '90122', 2.00, 0.00),
(13448, 28, '90123', 2.00, 0.00),
(13449, 28, '6954212300028', 3.00, 0.00),
(13450, 28, '7750062013328', 11.00, 0.00),
(13451, 28, '7861191902688', 5.00, 0.00),
(13452, 28, '7453063207733', 4.00, 0.00),
(13453, 28, '7750308008934', 1.00, 0.00),
(13454, 28, '7861024959391', 1.00, 0.00),
(13455, 28, '7750062026229', 9.00, 0.00),
(13456, 28, '6968231902743', 1.00, 0.00),
(13457, 28, '7861191904583', 0.00, 0.00),
(13458, 28, '7702073127532', 4.00, 0.00),
(13459, 28, '7752316000436', 9.00, 0.00),
(13460, 28, '7752316000429', 10.00, 0.00),
(13461, 28, '90124', 11.00, 0.00),
(13462, 28, '7862118393510', 2.00, 0.00),
(13463, 28, '7861184922907', 1.00, 0.00),
(13464, 28, '7750062011928', 2.00, 0.00),
(13465, 28, '6935472214713', 1.00, 0.00),
(13466, 28, '6907075050203', 1.00, 0.00),
(13467, 28, '7750062001189', 1.00, 0.00),
(13468, 28, '7750062010501', 1.00, 0.00),
(13469, 28, '7702437002994', 1.00, 0.00),
(13470, 28, '90125', 8.00, 0.00),
(13471, 28, '7703036608709', 1.00, 0.00),
(13472, 28, '7861006000097', 4.00, 0.00),
(13473, 28, '90126', 3.00, 0.00),
(13474, 28, '90127', 0.00, 0.00),
(13475, 28, '999990000255', 1.00, 0.00),
(13476, 28, '7861184976672', 4.00, 0.00),
(13477, 28, '7861184976658', 1.00, 0.00),
(13478, 28, '7861184976696', 9.00, 0.00),
(13479, 28, '6972124910005', 2.00, 0.00),
(13480, 28, '7861024836197', 2.00, 0.00),
(13481, 28, '7861212334726', 1.00, 0.00),
(13482, 28, '7861212333347', 1.00, 0.00),
(13483, 28, '7861212327629', 1.00, 0.00),
(13484, 28, '7750062007259', 1.00, 0.00),
(13485, 28, '999990003975', 10.00, 0.00),
(13486, 28, '999990002116', 4.00, 0.00),
(13487, 28, '999990002117', 5.00, 0.00),
(13488, 28, '999990001067', 3.00, 0.00),
(13489, 28, '7862111300362', 0.00, 0.00),
(13490, 28, '6964762205117', 1.00, 0.00),
(13491, 28, '6909189034575', 4.00, 0.00),
(13492, 28, '6909189034599', 4.00, 0.00),
(13493, 28, '6934007810093', 3.00, 0.00),
(13494, 28, '90128', 2.00, 0.00),
(13495, 28, '6943723581729', 2.00, 0.00),
(13496, 28, '7750062000601', 1.00, 0.00),
(13497, 28, '6971648758834', 3.00, 0.00),
(13498, 28, '90129', 2.00, 0.00),
(13499, 28, '8888800027210', 1.00, 0.00),
(13500, 28, '6972111430127', 0.00, 0.00),
(13501, 28, '7750062950326', 0.00, 0.00),
(13502, 28, '7750062950319', 1.00, 0.00),
(13503, 28, '7861192366205', 21.00, 0.00),
(13504, 28, '90130', 2.00, 0.00),
(13505, 28, '90131', 3.00, 0.00),
(13506, 28, '6995922220015', 2.00, 0.00),
(13507, 28, '6995922220022', 2.00, 0.00),
(13508, 28, '6995922220039', 3.00, 0.00),
(13509, 28, '999990001002', 5.00, 0.00),
(13510, 28, '6946357111041', 4.00, 0.00),
(13511, 28, '90132', 3.00, 0.00),
(13512, 28, '90133', 6.00, 0.00),
(13513, 28, '90134', 23.00, 0.00),
(13514, 28, '90135', 14.00, 0.00),
(13515, 28, '90136', 9.00, 0.00),
(13516, 28, '90137', 1.00, 0.00),
(13517, 28, '999990004291', 11.00, 0.00),
(13518, 28, '5116821809', 2.00, 0.00),
(13519, 28, '5116821813', 4.00, 0.00),
(13520, 28, '5116821820', 9.00, 0.00),
(13521, 28, '5116821819', 9.00, 0.00),
(13522, 28, '90140', 28.00, 0.00),
(13523, 28, '90141', 8.00, 0.00),
(13524, 28, '90142', 36.00, 0.00),
(13525, 28, '2018041400077', 1.00, 0.00),
(13526, 28, '999990005106', 1.00, 0.00),
(13527, 28, '999990005112', 2.00, 0.00),
(13528, 28, '999990005110', 2.00, 0.00),
(13529, 28, '999990000050', 0.00, 0.00),
(13530, 28, '7750062001813', -1.00, 0.00),
(13531, 28, '90143', 2.00, 0.00),
(13532, 28, '5268706311416', 3.00, 0.00),
(13533, 28, '7861027570302', 3.00, 0.00),
(13534, 28, '7861053300010', 47.00, 0.00),
(13535, 28, '6971648758773', 1.00, 0.00),
(13536, 28, '90144', 7.00, 0.00),
(13537, 28, '6971648759619', 1.00, 0.00),
(13538, 28, '999990003901', 10.00, 0.00),
(13539, 28, '2018060600465', 9.00, 0.00),
(13540, 28, '90145', 11.00, 0.00),
(13541, 28, '7861027599624', 4.00, 0.00),
(13542, 28, '7861006001438', 9.00, 0.00),
(13543, 28, '90146', 9.00, 0.00),
(13544, 28, '999990001077', 4.00, 0.00),
(13545, 28, '6936236941487', 4.00, 0.00),
(13546, 28, '999990001979', 3.00, 0.00),
(13547, 28, '6921080165875', 8.00, 0.00),
(13548, 28, '999990001677', 10.00, 0.00),
(13549, 28, '6915142122128', 1.00, 0.00),
(13550, 28, '90147', 52.00, 0.00),
(13551, 28, '90148', 36.00, 0.00),
(13552, 28, '6954415811147', 13.00, 0.00),
(13553, 28, '6954415811154', 17.00, 0.00),
(13554, 28, '90149', 3.00, 0.00),
(13555, 28, '999990001066', 3.00, 0.00),
(13556, 28, '2018011500264', 2.00, 0.00),
(13557, 28, '7891112253407', 2.00, 0.00),
(13558, 28, '8843872', 2.00, 0.00),
(13559, 28, '884388', 5.00, 0.00),
(13560, 28, '884392', 1.00, 0.00),
(13561, 28, '90150', 22.00, 0.00),
(13562, 28, '7862118398577', 14.00, 0.00),
(13563, 28, '7862118398935', 11.00, 0.00),
(13564, 28, '7862118398959', 10.00, 0.00),
(13565, 28, '1000228000355', 3.00, 0.00),
(13566, 28, '1000228000348', 1.00, 0.00),
(13567, 28, '6768168738251', 6.00, 0.00),
(13568, 28, '999990002114', 9.00, 0.00),
(13569, 28, '999990003973', 4.00, 0.00),
(13570, 28, '6935693000829', 2.00, 0.00),
(13571, 28, '6935693000041', 0.00, 0.00),
(13572, 28, '999990003976', 2.00, 0.00),
(13573, 28, '6923030591017', 5.00, 0.00),
(13574, 28, '6955751554255', 4.00, 0.00),
(13575, 28, '6034470000141', 15.00, 0.00),
(13576, 28, '6959546588500', 1.00, 0.00),
(13577, 28, '7897240522200', 4.00, 0.00),
(13578, 28, '7897240579518', 5.00, 0.00),
(13579, 28, '7897240522248', 4.00, 0.00),
(13580, 28, '90151', 3.00, 0.00),
(13581, 28, '999990005629', 1.00, 0.00),
(13582, 28, '999990005630', 4.00, 0.00),
(13583, 28, '7861212355448', 2.00, 0.00),
(13584, 28, '999990004391', 14.00, 0.00),
(13585, 28, '999990004390', 10.00, 0.00),
(13586, 28, '90152', 6.00, 0.00),
(13587, 28, '7049', 31.00, 0.00),
(13588, 28, '90153', 50.00, 0.00),
(13589, 28, '90154', 50.00, 0.00),
(13590, 28, '90155', 48.00, 0.00),
(13591, 28, '90156', 4.00, 0.00),
(13592, 4, '202405061899', 10.00, 0.00),
(13593, 28, '8261', 96.00, 0.00),
(13594, 28, '10000', -44.00, 0.00),
(13595, 28, '999990005139', 3.00, 0.00),
(13596, 28, '999990005140', 2.00, 0.00),
(13597, 28, '7868000399158', 0.00, 0.00),
(13598, 28, '8262', 8.00, 0.00),
(13599, 4, 'OS7122', 10.00, 0.00),
(13600, 28, '81081', 7.00, 0.00),
(13601, 28, '81071', 17.00, 0.00),
(13602, 31, '6066', 12.00, 0.00),
(13603, 31, '5086', 4.00, 0.00),
(13604, 4, '034264427327', -5.00, 0.00),
(13605, 28, '12800042', 35.00, 0.00),
(13606, 4, '9043', 8.00, 0.00),
(13607, 28, '6954824153241', 11.00, 0.00),
(13608, 28, '6954824153265', 27.00, 0.00),
(13609, 28, '6944396616879', 17.00, 0.00),
(13610, 31, '6041', 0.00, 0.00),
(13611, 31, '7868000399134', 16.00, 0.00),
(13612, 28, '7861027570333', 0.00, 0.00),
(13613, 28, '6925600080792', 10.00, 0.00),
(13614, 28, '82631', 18.00, 0.00),
(13615, 28, '7861010908365', 60.00, 0.00),
(13616, 28, '7861010901427', 5.00, 0.00),
(13617, 28, '90157', 24.00, 0.00),
(13618, 28, '999990000659', 7.00, 0.00),
(13619, 28, '6954457818975', 1.00, 0.00),
(13620, 28, '999990000658', 8.00, 0.00),
(13621, 28, '5115', 29.00, 0.00),
(13622, 28, '5116', 25.00, 0.00),
(13623, 28, '90158', 11.00, 0.00),
(13624, 28, '90159', 150.00, 0.00),
(13625, 28, '7861000158107', 3.00, 0.00),
(13626, 28, '90160', 47.00, 0.00),
(13627, 31, '6026', 10.00, 0.00),
(13628, 28, '7862129360761', 6.00, 0.00),
(13629, 34, '1750', 998.00, 0.00),
(13630, 28, '90161', 58.00, 0.00),
(13631, 28, '90162', 3.00, 0.00),
(13632, 28, '90163', 20.00, 0.00),
(13633, 28, '90165', 24.00, 0.00),
(13634, 28, '90164', 13.00, 0.00),
(13635, 28, '90166', 20.00, 0.00),
(13636, 28, '7750308007906', 1.00, 0.00),
(13637, 28, '90167', 24.00, 0.00),
(13638, 28, '90168', 22.00, 0.00),
(13639, 28, '90169', 9.00, 0.00),
(13640, 28, '90170', 21.00, 0.00),
(13641, 28, '90171', 13.00, 0.00),
(13642, 28, '90173', 49.00, 0.00),
(13643, 28, '10400004', 67.00, 0.00),
(13644, 28, '7861027570265', 0.00, 0.00),
(13645, 28, '90174', 6.00, 0.00),
(13646, 28, '7862122120331', 40.00, 0.00),
(13647, 28, '7702458315561', 20.00, 0.00),
(13648, 33, '8263', 0.00, 0.00),
(13649, 28, '8263', 2.00, 0.00),
(13650, 28, '6910482225362', 4.00, 0.00),
(13651, 28, '999990000145', 5.00, 0.00),
(13652, 28, '90175', 30.00, 0.00),
(13653, 28, '90176', 4.00, 0.00),
(13654, 28, '90177', 15.00, 0.00),
(13655, 28, '90178', 42.00, 0.00),
(13656, 28, '90179', 18.00, 0.00),
(13657, 28, '90180', 3.00, 0.00),
(13658, 28, '90181', 4.00, 0.00),
(13659, 28, '90182', 12.00, 0.00),
(13660, 28, '90183', 10.00, 0.00),
(13661, 28, '90184', 1.00, 0.00),
(13662, 31, '7023', 3.00, 0.00),
(13663, 28, '90185', 23.00, 0.00),
(13664, 31, '7862123490921', 5.00, 0.00),
(13665, 31, '5090', 8.00, 0.00),
(13666, 28, '90186', 30.00, 0.00),
(13667, 31, '700135', 0.00, 0.00),
(13668, 28, '7861027539040', -3.00, 0.00),
(13669, 28, '90187', 27.00, 0.00),
(13670, 31, '', 2.00, 0.00),
(13671, 31, '5111', 10.00, 0.00),
(13672, 31, '5124', 8.00, 0.00),
(13673, 31, '8256', 4.00, 0.00),
(13674, 28, '7750308005056', 5.00, 0.00),
(13675, 28, '90188', 20.00, 0.00),
(13676, 28, '90189', 20.00, 0.00),
(13677, 28, '7750062026472', 1.00, 0.00),
(13678, 28, '7702458309164', 7.00, 0.00),
(13679, 28, '7861175503863', 9.00, 0.00),
(13680, 28, '6950650697659', 7.00, 0.00),
(13681, 28, '90190', 5.00, 0.00),
(13682, 28, '90191', 5.00, 0.00),
(13683, 28, '90192', 16.00, 0.00),
(13684, 28, '999990001836', 6.00, 0.00),
(13685, 28, '7861027570043', 12.00, 0.00),
(13686, 28, '7861027570692', 24.00, 0.00),
(13687, 28, '90194', 5.00, 0.00),
(13688, 28, '90195', 2.00, 0.00),
(13689, 28, ' 9059', 3.00, 0.00),
(13690, 35, '18001', -131.00, 0.00),
(13691, 35, '18003', -258.00, 0.00),
(13692, 35, '18002', -331.00, 0.00),
(13693, 28, '90196', 120.00, 0.00),
(13694, 28, '7861010910801', 48.00, 0.00),
(13695, 33, '', 1960.00, 0.00),
(13696, 3, '1001', 102.00, 0.00),
(13697, 3, '1002', 80.00, 0.00),
(13698, 28, '90197', 37.00, 0.00),
(13699, 28, '90198', 19.00, 0.00),
(13700, 28, '7750062005286', 7.00, 0.00),
(13701, 28, '6916341410030', 2.00, 0.00),
(13702, 28, '7862122662527', 11.00, 0.00),
(13703, 3, '1018', 284.00, 0.00),
(13704, 3, '1003', 36.00, 0.00),
(13705, 3, '1004', 270.00, 0.00),
(13706, 3, '1010', 96.00, 0.00),
(13707, 3, '1011', 0.00, 0.00),
(13708, 3, '1012', 48.00, 0.00),
(13709, 3, '1013', 72.00, 0.00),
(13710, 3, '1014', 12.00, 0.00),
(13711, 3, '1015', 24.00, 0.00),
(13712, 3, '1016', 108.00, 0.00),
(13713, 3, '1017', 210.00, 0.00),
(13714, 3, '1005', 0.00, 0.00),
(13715, 3, '1006', 0.00, 0.00),
(13716, 3, '1007', 676.00, 0.00),
(13717, 3, '1008', 228.00, 0.00),
(13718, 3, '1009', 80.00, 0.00),
(13719, 28, '7861010910887', 50.00, 0.00),
(13720, 28, '7868001045825', 270.00, 0.00);

-- --------------------------------------------------------

--
-- Estructura de tabla para la tabla `cargos`
--

CREATE TABLE `cargos` (
  `id_cargo` int(10) UNSIGNED NOT NULL,
  `nombre_cargo` varchar(45) NOT NULL,
  `sueldo` double NOT NULL,
  `id_departamento` int(10) UNSIGNED NOT NULL,
  `estado` varchar(45) NOT NULL,
  `id_empleado` int(10) UNSIGNED DEFAULT NULL,
  `cedula` varchar(45) DEFAULT NULL,
  `id_empresa` int(11) NOT NULL
) ENGINE=InnoDB DEFAULT CHARSET=utf8;

-- --------------------------------------------------------

--
-- Estructura de tabla para la tabla `categorias`
--

CREATE TABLE `categorias` (
  `id_categoria` int(10) UNSIGNED NOT NULL,
  `categoria` varchar(45) NOT NULL,
  `id_empresa` int(10) UNSIGNED DEFAULT NULL
) ENGINE=InnoDB DEFAULT CHARSET=utf8;

--
-- Volcado de datos para la tabla `categorias`
--

INSERT INTO `categorias` (`id_categoria`, `categoria`, `id_empresa`) VALUES
(9, 'PRODUCTOS', 1),
(10, 'SERVICIOS', 1),
(13, 'PRODUCTOS', 3),
(14, 'SERVICIOS', 3),
(15, 'PRODUCTOS', 5),
(16, 'SERVICIOS', 5),
(17, 'PRODUCTOS', 6),
(18, 'SERVICIOS', 6),
(19, 'PRODUCTOS', 7),
(20, 'SERVICIOS', 7),
(21, 'PRODUCTOS', 2),
(22, 'SERVICIOS', 2);

-- --------------------------------------------------------

--
-- Estructura de tabla para la tabla `categorias_cargos`
--

CREATE TABLE `categorias_cargos` (
  `id_categoria` int(11) NOT NULL,
  `nombre_categoria` varchar(50) COLLATE utf8_spanish2_ci NOT NULL,
  `cargos` int(11) NOT NULL,
  `id_empresa` int(11) NOT NULL
) ENGINE=InnoDB DEFAULT CHARSET=utf8 COLLATE=utf8_spanish2_ci;

-- --------------------------------------------------------

--
-- Estructura de tabla para la tabla `centro_costo`
--

CREATE TABLE `centro_costo` (
  `id_centro_costo` int(10) UNSIGNED NOT NULL,
  `id_bodega` int(10) UNSIGNED DEFAULT NULL,
  `codigo` varchar(20) NOT NULL,
  `descripcion` varchar(60) NOT NULL,
  `id_cuenta` int(11) NOT NULL,
  `tipo` varchar(15) DEFAULT NULL,
  `empresa` int(11) NOT NULL,
  `img` varchar(80) DEFAULT NULL,
  `tarifa` int(11) DEFAULT '0'
) ENGINE=InnoDB DEFAULT CHARSET=utf8;

--
-- Volcado de datos para la tabla `centro_costo`
--

INSERT INTO `centro_costo` (`id_centro_costo`, `id_bodega`, `codigo`, `descripcion`, `id_cuenta`, `tipo`, `empresa`, `img`, `tarifa`) VALUES
(16, 1, '1', 'Inventario', 2410, '1', 1, NULL, 0),
(17, 2, '2', 'Servicios', 2582, '2', 1, NULL, 0),
(26, 1, '1', 'Inventario', 4800, '1', 3, NULL, 0),
(27, 2, '2', 'Servicios', 4972, '2', 3, NULL, 0),
(62, 1, '1', 'Inventario', 13419, '1', 5, NULL, 0),
(63, 2, '2', 'Servicios', 13591, '2', 5, NULL, 0),
(64, 1, '1', 'Inventario', 13897, '1', 6, NULL, 0),
(65, 2, '2', 'Servicios', 14069, '2', 6, NULL, 0),
(66, 1, '1', 'Inventario', 14375, '1', 7, NULL, 0),
(67, 2, '2', 'Servicios', 14547, '2', 7, NULL, 0),
(68, 1, '1', 'Inventario', 14853, '1', 2, NULL, 0),
(69, 2, '2', 'Servicios', 15025, '2', 2, NULL, 0);

-- --------------------------------------------------------

--
-- Estructura de tabla para la tabla `centro_costo_empresa`
--

CREATE TABLE `centro_costo_empresa` (
  `id_centro_costo` int(11) NOT NULL,
  `detalle` varchar(100) COLLATE utf8mb4_spanish2_ci DEFAULT NULL,
  `id_empresa` int(11) NOT NULL
) ENGINE=InnoDB DEFAULT CHARSET=utf8mb4 COLLATE=utf8mb4_spanish2_ci;

--
-- Volcado de datos para la tabla `centro_costo_empresa`
--

INSERT INTO `centro_costo_empresa` (`id_centro_costo`, `detalle`, `id_empresa`) VALUES
(1, 'Ventas', 3),
(2, 'VENTAS', 2),
(3, 'COMPRAS', 2),
(4, 'VENTAS', 4),
(5, 'COMPRAS', 4),
(6, 'VENTAS', 5),
(7, 'COMPRAS', 5),
(8, 'COMPRAS', 6),
(9, 'VENTAS', 6),
(10, 'COMPRAS', 7),
(11, 'VENTAS', 7);

-- --------------------------------------------------------

--
-- Estructura de tabla para la tabla `chat`
--

CREATE TABLE `chat` (
  `chatid` int(11) NOT NULL,
  `sender_userid` int(11) NOT NULL,
  `reciever_userid` int(11) NOT NULL,
  `message` text NOT NULL,
  `timestamp` timestamp NOT NULL DEFAULT CURRENT_TIMESTAMP,
  `status` int(11) NOT NULL,
  `id_nivel` int(11) DEFAULT NULL
) ENGINE=InnoDB DEFAULT CHARSET=latin1;

-- --------------------------------------------------------

--
-- Estructura de tabla para la tabla `chat_login_details`
--

CREATE TABLE `chat_login_details` (
  `id` int(11) NOT NULL,
  `userid` int(11) NOT NULL,
  `last_activity` timestamp NOT NULL DEFAULT CURRENT_TIMESTAMP,
  `is_typing` enum('no','yes') NOT NULL
) ENGINE=InnoDB DEFAULT CHARSET=latin1;

--
-- Volcado de datos para la tabla `chat_login_details`
--

INSERT INTO `chat_login_details` (`id`, `userid`, `last_activity`, `is_typing`) VALUES
(1, 1, '2023-08-02 15:33:00', 'no'),
(2, 1, '2023-08-02 15:36:01', 'no'),
(3, 1, '2023-08-02 15:53:37', 'no'),
(4, 1, '2023-08-02 15:55:46', 'no'),
(5, 1, '2023-08-02 15:56:01', 'no'),
(6, 2, '2023-08-02 16:01:32', 'no'),
(7, 1, '2023-08-02 16:01:42', 'no'),
(8, 2, '2023-08-02 16:03:17', 'no'),
(9, 1, '2023-08-02 21:34:32', 'no'),
(10, 1, '2023-08-02 22:23:37', 'no'),
(11, 1, '2023-08-02 22:26:14', 'no'),
(12, 2, '2023-08-02 22:38:43', 'no'),
(13, 2, '2023-08-03 02:13:17', 'no'),
(14, 2, '2023-08-03 02:30:39', 'no'),
(15, 2, '2023-08-03 02:36:59', 'no'),
(16, 2, '2023-08-03 02:47:51', 'no'),
(17, 2, '2023-08-03 02:55:49', 'no'),
(18, 2, '2023-08-03 03:01:28', 'no'),
(19, 2, '2023-08-03 03:41:56', 'no'),
(20, 1, '2023-08-03 03:52:20', 'no'),
(21, 3, '2023-08-03 04:04:05', 'no'),
(22, 3, '2023-08-03 04:07:16', 'no'),
(23, 1, '2023-08-03 04:25:25', 'no'),
(24, 3, '2023-08-03 05:01:48', 'no'),
(25, 3, '2023-08-03 13:41:02', 'no'),
(26, 3, '2023-08-03 13:45:07', 'no'),
(27, 3, '2023-08-03 14:34:05', 'no'),
(28, 3, '2023-08-03 15:04:41', 'no'),
(29, 3, '2023-08-03 15:05:10', 'no'),
(30, 3, '2023-08-03 15:08:15', 'no'),
(31, 3, '2023-08-03 15:22:23', 'no'),
(32, 3, '2023-08-08 20:22:55', 'no'),
(33, 3, '2023-08-08 21:16:14', 'no'),
(34, 3, '2023-08-10 20:23:38', 'no'),
(35, 3, '2023-08-10 21:03:09', 'no'),
(36, 3, '2023-08-11 00:25:22', 'no'),
(37, 3, '2023-08-14 13:39:03', 'no'),
(38, 3, '2023-08-14 15:01:49', 'no'),
(39, 3, '2023-08-14 17:20:45', 'no'),
(40, 3, '2023-08-14 19:31:43', 'no'),
(41, 3, '2023-08-14 21:33:47', 'no'),
(42, 3, '2023-08-18 19:33:39', 'no'),
(43, 3, '2023-09-01 20:01:50', 'no'),
(44, 3, '2023-09-06 14:06:35', 'no'),
(45, 3, '2023-09-14 16:57:42', 'no'),
(46, 3, '2023-09-14 21:12:38', 'no'),
(47, 3, '2023-09-18 16:39:56', 'no'),
(48, 3, '2023-09-18 16:48:31', 'no'),
(49, 3, '2023-09-18 17:47:13', 'no'),
(50, 3, '2023-09-19 20:54:23', 'no'),
(51, 3, '2023-09-20 16:48:48', 'no'),
(52, 3, '2023-09-20 16:57:14', 'no'),
(53, 3, '2023-10-02 15:44:35', 'no'),
(54, 3, '2023-10-02 19:22:27', 'no'),
(55, 3, '2023-10-02 21:56:38', 'no'),
(56, 3, '2023-10-03 15:10:43', 'no'),
(57, 3, '2023-10-03 17:07:03', 'no'),
(58, 3, '2023-10-04 16:16:06', 'no'),
(59, 3, '2023-10-04 17:15:31', 'no'),
(60, 3, '2023-10-04 19:02:17', 'no'),
(61, 3, '2023-10-04 19:03:55', 'no'),
(62, 3, '2023-10-04 19:47:52', 'no'),
(63, 3, '2023-10-05 21:51:01', 'no'),
(64, 3, '2023-10-06 15:11:55', 'no'),
(65, 3, '2023-10-06 16:07:34', 'no'),
(66, 3, '2023-10-06 16:07:38', 'no'),
(67, 3, '2023-10-06 16:10:06', 'no'),
(68, 3, '2023-10-06 16:17:51', 'no'),
(69, 3, '2023-10-11 15:08:00', 'no'),
(70, 3, '2023-10-11 17:26:12', 'no'),
(71, 3, '2023-10-11 20:18:54', 'no'),
(72, 3, '2023-10-12 15:39:03', 'no'),
(73, 3, '2023-10-12 17:02:56', 'no'),
(74, 3, '2023-10-12 20:31:49', 'no'),
(75, 3, '2023-10-12 21:43:10', 'no'),
(76, 3, '2023-10-13 13:01:00', 'no'),
(77, 3, '2023-10-13 13:30:02', 'no'),
(78, 3, '2023-10-13 13:30:10', 'no'),
(79, 3, '2023-10-13 13:44:49', 'no'),
(80, 3, '2023-10-13 15:13:04', 'no'),
(81, 3, '2023-10-13 15:50:56', 'no'),
(82, 3, '2023-10-13 16:09:50', 'no'),
(83, 3, '2023-10-13 16:39:22', 'no'),
(84, 3, '2023-10-13 19:13:54', 'no'),
(85, 3, '2023-10-13 20:42:10', 'no'),
(86, 3, '2023-10-14 02:54:13', 'no'),
(87, 3, '2023-10-14 03:18:12', 'no'),
(88, 3, '2023-10-16 14:22:48', 'no'),
(89, 3, '2023-10-16 14:26:12', 'no'),
(90, 3, '2023-10-16 19:15:12', 'no'),
(91, 3, '2023-10-16 19:48:00', 'no'),
(92, 3, '2023-10-17 13:14:18', 'no'),
(93, 3, '2023-10-17 13:39:00', 'no'),
(94, 3, '2023-10-17 13:46:35', 'no'),
(95, 3, '2023-10-17 14:41:44', 'no'),
(96, 3, '2023-10-17 15:14:19', 'no'),
(97, 3, '2023-10-17 17:10:09', 'no'),
(98, 3, '2023-10-17 17:31:37', 'no'),
(99, 4, '2023-10-17 17:36:10', 'no'),
(100, 3, '2023-10-17 17:36:15', 'no'),
(101, 4, '2023-10-17 17:40:29', 'no'),
(102, 3, '2023-10-17 17:41:11', 'no'),
(103, 3, '2023-10-17 17:45:15', 'no'),
(104, 1, '2023-10-17 18:00:47', 'no'),
(105, 3, '2023-10-17 19:22:43', 'no'),
(106, 4, '2023-10-17 19:57:52', 'no'),
(107, 3, '2023-10-17 19:58:29', 'no'),
(108, 3, '2023-10-17 20:02:10', 'no'),
(109, 3, '2023-10-17 20:29:22', 'no'),
(110, 3, '2023-10-17 20:40:44', 'no'),
(111, 3, '2023-10-18 13:16:34', 'no'),
(112, 3, '2023-10-18 13:19:53', 'no'),
(113, 3, '2023-10-18 14:15:41', 'no'),
(114, 3, '2023-10-19 16:41:14', 'no'),
(115, 3, '2023-10-19 16:42:26', 'no'),
(116, 3, '2023-10-19 16:56:40', 'no'),
(117, 5, '2023-10-19 16:59:57', 'no'),
(118, 3, '2023-10-19 17:00:04', 'no'),
(119, 5, '2023-10-19 17:01:57', 'no'),
(120, 3, '2023-10-19 17:03:53', 'no'),
(121, 5, '2023-10-19 17:07:32', 'no'),
(122, 5, '2023-10-19 17:12:05', 'no'),
(123, 5, '2023-10-19 17:15:11', 'no'),
(124, 3, '2023-10-19 20:27:04', 'no'),
(125, 3, '2023-10-19 20:29:27', 'no'),
(126, 3, '2023-10-19 20:29:50', 'no'),
(127, 3, '2023-10-19 21:23:51', 'no'),
(128, 3, '2023-10-20 15:31:59', 'no'),
(129, 3, '2023-10-20 15:46:24', 'no'),
(130, 3, '2023-10-20 16:26:21', 'no'),
(131, 3, '2023-10-20 16:43:24', 'no'),
(132, 3, '2023-10-23 20:00:52', 'no'),
(133, 3, '2023-10-23 21:00:45', 'no'),
(134, 3, '2023-10-24 14:13:57', 'no'),
(135, 3, '2023-10-24 15:41:47', 'no'),
(136, 3, '2023-10-24 17:26:42', 'no'),
(137, 3, '2023-10-24 19:15:40', 'no'),
(138, 3, '2023-10-24 20:17:26', 'no'),
(139, 3, '2023-10-24 20:41:41', 'no'),
(140, 3, '2023-10-24 21:14:40', 'no'),
(141, 3, '2023-10-24 22:17:57', 'no'),
(142, 3, '2023-10-25 14:19:28', 'no'),
(143, 3, '2023-10-25 21:50:39', 'no'),
(144, 3, '2023-10-26 14:31:47', 'no'),
(145, 3, '2023-10-26 14:33:59', 'no'),
(146, 3, '2023-10-26 15:27:29', 'no'),
(147, 3, '2023-10-26 19:09:14', 'no'),
(148, 6, '2023-10-26 19:33:20', 'no'),
(149, 3, '2023-10-26 19:33:34', 'no'),
(150, 3, '2023-10-26 19:33:54', 'no'),
(151, 6, '2023-10-26 19:34:52', 'no'),
(152, 6, '2023-10-26 19:34:53', 'no'),
(153, 3, '2023-10-26 19:36:24', 'no'),
(154, 6, '2023-10-26 19:37:59', 'no'),
(155, 3, '2023-10-26 21:06:29', 'no'),
(156, 3, '2023-10-26 21:07:37', 'no'),
(157, 3, '2023-10-26 21:07:59', 'no'),
(158, 3, '2023-10-26 21:10:27', 'no'),
(159, 3, '2023-10-26 21:10:31', 'no'),
(160, 3, '2023-10-26 21:11:07', 'no'),
(161, 3, '2023-10-26 21:13:38', 'no'),
(162, 3, '2023-10-26 21:15:24', 'no'),
(163, 3, '2023-10-26 21:24:38', 'no'),
(164, 3, '2023-10-30 14:59:15', 'no'),
(165, 3, '2023-10-30 15:32:27', 'no'),
(166, 3, '2023-10-30 16:58:37', 'no'),
(167, 6, '2023-10-30 17:10:08', 'no'),
(168, 6, '2023-10-30 17:19:07', 'no'),
(169, 3, '2023-10-30 17:22:55', 'no'),
(170, 3, '2023-10-30 17:25:03', 'no'),
(171, 3, '2023-10-30 17:25:20', 'no'),
(172, 3, '2023-10-30 17:51:15', 'no'),
(173, 3, '2023-10-31 17:45:41', 'no'),
(174, 3, '2023-11-01 14:43:53', 'no'),
(175, 3, '2023-11-06 19:55:26', 'no'),
(176, 3, '2023-11-07 16:12:41', 'no'),
(177, 3, '2023-11-07 16:23:59', 'no'),
(178, 3, '2023-11-07 16:26:16', 'no'),
(179, 3, '2023-11-07 17:43:43', 'no'),
(180, 3, '2023-11-07 20:02:02', 'no'),
(181, 3, '2023-11-07 20:04:27', 'no'),
(182, 3, '2023-11-07 20:07:32', 'no'),
(183, 3, '2023-11-08 14:56:33', 'no'),
(184, 3, '2023-11-08 16:12:27', 'no'),
(185, 3, '2023-11-08 16:59:34', 'no'),
(186, 3, '2023-11-08 17:47:05', 'no'),
(187, 3, '2023-11-08 17:57:52', 'no'),
(188, 3, '2023-11-08 19:58:59', 'no'),
(189, 3, '2023-11-09 14:35:46', 'no'),
(190, 3, '2023-11-09 15:16:08', 'no'),
(191, 3, '2023-11-09 16:35:28', 'no'),
(192, 3, '2023-11-13 15:34:21', 'no'),
(193, 3, '2023-11-13 16:03:48', 'no'),
(194, 3, '2023-11-13 16:14:59', 'no'),
(195, 3, '2023-11-13 16:18:19', 'no'),
(196, 1, '2023-11-13 16:20:34', 'no'),
(197, 1, '2023-11-13 16:43:31', 'no'),
(198, 1, '2023-11-13 16:44:33', 'no'),
(199, 1, '2023-11-13 17:03:38', 'no'),
(200, 1, '2023-11-13 17:07:34', 'no'),
(201, 1, '2023-11-13 17:08:35', 'no'),
(202, 1, '2023-11-13 17:10:48', 'no'),
(203, 2, '2023-11-13 17:11:09', 'no'),
(204, 1, '2023-12-06 20:56:44', 'no'),
(205, 2, '2023-12-06 21:01:02', 'no'),
(206, 1, '2023-12-06 21:02:10', 'no'),
(207, 1, '2023-12-06 21:04:08', 'no'),
(208, 3, '2023-12-06 21:06:08', 'no'),
(209, 1, '2023-12-06 21:06:21', 'no'),
(210, 1, '2023-12-07 14:25:34', 'no'),
(211, 1, '2023-12-07 14:26:00', 'no'),
(212, 1, '2023-12-07 15:53:54', 'no'),
(213, 1, '2023-12-07 22:38:32', 'no'),
(214, 1, '2023-12-08 01:42:52', 'no'),
(215, 1, '2023-12-08 02:22:15', 'no'),
(216, 1, '2023-12-09 05:30:47', 'no'),
(217, 1, '2023-12-27 22:52:47', 'no'),
(218, 1, '2023-12-27 23:04:02', 'no'),
(219, 1, '2023-12-28 00:53:59', 'no'),
(220, 1, '2023-12-28 03:24:15', 'no'),
(221, 1, '2023-12-28 03:26:09', 'no'),
(222, 1, '2023-12-28 05:17:51', 'no'),
(223, 1, '2023-12-28 05:20:15', 'no'),
(224, 1, '2023-12-28 05:20:24', 'no'),
(225, 2, '2023-12-28 05:22:11', 'no'),
(226, 1, '2023-12-28 05:22:22', 'no'),
(227, 1, '2023-12-28 05:27:17', 'no'),
(228, 2, '2023-12-28 05:29:15', 'no'),
(229, 2, '2023-12-28 05:32:59', 'no'),
(230, 2, '2023-12-28 05:46:07', 'no'),
(231, 2, '2023-12-28 05:46:26', 'no'),
(232, 2, '2023-12-28 05:52:44', 'no'),
(233, 1, '2023-12-28 16:18:09', 'no'),
(234, 2, '2023-12-28 16:20:45', 'no'),
(235, 2, '2023-12-28 16:32:55', 'no'),
(236, 2, '2023-12-28 16:33:52', 'no'),
(237, 1, '2023-12-28 18:34:56', 'no'),
(238, 2, '2023-12-28 18:35:28', 'no'),
(239, 2, '2023-12-28 18:49:28', 'no'),
(240, 2, '2023-12-28 19:03:11', 'no'),
(241, 2, '2023-12-28 19:04:28', 'no'),
(242, 1, '2023-12-29 00:02:34', 'no'),
(243, 2, '2023-12-29 00:02:54', 'no'),
(244, 2, '2023-12-29 02:09:34', 'no'),
(245, 1, '2023-12-29 14:07:30', 'no'),
(246, 1, '2023-12-29 14:07:46', 'no'),
(247, 2, '2023-12-29 14:07:54', 'no'),
(248, 2, '2023-12-29 14:43:27', 'no'),
(249, 2, '2023-12-29 14:50:26', 'no'),
(250, 2, '2024-01-02 14:40:29', 'no'),
(251, 2, '2024-01-03 17:44:41', 'no'),
(252, 2, '2024-01-03 20:47:29', 'no'),
(253, 2, '2024-01-11 15:18:04', 'no'),
(254, 2, '2024-01-12 22:24:20', 'no'),
(255, 2, '2024-01-12 22:27:47', 'no'),
(256, 2, '2024-01-12 22:43:03', 'no'),
(257, 2, '2024-01-13 15:14:03', 'no'),
(258, 2, '2024-01-13 15:24:17', 'no'),
(259, 2, '2024-01-13 16:19:12', 'no'),
(260, 2, '2024-01-13 16:20:54', 'no'),
(261, 2, '2024-01-15 16:36:17', 'no'),
(262, 2, '2024-01-29 14:21:45', 'no'),
(263, 2, '2024-01-29 16:06:51', 'no'),
(264, 2, '2024-01-29 16:09:16', 'no'),
(265, 2, '2024-01-29 16:09:41', 'no'),
(266, 2, '2024-01-30 15:20:55', 'no'),
(267, 2, '2024-01-30 19:50:56', 'no'),
(268, 1, '2024-02-16 12:38:57', 'no'),
(269, 1, '2024-02-16 12:42:34', 'no'),
(270, 2, '2024-02-16 12:42:57', 'no'),
(271, 1, '2024-02-16 12:44:16', 'no'),
(272, 1, '2024-02-16 12:47:02', 'no'),
(273, 3, '2024-02-16 12:47:46', 'no'),
(274, 3, '2024-02-16 13:22:49', 'no'),
(275, 3, '2024-02-16 13:24:47', 'no'),
(276, 3, '2024-02-16 14:09:48', 'no'),
(277, 1, '2024-02-27 15:16:43', 'no'),
(278, 3, '2024-02-27 15:17:06', 'no'),
(279, 1, '2024-02-27 15:20:08', 'no'),
(280, 1, '2024-02-27 15:20:41', 'no'),
(281, 1, '2024-02-27 15:20:56', 'no'),
(282, 1, '2024-02-27 15:21:05', 'no'),
(283, 3, '2024-02-27 15:21:17', 'no'),
(284, 2, '2024-04-04 03:56:53', 'no'),
(285, 2, '2024-04-06 20:46:04', 'no'),
(286, 2, '2024-04-09 00:41:05', 'no'),
(287, 2, '2024-04-09 00:43:29', 'no'),
(288, 2, '2024-04-09 00:45:53', 'no'),
(289, 2, '2024-04-09 20:53:59', 'no'),
(290, 2, '2024-04-09 20:54:04', 'no'),
(291, 2, '2024-04-09 20:54:04', 'no'),
(292, 2, '2024-04-10 02:30:54', 'no'),
(293, 2, '2024-04-10 02:33:14', 'no'),
(294, 2, '2024-04-12 02:36:56', 'no'),
(295, 2, '2024-04-12 16:55:29', 'no'),
(296, 2, '2024-04-12 16:56:32', 'no'),
(297, 2, '2024-04-13 17:41:36', 'no'),
(298, 1, '2024-05-06 17:36:01', 'no'),
(299, 1, '2024-05-10 16:05:21', 'no'),
(300, 3, '2024-05-10 16:05:38', 'no'),
(301, 1, '2024-05-10 16:06:29', 'no'),
(302, 3, '2024-05-10 16:06:46', 'no'),
(303, 1, '2024-05-15 22:08:10', 'no'),
(304, 3, '2024-05-16 14:41:39', 'no'),
(305, 1, '2024-05-16 14:45:24', 'no'),
(306, 2, '2024-05-16 14:49:55', 'no'),
(307, 2, '2024-05-17 18:59:13', 'no'),
(308, 2, '2024-05-18 03:37:42', 'no'),
(309, 2, '2024-05-19 14:27:04', 'no'),
(310, 2, '2024-05-19 14:45:40', 'no'),
(311, 1, '2024-05-19 14:45:58', 'no'),
(312, 1, '2024-05-19 14:48:09', 'no'),
(313, 1, '2024-05-19 14:50:52', 'no'),
(314, 1, '2024-05-19 14:52:54', 'no'),
(315, 1, '2024-05-19 14:58:52', 'no'),
(316, 1, '2024-05-19 14:59:51', 'no'),
(317, 4, '2024-05-19 15:00:45', 'no'),
(318, 4, '2024-05-19 15:02:18', 'no'),
(319, 2, '2024-05-19 15:03:22', 'no'),
(320, 4, '2024-05-19 15:04:27', 'no'),
(321, 4, '2024-05-19 16:20:37', 'no'),
(322, 4, '2024-05-19 19:27:50', 'no'),
(323, 4, '2024-05-20 15:03:02', 'no'),
(324, 4, '2024-05-20 15:03:35', 'no'),
(325, 4, '2024-05-20 15:07:34', 'no'),
(326, 4, '2024-05-20 15:54:20', 'no'),
(327, 4, '2024-05-20 15:57:13', 'no'),
(328, 4, '2024-05-20 15:58:00', 'no'),
(329, 4, '2024-05-20 16:00:22', 'no'),
(330, 4, '2024-05-20 16:10:32', 'no'),
(331, 4, '2024-05-20 16:11:49', 'no'),
(332, 4, '2024-05-20 16:45:25', 'no'),
(333, 3, '2024-05-20 18:46:19', 'no'),
(334, 1, '2024-05-21 13:49:01', 'no'),
(335, 4, '2024-05-21 13:49:21', 'no'),
(336, 1, '2024-05-21 13:52:21', 'no'),
(337, 3, '2024-05-21 13:52:38', 'no'),
(338, 4, '2024-05-21 14:14:34', 'no'),
(339, 3, '2024-05-21 14:18:05', 'no'),
(340, 3, '2024-05-21 15:01:32', 'no'),
(341, 3, '2024-05-21 15:46:43', 'no'),
(342, 3, '2024-05-21 15:51:48', 'no'),
(343, 3, '2024-05-21 15:57:26', 'no'),
(344, 3, '2024-05-21 16:02:37', 'no'),
(345, 3, '2024-05-21 16:12:01', 'no'),
(346, 3, '2024-05-21 16:44:41', 'no'),
(347, 1, '2024-05-21 17:11:55', 'no'),
(348, 3, '2024-05-21 17:12:24', 'no'),
(349, 3, '2024-05-21 17:16:20', 'no'),
(350, 3, '2024-05-21 17:20:19', 'no'),
(351, 3, '2024-05-21 17:20:24', 'no'),
(352, 3, '2024-05-21 19:42:46', 'no'),
(353, 4, '2024-05-22 14:33:02', 'no'),
(354, 3, '2024-05-22 15:02:36', 'no'),
(355, 4, '2024-05-22 15:54:27', 'no'),
(356, 4, '2024-05-22 16:26:39', 'no'),
(357, 4, '2024-05-22 17:27:40', 'no'),
(358, 4, '2024-05-22 17:51:14', 'no'),
(359, 3, '2024-05-22 17:53:21', 'no'),
(360, 4, '2024-05-22 18:49:29', 'no'),
(361, 4, '2024-05-22 19:09:03', 'no'),
(362, 3, '2024-05-22 19:11:21', 'no'),
(363, 4, '2024-05-22 19:22:07', 'no'),
(364, 1, '2024-05-22 19:25:16', 'no'),
(365, 4, '2024-05-22 19:26:21', 'no'),
(366, 4, '2024-05-22 19:32:33', 'no'),
(367, 4, '2024-05-22 20:04:58', 'no'),
(368, 4, '2024-05-22 20:05:06', 'no'),
(369, 4, '2024-05-22 22:10:48', 'no'),
(370, 4, '2024-05-22 22:46:50', 'no'),
(371, 4, '2024-05-22 23:47:32', 'no'),
(372, 4, '2024-05-22 23:59:24', 'no'),
(373, 4, '2024-05-23 00:08:40', 'no'),
(374, 4, '2024-05-23 00:56:03', 'no'),
(375, 4, '2024-05-23 01:00:10', 'no'),
(376, 4, '2024-05-23 13:54:40', 'no'),
(377, 4, '2024-05-23 14:41:25', 'no'),
(378, 4, '2024-05-23 15:09:15', 'no'),
(379, 1, '2024-05-23 15:09:36', 'no'),
(380, 4, '2024-05-23 15:09:48', 'no'),
(381, 4, '2024-05-23 17:04:12', 'no'),
(382, 1, '2024-05-23 19:22:45', 'no'),
(383, 4, '2024-05-23 19:23:07', 'no'),
(384, 4, '2024-05-23 19:47:54', 'no'),
(385, 4, '2024-05-23 22:53:15', 'no'),
(386, 4, '2024-05-24 14:21:21', 'no'),
(387, 4, '2024-05-24 14:25:13', 'no'),
(388, 4, '2024-05-24 15:11:33', 'no'),
(389, 4, '2024-05-24 15:31:13', 'no'),
(390, 4, '2024-05-24 15:34:29', 'no'),
(391, 4, '2024-05-24 16:19:58', 'no'),
(392, 1, '2024-05-24 16:20:34', 'no'),
(393, 4, '2024-05-24 16:21:35', 'no'),
(394, 4, '2024-05-24 17:04:57', 'no'),
(395, 4, '2024-05-24 18:31:28', 'no'),
(396, 4, '2024-05-24 20:55:14', 'no'),
(397, 4, '2024-05-25 17:44:06', 'no'),
(398, 4, '2024-05-25 19:05:45', 'no'),
(399, 4, '2024-05-25 21:57:37', 'no'),
(400, 4, '2024-05-25 22:02:13', 'no'),
(401, 4, '2024-05-25 23:12:04', 'no'),
(402, 4, '2024-05-26 14:37:14', 'no'),
(403, 4, '2024-05-26 14:46:09', 'no'),
(404, 4, '2024-05-26 16:18:56', 'no'),
(405, 4, '2024-05-26 17:23:28', 'no'),
(406, 4, '2024-05-27 13:33:33', 'no'),
(407, 4, '2024-05-27 13:40:55', 'no'),
(408, 4, '2024-05-27 14:16:46', 'no'),
(409, 1, '2024-05-27 15:07:17', 'no'),
(410, 4, '2024-05-27 15:07:41', 'no'),
(411, 4, '2024-05-27 15:54:33', 'no'),
(412, 4, '2024-05-27 15:58:33', 'no'),
(413, 1, '2024-05-27 15:58:41', 'no'),
(414, 3, '2024-05-27 16:12:38', 'no'),
(415, 3, '2024-05-27 16:15:21', 'no'),
(416, 4, '2024-05-27 16:16:23', 'no'),
(417, 1, '2024-05-27 16:16:32', 'no'),
(418, 4, '2024-05-27 16:17:14', 'no'),
(419, 1, '2024-05-27 17:36:43', 'no'),
(420, 4, '2024-05-27 17:37:09', 'no'),
(421, 4, '2024-05-27 19:04:16', 'no'),
(422, 4, '2024-05-27 19:09:32', 'no'),
(423, 4, '2024-05-27 19:21:55', 'no'),
(424, 4, '2024-05-27 20:43:01', 'no'),
(425, 4, '2024-05-27 21:28:52', 'no'),
(426, 4, '2024-05-27 21:36:16', 'no'),
(427, 4, '2024-05-27 22:00:30', 'no'),
(428, 4, '2024-05-27 22:00:30', 'no'),
(429, 4, '2024-05-28 01:21:51', 'no'),
(430, 4, '2024-05-28 01:25:32', 'no'),
(431, 4, '2024-05-28 03:38:41', 'no'),
(432, 4, '2024-05-28 04:33:28', 'no'),
(433, 4, '2024-05-28 13:42:50', 'no'),
(434, 4, '2024-05-28 14:19:57', 'no'),
(435, 4, '2024-05-28 16:14:19', 'no'),
(436, 4, '2024-05-28 16:37:59', 'no'),
(437, 4, '2024-05-28 17:40:31', 'no'),
(438, 4, '2024-05-28 18:18:15', 'no'),
(439, 4, '2024-05-28 19:08:21', 'no'),
(440, 4, '2024-05-28 19:58:58', 'no'),
(441, 4, '2024-05-28 20:22:08', 'no'),
(442, 1, '2024-05-28 20:22:37', 'no'),
(443, 4, '2024-05-28 20:23:04', 'no'),
(444, 1, '2024-05-28 20:23:31', 'no'),
(445, 1, '2024-05-28 20:23:59', 'no'),
(446, 4, '2024-05-28 20:26:38', 'no'),
(447, 1, '2024-05-28 20:33:30', 'no'),
(448, 4, '2024-05-28 20:58:14', 'no'),
(449, 1, '2024-05-28 20:58:27', 'no'),
(450, 4, '2024-05-28 20:59:40', 'no'),
(451, 1, '2024-05-28 21:00:59', 'no'),
(452, 3, '2024-05-28 21:01:31', 'no'),
(453, 1, '2024-05-28 21:03:23', 'no'),
(454, 1, '2024-05-28 21:05:14', 'no'),
(455, 5, '2024-05-28 21:05:35', 'no'),
(456, 5, '2024-05-28 22:00:43', 'no'),
(457, 5, '2024-05-29 14:27:09', 'no'),
(458, 5, '2024-05-29 15:11:46', 'no'),
(459, 5, '2024-05-29 16:03:04', 'no'),
(460, 5, '2024-05-29 19:12:35', 'no'),
(461, 1, '2024-05-29 19:13:24', 'no'),
(462, 5, '2024-05-29 19:14:55', 'no'),
(463, 1, '2024-05-29 19:17:40', 'no'),
(464, 5, '2024-05-29 19:28:38', 'no'),
(465, 5, '2024-05-29 20:20:18', 'no'),
(466, 5, '2024-05-29 20:25:54', 'no'),
(467, 5, '2024-05-29 20:46:42', 'no'),
(468, 5, '2024-05-29 21:17:25', 'no'),
(469, 5, '2024-05-29 21:28:48', 'no'),
(470, 5, '2024-05-29 21:51:29', 'no'),
(471, 3, '2024-05-29 21:51:47', 'no'),
(472, 5, '2024-05-29 23:03:20', 'no'),
(473, 5, '2024-05-29 23:55:13', 'no'),
(474, 5, '2024-05-30 13:55:55', 'no'),
(475, 1, '2024-05-30 14:17:54', 'no'),
(476, 3, '2024-05-30 14:18:19', 'no'),
(477, 5, '2024-05-30 15:59:51', 'no'),
(478, 5, '2024-05-30 17:27:08', 'no'),
(479, 5, '2024-05-30 19:07:12', 'no'),
(480, 5, '2024-05-30 19:26:24', 'no'),
(481, 3, '2024-05-30 19:42:06', 'no'),
(482, 5, '2024-05-30 19:45:31', 'no'),
(483, 3, '2024-05-30 19:52:04', 'no'),
(484, 5, '2024-05-30 20:43:08', 'no'),
(485, 5, '2024-05-30 21:30:17', 'no'),
(486, 5, '2024-05-30 21:31:07', 'no'),
(487, 5, '2024-05-30 21:31:40', 'no'),
(488, 5, '2024-05-30 22:02:27', 'no'),
(489, 5, '2024-05-30 22:50:37', 'no'),
(490, 5, '2024-05-30 22:53:19', 'no'),
(491, 5, '2024-05-30 22:53:19', 'no'),
(492, 2, '2024-05-31 02:08:21', 'no'),
(493, 2, '2024-05-31 02:55:45', 'no'),
(494, 5, '2024-05-31 13:41:24', 'no'),
(495, 5, '2024-05-31 14:17:59', 'no'),
(496, 5, '2024-05-31 16:33:05', 'no'),
(497, 5, '2024-05-31 16:34:06', 'no'),
(498, 5, '2024-05-31 16:49:36', 'no'),
(499, 5, '2024-05-31 17:41:44', 'no'),
(500, 5, '2024-05-31 18:11:01', 'no'),
(501, 5, '2024-05-31 20:06:43', 'no'),
(502, 5, '2024-05-31 20:18:24', 'no'),
(503, 2, '2024-05-31 20:55:35', 'no'),
(504, 5, '2024-05-31 21:06:05', 'no'),
(505, 2, '2024-05-31 21:45:21', 'no'),
(506, 5, '2024-05-31 22:26:16', 'no'),
(507, 5, '2024-05-31 22:43:12', 'no'),
(508, 5, '2024-06-01 00:05:13', 'no'),
(509, 5, '2024-06-01 00:55:45', 'no'),
(510, 5, '2024-06-01 14:03:57', 'no'),
(511, 5, '2024-06-01 14:25:42', 'no'),
(512, 5, '2024-06-01 14:30:30', 'no'),
(513, 5, '2024-06-01 15:37:03', 'no'),
(514, 5, '2024-06-01 16:23:13', 'no'),
(515, 5, '2024-06-01 17:32:37', 'no'),
(516, 5, '2024-06-01 18:14:42', 'no'),
(517, 5, '2024-06-01 19:09:59', 'no'),
(518, 5, '2024-06-01 20:13:28', 'no'),
(519, 5, '2024-06-01 22:23:42', 'no'),
(520, 5, '2024-06-01 22:23:42', 'no'),
(521, 5, '2024-06-01 22:23:46', 'no'),
(522, 5, '2024-06-01 22:24:10', 'no'),
(523, 3, '2024-06-01 22:24:24', 'no'),
(524, 3, '2024-06-01 22:35:49', 'no'),
(525, 5, '2024-06-01 22:43:19', 'no'),
(526, 5, '2024-06-01 22:46:40', 'no'),
(527, 5, '2024-06-01 22:47:45', 'no'),
(528, 5, '2024-06-01 23:40:40', 'no'),
(529, 5, '2024-06-02 00:10:57', 'no'),
(530, 5, '2024-06-02 01:20:21', 'no'),
(531, 5, '2024-06-02 01:20:25', 'no'),
(532, 5, '2024-06-02 01:20:41', 'no'),
(533, 2, '2024-06-02 02:44:31', 'no'),
(534, 2, '2024-06-02 03:08:53', 'no'),
(535, 5, '2024-06-02 03:17:34', 'no'),
(536, 5, '2024-06-02 03:41:26', 'no'),
(537, 5, '2024-06-02 13:25:52', 'no'),
(538, 5, '2024-06-02 13:44:38', 'no'),
(539, 5, '2024-06-02 14:03:46', 'no'),
(540, 5, '2024-06-02 14:10:21', 'no'),
(541, 5, '2024-06-02 15:16:19', 'no'),
(542, 5, '2024-06-02 15:52:17', 'no'),
(543, 3, '2024-06-02 16:04:10', 'no'),
(544, 5, '2024-06-02 16:09:28', 'no'),
(545, 5, '2024-06-02 16:12:20', 'no'),
(546, 5, '2024-06-02 16:15:56', 'no'),
(547, 3, '2024-06-02 16:17:56', 'no'),
(548, 5, '2024-06-02 16:20:58', 'no'),
(549, 5, '2024-06-02 16:46:43', 'no'),
(550, 5, '2024-06-02 17:45:46', 'no'),
(551, 5, '2024-06-02 18:17:27', 'no'),
(552, 5, '2024-06-02 19:32:50', 'no'),
(553, 5, '2024-06-02 19:51:07', 'no'),
(554, 5, '2024-06-02 20:23:10', 'no'),
(555, 5, '2024-06-02 22:15:57', 'no'),
(556, 5, '2024-06-02 22:17:27', 'no'),
(557, 5, '2024-06-02 22:17:51', 'no'),
(558, 5, '2024-06-03 13:07:57', 'no'),
(559, 5, '2024-06-03 13:08:29', 'no'),
(560, 5, '2024-06-03 13:37:35', 'no'),
(561, 1, '2024-06-03 13:38:14', 'no'),
(562, 5, '2024-06-03 13:38:35', 'no'),
(563, 5, '2024-06-03 14:05:25', 'no'),
(564, 5, '2024-06-03 14:22:12', 'no'),
(565, 5, '2024-06-03 14:22:13', 'no'),
(566, 5, '2024-06-03 14:43:49', 'no'),
(567, 5, '2024-06-03 16:13:44', 'no'),
(568, 5, '2024-06-03 16:19:56', 'no'),
(569, 1, '2024-06-03 17:45:54', 'no'),
(570, 3, '2024-06-03 17:46:13', 'no'),
(571, 5, '2024-06-03 18:12:45', 'no'),
(572, 5, '2024-06-03 19:03:18', 'no'),
(573, 1, '2024-06-03 19:49:40', 'no'),
(574, 3, '2024-06-03 19:50:02', 'no'),
(575, 5, '2024-06-03 19:50:36', 'no'),
(576, 5, '2024-06-03 20:11:37', 'no'),
(577, 3, '2024-06-03 21:19:29', 'no'),
(578, 5, '2024-06-03 22:45:38', 'no'),
(579, 5, '2024-06-04 00:10:43', 'no'),
(580, 5, '2024-06-04 12:29:08', 'no'),
(581, 5, '2024-06-04 14:23:33', 'no'),
(582, 5, '2024-06-04 15:13:01', 'no'),
(583, 1, '2024-06-04 15:36:31', 'no'),
(584, 3, '2024-06-04 15:36:48', 'no'),
(585, 5, '2024-06-04 15:39:14', 'no'),
(586, 5, '2024-06-04 16:13:02', 'no'),
(587, 5, '2024-06-04 16:26:54', 'no'),
(588, 5, '2024-06-04 16:50:26', 'no'),
(589, 5, '2024-06-04 17:11:25', 'no'),
(590, 3, '2024-06-04 19:09:16', 'no'),
(591, 5, '2024-06-04 19:28:03', 'no'),
(592, 5, '2024-06-04 19:57:54', 'no'),
(593, 5, '2024-06-04 20:34:15', 'no'),
(594, 5, '2024-06-04 20:34:40', 'no'),
(595, 3, '2024-06-04 20:45:59', 'no'),
(596, 5, '2024-06-04 20:56:42', 'no'),
(597, 5, '2024-06-04 22:13:19', 'no'),
(598, 3, '2024-06-04 22:34:40', 'no'),
(599, 5, '2024-06-04 22:38:58', 'no'),
(600, 5, '2024-06-04 23:44:28', 'no'),
(601, 5, '2024-06-05 00:35:56', 'no'),
(602, 5, '2024-06-05 02:17:19', 'no'),
(603, 5, '2024-06-05 05:07:23', 'no'),
(604, 5, '2024-06-05 05:09:11', 'no'),
(605, 5, '2024-06-05 05:09:16', 'no'),
(606, 5, '2024-06-05 05:59:08', 'no'),
(607, 5, '2024-06-05 07:48:55', 'no'),
(608, 5, '2024-06-05 07:49:03', 'no'),
(609, 5, '2024-06-05 09:13:51', 'no'),
(610, 5, '2024-06-05 10:21:22', 'no'),
(611, 5, '2024-06-05 12:21:31', 'no'),
(612, 5, '2024-06-05 13:26:59', 'no'),
(613, 5, '2024-06-05 13:32:16', 'no'),
(614, 5, '2024-06-05 14:34:34', 'no'),
(615, 1, '2024-06-05 14:42:09', 'no'),
(616, 3, '2024-06-05 14:42:35', 'no'),
(617, 5, '2024-06-05 14:53:08', 'no'),
(618, 5, '2024-06-05 15:07:49', 'no'),
(619, 5, '2024-06-05 15:21:41', 'no'),
(620, 5, '2024-06-05 15:41:24', 'no'),
(621, 5, '2024-06-05 16:07:15', 'no'),
(622, 5, '2024-06-05 16:25:42', 'no'),
(623, 5, '2024-06-05 16:37:44', 'no'),
(624, 5, '2024-06-05 16:38:38', 'no'),
(625, 1, '2024-06-05 16:42:08', 'no'),
(626, 3, '2024-06-05 16:42:34', 'no'),
(627, 3, '2024-06-05 16:52:15', 'no'),
(628, 5, '2024-06-05 16:55:21', 'no'),
(629, 5, '2024-06-05 17:23:24', 'no'),
(630, 3, '2024-06-05 17:54:27', 'no'),
(631, 5, '2024-06-05 19:14:53', 'no'),
(632, 5, '2024-06-05 19:15:11', 'no'),
(633, 5, '2024-06-05 19:26:06', 'no'),
(634, 5, '2024-06-05 19:40:23', 'no'),
(635, 3, '2024-06-05 20:28:35', 'no'),
(636, 5, '2024-06-05 20:32:10', 'no'),
(637, 5, '2024-06-05 21:23:23', 'no'),
(638, 3, '2024-06-05 21:31:34', 'no'),
(639, 5, '2024-06-05 21:43:26', 'no'),
(640, 5, '2024-06-05 22:33:45', 'no'),
(641, 5, '2024-06-05 23:14:53', 'no'),
(642, 5, '2024-06-05 23:17:33', 'no'),
(643, 5, '2024-06-05 23:21:32', 'no'),
(644, 5, '2024-06-05 23:47:13', 'no'),
(645, 5, '2024-06-05 23:51:20', 'no'),
(646, 5, '2024-06-05 23:55:49', 'no'),
(647, 5, '2024-06-06 00:43:50', 'no'),
(648, 5, '2024-06-06 01:11:42', 'no'),
(649, 5, '2024-06-06 02:50:42', 'no'),
(650, 5, '2024-06-06 03:51:37', 'no'),
(651, 5, '2024-06-06 12:38:23', 'no'),
(652, 5, '2024-06-06 13:02:31', 'no'),
(653, 5, '2024-06-06 13:04:36', 'no'),
(654, 5, '2024-06-06 13:19:22', 'no'),
(655, 3, '2024-06-06 13:26:30', 'no'),
(656, 5, '2024-06-06 13:39:50', 'no'),
(657, 5, '2024-06-06 14:02:10', 'no'),
(658, 5, '2024-06-06 14:19:35', 'no'),
(659, 3, '2024-06-06 14:26:37', 'no'),
(660, 5, '2024-06-06 14:28:50', 'no'),
(661, 5, '2024-06-06 14:37:00', 'no'),
(662, 5, '2024-06-06 15:52:47', 'no'),
(663, 3, '2024-06-06 16:33:57', 'no'),
(664, 5, '2024-06-06 16:52:58', 'no'),
(665, 5, '2024-06-06 17:19:27', 'no'),
(666, 5, '2024-06-06 17:21:03', 'no'),
(667, 5, '2024-06-06 17:21:48', 'no'),
(668, 5, '2024-06-06 17:22:48', 'no'),
(669, 3, '2024-06-06 17:35:03', 'no'),
(670, 5, '2024-06-06 17:53:39', 'no'),
(671, 5, '2024-06-06 18:08:58', 'no'),
(672, 5, '2024-06-06 19:03:02', 'no'),
(673, 3, '2024-06-06 19:29:16', 'no'),
(674, 3, '2024-06-06 20:43:58', 'no'),
(675, 5, '2024-06-06 21:09:46', 'no'),
(676, 5, '2024-06-06 21:11:06', 'no'),
(677, 5, '2024-06-06 21:11:58', 'no'),
(678, 5, '2024-06-06 21:12:26', 'no'),
(679, 5, '2024-06-06 21:12:32', 'no'),
(680, 5, '2024-06-06 21:13:12', 'no'),
(681, 5, '2024-06-06 21:15:02', 'no'),
(682, 3, '2024-06-06 21:15:22', 'no'),
(683, 5, '2024-06-06 21:20:11', 'no'),
(684, 3, '2024-06-06 21:20:38', 'no'),
(685, 5, '2024-06-06 21:21:32', 'no'),
(686, 5, '2024-06-06 22:50:14', 'no'),
(687, 5, '2024-06-06 23:02:09', 'no'),
(688, 5, '2024-06-06 23:03:00', 'no'),
(689, 5, '2024-06-06 23:04:47', 'no'),
(690, 5, '2024-06-06 23:05:19', 'no'),
(691, 5, '2024-06-06 23:20:06', 'no'),
(692, 5, '2024-06-06 23:55:54', 'no'),
(693, 5, '2024-06-07 00:16:27', 'no'),
(694, 5, '2024-06-07 12:26:52', 'no'),
(695, 5, '2024-06-07 12:31:30', 'no'),
(696, 5, '2024-06-07 13:41:14', 'no'),
(697, 5, '2024-06-07 14:56:19', 'no'),
(698, 5, '2024-06-07 15:00:04', 'no'),
(699, 5, '2024-06-07 15:28:30', 'no'),
(700, 5, '2024-06-07 15:31:55', 'no'),
(701, 5, '2024-06-07 15:33:43', 'no'),
(702, 3, '2024-06-07 15:39:10', 'no'),
(703, 5, '2024-06-07 16:14:10', 'no'),
(704, 5, '2024-06-07 16:40:56', 'no'),
(705, 3, '2024-06-07 16:55:11', 'no'),
(706, 5, '2024-06-07 17:12:25', 'no'),
(707, 5, '2024-06-07 17:33:38', 'no'),
(708, 5, '2024-06-07 17:43:45', 'no'),
(709, 3, '2024-06-07 17:44:03', 'no'),
(710, 3, '2024-06-07 18:01:12', 'no'),
(711, 5, '2024-06-07 18:18:00', 'no'),
(712, 5, '2024-06-07 19:24:05', 'no'),
(713, 5, '2024-06-07 19:29:01', 'no'),
(714, 5, '2024-06-07 19:35:46', 'no'),
(715, 3, '2024-06-07 19:59:21', 'no'),
(716, 3, '2024-06-07 20:00:46', 'no'),
(717, 5, '2024-06-07 20:13:52', 'no'),
(718, 5, '2024-06-07 20:13:56', 'no'),
(719, 5, '2024-06-07 20:34:50', 'no'),
(720, 5, '2024-06-07 21:59:12', 'no'),
(721, 1, '2024-06-07 22:33:27', 'no'),
(722, 1, '2024-06-07 22:37:24', 'no'),
(723, 6, '2024-06-07 22:38:05', 'no'),
(724, 6, '2024-06-07 22:39:02', 'no'),
(725, 6, '2024-06-07 22:44:24', 'no'),
(726, 6, '2024-06-07 22:46:33', 'no'),
(727, 5, '2024-06-07 22:55:56', 'no'),
(728, 5, '2024-06-07 23:20:02', 'no'),
(729, 5, '2024-06-08 00:36:41', 'no'),
(730, 6, '2024-06-08 01:48:45', 'no'),
(731, 5, '2024-06-08 12:28:19', 'no'),
(732, 5, '2024-06-08 14:54:35', 'no'),
(733, 6, '2024-06-08 16:33:49', 'no'),
(734, 5, '2024-06-08 17:44:08', 'no'),
(735, 5, '2024-06-08 19:40:58', 'no'),
(736, 5, '2024-06-08 20:09:09', 'no'),
(737, 5, '2024-06-08 20:17:28', 'no'),
(738, 5, '2024-06-08 20:17:49', 'no'),
(739, 5, '2024-06-08 20:18:41', 'no'),
(740, 5, '2024-06-08 20:20:21', 'no'),
(741, 5, '2024-06-09 02:03:10', 'no'),
(742, 5, '2024-06-09 12:49:14', 'no'),
(743, 3, '2024-06-09 18:56:12', 'no'),
(744, 5, '2024-06-09 20:37:30', 'no'),
(745, 3, '2024-06-09 21:31:21', 'no'),
(746, 3, '2024-06-09 21:36:16', 'no'),
(747, 3, '2024-06-09 23:14:10', 'no'),
(748, 3, '2024-06-10 00:08:28', 'no'),
(749, 3, '2024-06-10 03:04:12', 'no'),
(750, 3, '2024-06-10 03:08:36', 'no'),
(751, 5, '2024-06-10 03:17:36', 'no'),
(752, 5, '2024-06-10 03:20:15', 'no'),
(753, 5, '2024-06-10 12:26:09', 'no'),
(754, 5, '2024-06-10 13:08:41', 'no'),
(755, 3, '2024-06-10 13:23:25', 'no'),
(756, 5, '2024-06-10 13:59:38', 'no'),
(757, 5, '2024-06-10 14:00:25', 'no'),
(758, 5, '2024-06-10 14:02:18', 'no'),
(759, 3, '2024-06-10 15:26:25', 'no'),
(760, 1, '2024-06-10 16:39:01', 'no'),
(761, 3, '2024-06-10 16:41:38', 'no'),
(762, 5, '2024-06-10 17:19:04', 'no'),
(763, 5, '2024-06-10 19:31:29', 'no'),
(764, 3, '2024-06-10 20:55:28', 'no'),
(765, 5, '2024-06-10 21:02:15', 'no'),
(766, 5, '2024-06-10 22:05:03', 'no'),
(767, 3, '2024-06-10 22:47:38', 'no'),
(768, 3, '2024-06-10 22:48:38', 'no'),
(769, 3, '2024-06-10 22:58:37', 'no'),
(770, 5, '2024-06-10 22:59:29', 'no'),
(771, 5, '2024-06-10 23:10:29', 'no'),
(772, 5, '2024-06-10 23:16:44', 'no'),
(773, 5, '2024-06-10 23:16:47', 'no'),
(774, 5, '2024-06-11 12:30:20', 'no'),
(775, 5, '2024-06-11 13:17:23', 'no'),
(776, 5, '2024-06-11 15:29:59', 'no'),
(777, 3, '2024-06-11 16:18:17', 'no'),
(778, 1, '2024-06-11 16:19:30', 'no'),
(779, 5, '2024-06-11 16:19:49', 'no'),
(780, 5, '2024-06-11 16:40:21', 'no'),
(781, 5, '2024-06-11 17:28:17', 'no'),
(782, 5, '2024-06-11 18:54:16', 'no'),
(783, 3, '2024-06-11 19:05:27', 'no'),
(784, 5, '2024-06-11 19:42:24', 'no'),
(785, 3, '2024-06-11 19:45:06', 'no'),
(786, 5, '2024-06-11 20:30:21', 'no'),
(787, 5, '2024-06-11 23:22:48', 'no'),
(788, 5, '2024-06-12 12:25:49', 'no'),
(789, 5, '2024-06-12 13:08:07', 'no'),
(790, 5, '2024-06-12 13:12:33', 'no'),
(791, 6, '2024-06-12 13:56:32', 'no'),
(792, 6, '2024-06-12 13:57:09', 'no'),
(793, 5, '2024-06-12 14:32:21', 'no'),
(794, 6, '2024-06-12 15:11:49', 'no'),
(795, 5, '2024-06-12 16:28:39', 'no'),
(796, 5, '2024-06-12 16:48:27', 'no'),
(797, 5, '2024-06-12 16:53:48', 'no'),
(798, 3, '2024-06-12 16:54:01', 'no'),
(799, 5, '2024-06-12 16:54:26', 'no'),
(800, 5, '2024-06-12 17:56:13', 'no'),
(801, 3, '2024-06-12 19:01:13', 'no'),
(802, 5, '2024-06-12 19:04:42', 'no'),
(803, 5, '2024-06-12 20:06:14', 'no'),
(804, 3, '2024-06-12 20:37:03', 'no'),
(805, 5, '2024-06-12 20:58:59', 'no'),
(806, 5, '2024-06-12 21:25:04', 'no'),
(807, 5, '2024-06-12 22:01:10', 'no'),
(808, 5, '2024-06-12 23:16:39', 'no'),
(809, 5, '2024-06-12 23:17:23', 'no'),
(810, 5, '2024-06-12 23:17:51', 'no'),
(811, 5, '2024-06-12 23:18:20', 'no'),
(812, 5, '2024-06-12 23:18:58', 'no'),
(813, 5, '2024-06-12 23:18:59', 'no'),
(814, 5, '2024-06-12 23:19:00', 'no'),
(815, 5, '2024-06-12 23:19:01', 'no'),
(816, 5, '2024-06-12 23:19:07', 'no'),
(817, 5, '2024-06-12 23:19:39', 'no'),
(818, 5, '2024-06-12 23:19:41', 'no'),
(819, 5, '2024-06-12 23:19:42', 'no'),
(820, 5, '2024-06-12 23:19:43', 'no'),
(821, 5, '2024-06-12 23:20:48', 'no'),
(822, 5, '2024-06-12 23:21:28', 'no'),
(823, 5, '2024-06-12 23:21:34', 'no'),
(824, 5, '2024-06-12 23:22:00', 'no'),
(825, 5, '2024-06-12 23:23:04', 'no'),
(826, 5, '2024-06-12 23:24:23', 'no'),
(827, 5, '2024-06-12 23:25:20', 'no'),
(828, 5, '2024-06-12 23:25:46', 'no'),
(829, 5, '2024-06-12 23:26:56', 'no'),
(830, 5, '2024-06-12 23:27:59', 'no'),
(831, 5, '2024-06-12 23:28:37', 'no'),
(832, 5, '2024-06-12 23:39:38', 'no'),
(833, 5, '2024-06-13 12:26:41', 'no'),
(834, 5, '2024-06-13 12:57:42', 'no'),
(835, 5, '2024-06-13 14:08:58', 'no'),
(836, 5, '2024-06-13 18:07:12', 'no'),
(837, 5, '2024-06-13 18:48:43', 'no'),
(838, 5, '2024-06-13 18:51:57', 'no'),
(839, 5, '2024-06-13 19:06:54', 'no'),
(840, 6, '2024-06-13 19:52:06', 'no'),
(841, 3, '2024-06-13 20:37:10', 'no'),
(842, 5, '2024-06-13 20:49:41', 'no'),
(843, 5, '2024-06-13 21:14:51', 'no'),
(844, 5, '2024-06-13 23:11:25', 'no'),
(845, 5, '2024-06-13 23:45:08', 'no'),
(846, 5, '2024-06-14 02:22:01', 'no'),
(847, 5, '2024-06-14 03:21:39', 'no'),
(848, 5, '2024-06-14 12:32:39', 'no'),
(849, 3, '2024-06-14 12:33:17', 'no'),
(850, 5, '2024-06-14 13:34:45', 'no'),
(851, 5, '2024-06-14 14:48:22', 'no'),
(852, 3, '2024-06-14 16:46:59', 'no'),
(853, 3, '2024-06-14 17:36:30', 'no'),
(854, 5, '2024-06-14 17:54:35', 'no'),
(855, 3, '2024-06-14 18:58:37', 'no'),
(856, 5, '2024-06-14 19:02:14', 'no'),
(857, 5, '2024-06-14 19:07:52', 'no'),
(858, 5, '2024-06-14 19:13:05', 'no'),
(859, 3, '2024-06-14 19:17:59', 'no'),
(860, 5, '2024-06-14 19:39:51', 'no'),
(861, 3, '2024-06-14 20:24:04', 'no'),
(862, 5, '2024-06-14 20:33:57', 'no'),
(863, 5, '2024-06-15 00:06:24', 'no'),
(864, 5, '2024-06-15 12:36:29', 'no'),
(865, 5, '2024-06-15 13:02:47', 'no'),
(866, 5, '2024-06-15 13:19:55', 'no'),
(867, 5, '2024-06-15 14:39:26', 'no'),
(868, 5, '2024-06-15 16:18:04', 'no'),
(869, 5, '2024-06-15 16:55:33', 'no'),
(870, 5, '2024-06-15 18:10:33', 'no'),
(871, 5, '2024-06-15 19:17:56', 'no'),
(872, 5, '2024-06-15 19:22:45', 'no'),
(873, 5, '2024-06-15 19:24:31', 'no'),
(874, 5, '2024-06-15 19:24:34', 'no'),
(875, 5, '2024-06-15 20:03:56', 'no'),
(876, 5, '2024-06-15 20:12:58', 'no'),
(877, 5, '2024-06-15 22:13:51', 'no'),
(878, 5, '2024-06-15 22:36:51', 'no'),
(879, 5, '2024-06-15 23:02:05', 'no'),
(880, 5, '2024-06-15 23:10:33', 'no'),
(881, 5, '2024-06-15 23:26:24', 'no'),
(882, 5, '2024-06-15 23:43:22', 'no'),
(883, 5, '2024-06-16 00:02:24', 'no'),
(884, 5, '2024-06-16 01:48:06', 'no'),
(885, 5, '2024-06-16 01:48:09', 'no'),
(886, 5, '2024-06-16 02:08:24', 'no'),
(887, 5, '2024-06-16 02:08:51', 'no'),
(888, 5, '2024-06-16 02:50:54', 'no'),
(889, 5, '2024-06-16 03:56:15', 'no'),
(890, 5, '2024-06-16 13:06:39', 'no'),
(891, 5, '2024-06-16 15:00:34', 'no'),
(892, 5, '2024-06-16 15:06:47', 'no'),
(893, 5, '2024-06-16 15:09:05', 'no'),
(894, 5, '2024-06-16 15:16:57', 'no'),
(895, 5, '2024-06-16 15:32:18', 'no'),
(896, 5, '2024-06-16 15:43:08', 'no'),
(897, 5, '2024-06-16 15:54:49', 'no'),
(898, 5, '2024-06-16 19:01:29', 'no'),
(899, 5, '2024-06-16 19:29:29', 'no'),
(900, 5, '2024-06-16 21:36:15', 'no'),
(901, 5, '2024-06-17 02:31:06', 'no'),
(902, 5, '2024-06-17 12:40:58', 'no'),
(903, 3, '2024-06-17 12:49:03', 'no'),
(904, 5, '2024-06-17 13:09:28', 'no'),
(905, 5, '2024-06-17 14:10:04', 'no'),
(906, 5, '2024-06-17 14:10:42', 'no'),
(907, 3, '2024-06-17 14:10:50', 'no'),
(908, 3, '2024-06-17 16:12:29', 'no'),
(909, 3, '2024-06-17 16:35:03', 'no'),
(910, 5, '2024-06-17 18:55:58', 'no'),
(911, 5, '2024-06-17 22:39:42', 'no'),
(912, 5, '2024-06-17 23:17:38', 'no'),
(913, 5, '2024-06-18 03:15:08', 'no'),
(914, 3, '2024-06-18 07:47:11', 'no'),
(915, 3, '2024-06-18 09:21:48', 'no'),
(916, 3, '2024-06-18 11:35:59', 'no'),
(917, 5, '2024-06-18 12:38:30', 'no'),
(918, 5, '2024-06-18 13:15:20', 'no'),
(919, 5, '2024-06-18 14:51:12', 'no'),
(920, 5, '2024-06-18 16:00:39', 'no'),
(921, 3, '2024-06-18 16:28:33', 'no'),
(922, 6, '2024-06-18 16:42:53', 'no'),
(923, 5, '2024-06-18 18:53:39', 'no'),
(924, 5, '2024-06-18 19:03:12', 'no'),
(925, 5, '2024-06-18 19:39:40', 'no'),
(926, 5, '2024-06-18 19:48:25', 'no'),
(927, 5, '2024-06-18 20:10:32', 'no'),
(928, 5, '2024-06-18 20:26:47', 'no'),
(929, 5, '2024-06-19 00:16:48', 'no'),
(930, 1, '2024-06-19 03:29:43', 'no'),
(931, 7, '2024-06-19 03:30:34', 'no'),
(932, 5, '2024-06-19 03:34:15', 'no'),
(933, 7, '2024-06-19 03:34:33', 'no'),
(934, 7, '2024-06-19 03:38:52', 'no'),
(935, 7, '2024-06-19 03:43:55', 'no'),
(936, 3, '2024-06-19 03:44:13', 'no'),
(937, 5, '2024-06-19 03:58:59', 'no'),
(938, 5, '2024-06-19 04:05:55', 'no'),
(939, 3, '2024-06-19 05:11:00', 'no'),
(940, 5, '2024-06-19 12:27:15', 'no'),
(941, 7, '2024-06-19 12:27:22', 'no'),
(942, 5, '2024-06-19 12:41:59', 'no'),
(943, 5, '2024-06-19 13:06:42', 'no'),
(944, 5, '2024-06-19 13:13:35', 'no'),
(945, 5, '2024-06-19 15:34:06', 'no'),
(946, 3, '2024-06-19 15:40:27', 'no'),
(947, 5, '2024-06-19 22:22:27', 'no'),
(948, 3, '2024-06-19 23:30:29', 'no'),
(949, 3, '2024-06-19 23:48:37', 'no'),
(950, 3, '2024-06-20 03:01:05', 'no'),
(951, 3, '2024-06-20 03:25:52', 'no'),
(952, 3, '2024-06-20 04:18:17', 'no'),
(953, 7, '2024-06-20 04:34:11', 'no'),
(954, 5, '2024-06-20 04:42:37', 'no'),
(955, 7, '2024-06-20 04:43:32', 'no'),
(956, 3, '2024-06-20 09:02:29', 'no'),
(957, 5, '2024-06-20 12:42:50', 'no'),
(958, 5, '2024-06-20 14:12:44', 'no'),
(959, 5, '2024-06-20 15:32:04', 'no'),
(960, 3, '2024-06-20 16:08:56', 'no'),
(961, 3, '2024-06-20 16:26:55', 'no'),
(962, 5, '2024-06-20 16:56:04', 'no'),
(963, 5, '2024-06-20 17:35:51', 'no'),
(964, 7, '2024-06-20 17:57:27', 'no'),
(965, 7, '2024-06-20 19:19:59', 'no'),
(966, 5, '2024-06-20 19:51:57', 'no'),
(967, 7, '2024-06-20 20:50:33', 'no'),
(968, 7, '2024-06-20 20:57:49', 'no'),
(969, 7, '2024-06-20 21:13:24', 'no'),
(970, 7, '2024-06-20 21:49:06', 'no'),
(971, 3, '2024-06-20 21:52:06', 'no'),
(972, 3, '2024-06-20 21:58:36', 'no'),
(973, 5, '2024-06-20 22:04:09', 'no'),
(974, 7, '2024-06-20 22:05:37', 'no'),
(975, 7, '2024-06-21 00:50:02', 'no'),
(976, 7, '2024-06-21 02:28:33', 'no'),
(977, 5, '2024-06-21 12:45:17', 'no'),
(978, 5, '2024-06-21 12:46:55', 'no'),
(979, 7, '2024-06-21 13:30:33', 'no'),
(980, 3, '2024-06-21 13:34:36', 'no'),
(981, 2, '2024-06-21 13:59:13', 'no'),
(982, 3, '2024-06-21 14:03:10', 'no'),
(983, 7, '2024-06-21 14:11:33', 'no'),
(984, 7, '2024-06-21 14:31:39', 'no'),
(985, 5, '2024-06-21 15:00:05', 'no'),
(986, 7, '2024-06-21 15:06:19', 'no'),
(987, 7, '2024-06-21 15:21:16', 'no'),
(988, 5, '2024-06-21 15:54:01', 'no'),
(989, 5, '2024-06-21 18:48:17', 'no'),
(990, 5, '2024-06-21 18:52:30', 'no'),
(991, 3, '2024-06-21 19:43:10', 'no'),
(992, 3, '2024-06-21 22:20:09', 'no'),
(993, 2, '2024-06-21 23:07:27', 'no'),
(994, 7, '2024-06-21 23:08:31', 'no'),
(995, 5, '2024-06-22 12:36:45', 'no'),
(996, 5, '2024-06-22 17:10:29', 'no'),
(997, 5, '2024-06-22 17:39:46', 'no'),
(998, 5, '2024-06-22 18:42:19', 'no'),
(999, 2, '2024-06-22 20:43:03', 'no'),
(1000, 5, '2024-06-22 22:41:11', 'no'),
(1001, 5, '2024-06-23 00:20:39', 'no'),
(1002, 5, '2024-06-23 12:31:31', 'no'),
(1003, 5, '2024-06-23 16:46:48', 'no'),
(1004, 5, '2024-06-23 17:46:17', 'no'),
(1005, 5, '2024-06-23 18:43:19', 'no'),
(1006, 5, '2024-06-23 19:32:22', 'no'),
(1007, 5, '2024-06-23 22:06:54', 'no'),
(1008, 5, '2024-06-23 22:41:21', 'no'),
(1009, 5, '2024-06-24 00:09:57', 'no'),
(1010, 5, '2024-06-24 00:10:18', 'no'),
(1011, 5, '2024-06-24 00:37:24', 'no'),
(1012, 7, '2024-06-24 12:34:26', 'no'),
(1013, 5, '2024-06-24 12:39:13', 'no'),
(1014, 7, '2024-06-24 13:48:37', 'no'),
(1015, 7, '2024-06-24 13:52:39', 'no'),
(1016, 3, '2024-06-24 13:53:07', 'no'),
(1017, 3, '2024-06-24 13:53:09', 'no'),
(1018, 5, '2024-06-24 14:16:38', 'no'),
(1019, 3, '2024-06-24 14:24:20', 'no'),
(1020, 3, '2024-06-24 14:25:11', 'no'),
(1021, 5, '2024-06-24 15:39:47', 'no'),
(1022, 5, '2024-06-24 15:59:47', 'no'),
(1023, 5, '2024-06-24 16:05:17', 'no'),
(1024, 5, '2024-06-24 17:02:47', 'no'),
(1025, 5, '2024-06-24 18:44:47', 'no'),
(1026, 7, '2024-06-24 19:25:37', 'no'),
(1027, 7, '2024-06-24 19:25:38', 'no'),
(1028, 7, '2024-06-24 19:27:48', 'no'),
(1029, 5, '2024-06-24 19:33:22', 'no'),
(1030, 7, '2024-06-24 19:34:13', 'no'),
(1031, 7, '2024-06-24 19:46:27', 'no'),
(1032, 3, '2024-06-24 19:53:51', 'no'),
(1033, 3, '2024-06-24 20:31:37', 'no'),
(1034, 3, '2024-06-24 21:15:40', 'no'),
(1035, 5, '2024-06-24 21:18:55', 'no'),
(1036, 3, '2024-06-24 21:49:55', 'no'),
(1037, 5, '2024-06-25 12:42:18', 'no'),
(1038, 5, '2024-06-25 12:43:35', 'no'),
(1039, 5, '2024-06-25 14:05:13', 'no'),
(1040, 3, '2024-06-25 14:22:14', 'no'),
(1041, 5, '2024-06-25 15:09:00', 'no'),
(1042, 5, '2024-06-25 15:10:53', 'no'),
(1043, 5, '2024-06-25 16:58:55', 'no'),
(1044, 5, '2024-06-25 17:34:04', 'no'),
(1045, 7, '2024-06-25 17:40:05', 'no'),
(1046, 2, '2024-06-25 17:40:26', 'no'),
(1047, 5, '2024-06-25 18:04:44', 'no'),
(1048, 3, '2024-06-25 18:58:54', 'no'),
(1049, 7, '2024-06-25 19:06:36', 'no'),
(1050, 5, '2024-06-25 19:06:54', 'no'),
(1051, 3, '2024-06-25 19:13:22', 'no'),
(1052, 3, '2024-06-25 20:43:15', 'no'),
(1053, 3, '2024-06-25 20:48:19', 'no'),
(1054, 3, '2024-06-25 21:39:41', 'no'),
(1055, 3, '2024-06-25 21:50:03', 'no'),
(1056, 2, '2024-06-25 23:52:48', 'no'),
(1057, 5, '2024-06-26 12:43:53', 'no'),
(1058, 5, '2024-06-26 13:14:32', 'no'),
(1059, 5, '2024-06-26 14:24:48', 'no'),
(1060, 7, '2024-06-26 15:25:20', 'no'),
(1061, 3, '2024-06-26 18:06:35', 'no'),
(1062, 5, '2024-06-26 21:24:24', 'no'),
(1063, 5, '2024-06-27 00:01:48', 'no'),
(1064, 5, '2024-06-27 00:30:18', 'no'),
(1065, 5, '2024-06-27 01:03:06', 'no'),
(1066, 5, '2024-06-27 01:03:53', 'no'),
(1067, 5, '2024-06-27 12:33:38', 'no'),
(1068, 5, '2024-06-27 12:37:20', 'no'),
(1069, 5, '2024-06-27 12:38:44', 'no'),
(1070, 5, '2024-06-27 13:10:00', 'no'),
(1071, 5, '2024-06-27 13:40:00', 'no'),
(1072, 5, '2024-06-27 14:51:52', 'no'),
(1073, 5, '2024-06-27 15:10:19', 'no'),
(1074, 5, '2024-06-27 15:34:06', 'no'),
(1075, 5, '2024-06-27 16:41:45', 'no'),
(1076, 5, '2024-06-27 19:20:00', 'no'),
(1077, 5, '2024-06-27 20:42:10', 'no'),
(1078, 2, '2024-06-27 20:42:16', 'no'),
(1079, 5, '2024-06-27 22:16:19', 'no'),
(1080, 2, '2024-06-28 01:57:59', 'no'),
(1081, 2, '2024-06-28 02:14:32', 'no'),
(1082, 7, '2024-06-28 04:34:11', 'no'),
(1083, 5, '2024-06-28 12:34:37', 'no'),
(1084, 3, '2024-06-28 13:55:13', 'no'),
(1085, 3, '2024-06-28 13:55:43', 'no'),
(1086, 5, '2024-06-28 14:07:18', 'no'),
(1087, 5, '2024-06-28 15:46:14', 'no'),
(1088, 3, '2024-06-28 16:03:50', 'no'),
(1089, 3, '2024-06-28 16:04:38', 'no'),
(1090, 3, '2024-06-28 16:07:50', 'no'),
(1091, 5, '2024-06-28 17:22:50', 'no'),
(1092, 5, '2024-06-28 17:23:15', 'no'),
(1093, 5, '2024-06-28 17:24:37', 'no'),
(1094, 5, '2024-06-28 17:28:19', 'no'),
(1095, 5, '2024-06-28 19:58:46', 'no'),
(1096, 2, '2024-06-28 19:58:52', 'no'),
(1097, 7, '2024-06-28 19:59:00', 'no'),
(1098, 5, '2024-06-28 20:01:30', 'no'),
(1099, 2, '2024-06-28 20:01:48', 'no'),
(1100, 5, '2024-06-28 20:25:30', 'no'),
(1101, 3, '2024-06-28 20:52:09', 'no'),
(1102, 5, '2024-06-28 21:38:36', 'no');

-- --------------------------------------------------------

--
-- Estructura de tabla para la tabla `cheque`
--

CREATE TABLE `cheque` (
  `id` int(11) NOT NULL,
  `id_empresa` varchar(50) NOT NULL,
  `nombreBanco` varchar(50) CHARACTER SET utf8 COLLATE utf8_czech_ci DEFAULT NULL,
  `numCuenta` varchar(50) DEFAULT NULL,
  `numCheque` varchar(50) DEFAULT NULL,
  `paguese` varchar(250) DEFAULT NULL,
  `valor` varchar(250) DEFAULT NULL,
  `valorLetras` varchar(250) DEFAULT NULL,
  `lugarFecha` varchar(50) DEFAULT NULL,
  `firma` varchar(50) DEFAULT NULL,
  `cruzado` varchar(2) DEFAULT NULL
) ENGINE=MyISAM DEFAULT CHARSET=latin1;

-- --------------------------------------------------------

--
-- Estructura de tabla para la tabla `cierre_caja_detalle`
--

CREATE TABLE `cierre_caja_detalle` (
  `id_cierre_caja` int(11) NOT NULL,
  `detalle` varchar(100) NOT NULL,
  `id_forma` int(11) NOT NULL,
  `valor` decimal(10,2) NOT NULL,
  `id_cierre` int(11) NOT NULL
) ENGINE=InnoDB DEFAULT CHARSET=latin1;

--
-- Volcado de datos para la tabla `cierre_caja_detalle`
--

INSERT INTO `cierre_caja_detalle` (`id_cierre_caja`, `detalle`, `id_forma`, `valor`, `id_cierre`) VALUES
(1, '', 1, 100.00, 1),
(2, 'xvx', 1, 4.00, 2),
(3, '', 1, 456.00, 2),
(4, 'df', 2, 34.00, 2),
(5, 'cgg', 1, 5.00, 3),
(6, 'CIERRE DE CAJA - 06-06-2024', 37, 3.25, 5),
(7, 'CIERRE CAJA', 55, 301.00, 7),
(8, 'CIERRE CAJA', 55, 265.00, 8),
(9, 'CIERRE CAJA', 55, 472.57, 9),
(10, 'CIERRE CAJA', 55, 408.00, 10),
(11, 'CIERRE CAJA', 55, 450.00, 11),
(12, 'CIERRE CAJA', 55, 768.00, 12),
(13, 'CIERRE CAJA', 55, 240.00, 13),
(14, 'CIERRE CAJA', 55, 330.00, 14),
(15, 'CIERRE DE CAJA', 55, 255.00, 15),
(16, 'CIERRE CAJA', 55, 265.00, 16),
(17, 'CIERRE CAJA', 55, 209.00, 17),
(18, 'CIERRE CAJA', 55, 497.00, 18),
(19, 'CIERRE CAJA', 55, 204.00, 18),
(20, 'CIERRE CAJA', 55, 204.00, 18),
(21, 'CIERRE CAJA', 55, 234.00, 19),
(22, 'CIERRE CAJA', 55, 254.00, 20),
(23, 'CIERRE CAJA', 55, 245.00, 21),
(24, 'CIERRE CAJA', 55, 305.00, 22);

-- --------------------------------------------------------

--
-- Estructura de tabla para la tabla `cierre_caja_encabezado`
--

CREATE TABLE `cierre_caja_encabezado` (
  `id` int(11) NOT NULL,
  `fecha` date NOT NULL,
  `hora` time NOT NULL,
  `id_usuario` int(11) NOT NULL,
  `total` decimal(10,2) NOT NULL,
  `caja` int(11) NOT NULL
) ENGINE=InnoDB DEFAULT CHARSET=latin1;

--
-- Volcado de datos para la tabla `cierre_caja_encabezado`
--

INSERT INTO `cierre_caja_encabezado` (`id`, `fecha`, `hora`, `id_usuario`, `total`, `caja`) VALUES
(1, '2023-10-16', '12:06:22', 3, 0.00, 100),
(2, '2023-10-17', '05:02:19', 3, 0.00, 100),
(3, '2023-10-18', '08:24:27', 3, 0.00, 100),
(4, '2024-06-04', '08:19:38', 8, 0.00, 50),
(5, '2024-06-06', '12:37:44', 4, 0.00, 1),
(6, '2024-06-09', '10:08:10', 4, 0.00, 1),
(7, '2024-06-10', '07:20:30', 8, 0.00, 50),
(8, '2024-06-11', '07:51:57', 8, 0.00, 50),
(9, '2024-06-12', '07:15:26', 8, 0.00, 50),
(10, '2024-06-13', '08:53:36', 8, 0.00, 50),
(11, '2024-06-14', '08:33:16', 8, 0.00, 50),
(12, '2024-06-15', '08:41:34', 8, 0.00, 50),
(13, '2024-06-16', '06:32:48', 8, 0.00, 50),
(14, '2024-06-17', '07:35:55', 8, 0.00, 50),
(15, '2024-06-18', '07:49:34', 8, 0.00, 50),
(16, '2024-06-19', '07:00:41', 8, 0.00, 50),
(17, '2024-06-20', '07:35:48', 8, 0.00, 50),
(18, '2024-06-22', '07:22:25', 8, 0.00, 50),
(19, '2024-06-23', '07:11:32', 8, 0.00, 50),
(20, '2024-06-24', '07:35:03', 8, 0.00, 50),
(21, '2024-06-25', '07:27:52', 8, 0.00, 50),
(22, '2024-06-27', '08:10:00', 8, 0.00, 50);

-- --------------------------------------------------------

--
-- Estructura de tabla para la tabla `ciudades`
--

CREATE TABLE `ciudades` (
  `id_ciudad` int(10) UNSIGNED NOT NULL,
  `ciudad` varchar(100) NOT NULL,
  `id_provincia` int(10) UNSIGNED NOT NULL
) ENGINE=InnoDB DEFAULT CHARSET=utf8;

--
-- Volcado de datos para la tabla `ciudades`
--

INSERT INTO `ciudades` (`id_ciudad`, `ciudad`, `id_provincia`) VALUES
(681, 'IBARRA', 1),
(682, 'CAYAMBE', 2),
(683, 'ANTONIO ANTE', 1),
(684, 'MEJIA', 2),
(685, 'CHORDELEG', 3),
(686, 'CALUMA', 8),
(687, 'CUENCA', 3),
(688, 'GUAYAQUIL', 18),
(689, 'QUITO', 2),
(690, 'ESMERALDAS', 16),
(691, 'JOYA DE LOS SACHAS', 24),
(692, 'BABAHOYO', 20),
(693, 'QUININDÉ', 16),
(694, 'MILAGRO', 18),
(695, 'EL EMPALME', 18),
(696, 'EL TRIUNFO', 18),
(697, 'DAULE', 18),
(698, 'DURAN', 18),
(699, 'NARANJAL', 18),
(700, 'NARANJITO', 18),
(701, 'PALESTINA', 18),
(702, 'PEDRO CARBO', 18),
(703, 'PLAYAS', 18),
(704, 'SAMBORONDON', 18),
(705, 'YAGUACHI', 18),
(706, 'BALZAR', 18),
(707, 'BALAO', 18),
(708, 'SANTO DOMINGO', 30),
(709, 'LA CONCORDIA', 30),
(710, 'BABA', 20),
(711, 'BUENA FE', 20),
(712, 'MOCACHE', 20),
(713, 'MONTALVO', 20),
(714, 'PALENQUE', 20),
(715, 'PUEBLOVIEJO', 20),
(716, 'QUEVEDO', 20),
(717, 'QUINSALOMA', 20),
(718, 'URDANETA', 20),
(719, 'VALENCIA', 20),
(720, 'VENTANAS', 20),
(721, 'VINCES', 20),
(759, 'COTACACHI', 1),
(761, 'SAN MIGUEL DE URCUQUÍ', 1),
(762, 'PIMAMPIRO', 1),
(764, 'OTAVALO', 1),
(766, 'ATACAZO', 2),
(767, 'CORAZÓN', 2),
(768, 'ILLINIZA NORTE', 2),
(769, 'PASOCHOA', 2),
(770, 'PICHINCHA', 2),
(771, 'RUMIÑAHUI', 2),
(772, 'SINCHOLAGUA', 2),
(775, 'PEDRO MONCAYO', 2),
(777, 'PEDRO VICENTE MALDONADO', 2),
(778, 'PUERTO QUITO', 2),
(780, 'EL PAN', 3),
(781, 'GUALACEO', 3),
(782, 'OÑA', 3),
(783, 'PAUTE', 3),
(784, 'PUCARA', 3),
(785, 'SAN FERNANDO', 3),
(786, 'SEVILLA DE ORO', 3),
(787, 'CAMILO PONCE ENRÍQUEZ', 3),
(788, 'CUENCA', 3),
(789, 'GIRÓN', 3),
(790, 'NABÓN', 3),
(791, 'SANTA ISABEL', 3),
(792, 'SIGSIG', 3),
(793, 'GUACHAPALA', 3),
(794, 'ECHEANDÍA', 8),
(795, 'GUARANDA', 8),
(796, 'LAS NAVES', 8),
(797, 'SAN MIGUEL', 8),
(798, 'CHILLANES', 8),
(799, 'CHIMBO', 8),
(801, 'AZOGUES', 9),
(802, 'BIBLIÁN', 9),
(803, 'DÉLEG', 9),
(804, 'EL TAMBO ', 9),
(805, 'SUSCAL', 9),
(806, 'CAÑAR', 9),
(807, 'LA TRONCAL', 9),
(808, 'EL ÁNGEL', 10),
(809, 'MIRA', 10),
(810, 'SAN PEDRO DE HUACA ', 10),
(811, 'TULCÁN', 10),
(812, 'BOLÍVAR', 10),
(813, 'SAN GABRIEL', 10),
(814, 'ESPEJO', 10),
(815, 'MONTÚFAR', 10),
(816, 'ALAUSI', 11),
(817, 'CHAMBO', 11),
(818, 'CHUNCHI', 11),
(819, 'VILLA LA UNION', 11),
(820, 'CUMANDÁ', 11),
(821, 'GUAMOTE', 11),
(822, 'GUANO', 11),
(823, 'PALLATANGA', 11),
(824, 'PENIPE', 11),
(825, 'RIOBAMBA', 11),
(826, 'COLTA', 11),
(827, 'LATACUNGA', 12),
(828, 'EL CORAZÓN', 12),
(829, 'SAN MIGUEL DE SALCEDO', 12),
(830, 'SAQUISILÍ', 12),
(831, 'SIGCHOS', 12),
(832, 'PUJILI', 12),
(833, 'LA MANÁ', 12),
(834, 'PANGUA', 12),
(835, 'SALCEDO', 12),
(836, 'PACCHA', 15),
(837, 'BALSAS', 15),
(838, 'CHILLA', 15),
(839, 'LA VICTORIA', 15),
(840, 'MACHALA', 15),
(841, 'MARCABELÍ', 15),
(842, 'PORTOVELO', 15),
(843, 'ZARUMA', 15),
(844, 'ARENILLAS', 15),
(845, 'EL GUABO', 15),
(846, 'HUAQUILLAS', 15),
(847, 'PASAJE', 15),
(848, 'PIÑAS', 15),
(849, 'SANTA ROSA', 15),
(850, 'ATAHUALPA', 15),
(851, 'LAS LAJAS', 15),
(852, 'SAN LORENZO', 16),
(853, 'VALDEZ', 16),
(855, 'MUISNE', 16),
(856, 'RIOVERDE', 16),
(857, 'ATACAMES', 16),
(858, 'ROSA ZÁRATE', 16),
(859, 'ELOY ALFARO', 16),
(861, 'ISABELA', 17),
(862, 'SAN CRISTÓBAL', 17),
(863, 'SANTA CRUZ', 17),
(870, 'GENERAL ANTONIO ELIZALDE', 18),
(871, 'COLIMES', 18),
(872, 'VELASCO IBARRA', 18),
(875, 'ISIDRO AYORA', 18),
(876, 'ALFREDO BAQUERIZO MORENO (JUJÁN)', 18),
(877, 'LOMAS DE SARGENTILLO ', 18),
(878, 'CORONEL MARCELINO MARIDUEÑA', 18),
(881, 'NOBOL', 18),
(885, 'SANTA LUCÍA', 18),
(886, 'SIMÓN BOLÍVAR', 18),
(887, 'SALITRE', 18),
(890, 'CALVAS', 19),
(891, 'CATAMAYO', 19),
(892, 'CELICA', 19),
(893, 'CHAGUARPAMBA', 19),
(894, 'ESPÍNDOLA', 19),
(895, 'GONZANAMÁ', 19),
(896, 'LOJA', 19),
(897, 'MACARÁ', 19),
(898, 'OLMEDO', 19),
(899, 'PALTAS', 19),
(900, 'PINDAL', 19),
(901, 'PUYANGO', 19),
(902, 'QUILANGA', 19),
(903, 'SARAGURO', 19),
(904, 'SOZORANGA', 19),
(905, 'ZAPOTILLO', 19),
(906, 'BABA', 20),
(911, 'PALENQUE', 20),
(912, 'PUEBLOVIEJO', 20),
(913, 'QUEVEDO', 20),
(915, 'URDANETA', 20),
(920, 'CHONE', 21),
(921, 'EL CARMEN', 21),
(922, 'FLAVIO ALFARO', 21),
(923, 'JAMA', 21),
(924, 'JARAMIJÓ', 21),
(925, 'JIPIJAPA', 21),
(926, 'JUNÍN', 21),
(927, 'MANTA', 21),
(928, 'MONTECRISTI', 21),
(930, 'PAJÁN', 21),
(931, 'PEDERNALES', 21),
(933, 'PORTOVIEJO', 21),
(934, 'PUERTO LÓPEZ', 21),
(935, 'ROCAFUERTE', 21),
(936, 'SAN VICENTE', 21),
(937, 'SANTA ANA', 21),
(938, 'SUCRE', 21),
(939, 'TOSAGUA', 21),
(940, '24 DE MAYO', 21),
(941, 'GUALAQUIZA', 22),
(942, 'HUAMBOYA', 22),
(943, 'LIMÓN INDANZA', 22),
(944, 'LOGROÑO', 22),
(945, 'MORONA', 22),
(946, 'PABLO SEXTO', 22),
(947, 'PALORA', 22),
(948, 'SAN JUAN BOSCO', 22),
(949, 'SANTIAGO', 22),
(950, 'SUCÚA', 22),
(951, 'TAISHA', 22),
(952, 'TIWINTZA', 22),
(953, 'ARCHIDONA', 23),
(954, 'CARLOS JULIO AROSEMENA TOLA', 23),
(955, 'EL CHACO', 23),
(956, 'QUIJOS', 23),
(957, 'TENA', 23),
(958, 'ARAJUNO', 25),
(959, 'MERA', 25),
(960, 'PASTAZA', 25),
(961, 'SANTA CLARA', 25),
(962, 'CASCALES', 26),
(963, 'CUYABENO', 26),
(964, 'GONZALO PIZARRO', 26),
(965, 'LAGO AGRIO', 26),
(966, 'PUTUMAYO', 26),
(967, 'SHUSHUFINDI', 26),
(968, 'SUCUMBÍOS', 26),
(969, 'CEVALLOS', 27),
(970, 'MOCHA', 27),
(971, 'PATATE', 27),
(972, 'PELILEO', 27),
(973, 'PÍLLARO', 27),
(974, 'QUERO', 27),
(975, 'TISALEO', 27),
(976, 'EL PANGUI', 28),
(977, 'NANGARITZA', 28),
(978, 'PALANDA', 28),
(979, 'PAQUISHA', 28),
(980, 'YACUAMBI', 28),
(981, 'YANTZAZA', 28),
(982, 'ZAMORA', 28),
(983, 'LA LIBERTAD', 29),
(984, 'SALINAS', 29),
(985, 'SANTA ELENA', 29),
(988, 'AMBATO', 27),
(989, 'BOLIVAR', 21),
(990, 'BAÑOS DE AGUA SANTA', 27),
(991, 'FRANCISCO DE ORELLANA', 24),
(992, 'AGUARICO', 24),
(993, 'PICHINCHA', 21);

-- --------------------------------------------------------

--
-- Estructura de tabla para la tabla `clientes`
--

CREATE TABLE `clientes` (
  `id_cliente` int(10) UNSIGNED NOT NULL,
  `nombre` varchar(200) DEFAULT NULL,
  `apellido` varchar(200) DEFAULT NULL,
  `direccion` varchar(250) DEFAULT NULL,
  `cedula` varchar(45) DEFAULT NULL,
  `telefono` varchar(45) NOT NULL,
  `movil` varchar(45) NOT NULL,
  `fecha_nacimiento` date DEFAULT NULL,
  `email` varchar(400) DEFAULT NULL,
  `estado` varchar(45) NOT NULL,
  `id_ciudad` int(10) UNSIGNED NOT NULL,
  `fecha_registro` datetime DEFAULT NULL,
  `numero_cargas` varchar(45) NOT NULL,
  `estado_civil` varchar(45) NOT NULL,
  `tipo` varchar(45) NOT NULL,
  `numero_casa` varchar(45) NOT NULL,
  `id_empresa` int(10) UNSIGNED DEFAULT NULL,
  `id_vendedor` int(10) UNSIGNED DEFAULT NULL,
  `caracter_identificacion` varchar(45) NOT NULL,
  `reponsable` varchar(250) DEFAULT NULL,
  `limite_credito` double DEFAULT NULL,
  `descuento` double DEFAULT NULL,
  `dias_plazo` int(10) UNSIGNED DEFAULT NULL,
  `tipo_precio` int(10) UNSIGNED DEFAULT NULL,
  `observacion` varchar(500) DEFAULT NULL,
  `tipo_cliente` int(11) NOT NULL,
  `prop_nombre` varchar(40) NOT NULL,
  `prop_telefono` varchar(20) DEFAULT NULL,
  `prop_email` varchar(150) DEFAULT NULL,
  `empresaCliente` int(11) DEFAULT NULL,
  `nacionalidad` varchar(40) DEFAULT NULL
) ENGINE=InnoDB DEFAULT CHARSET=utf8;

--
-- Volcado de datos para la tabla `clientes`
--

INSERT INTO `clientes` (`id_cliente`, `nombre`, `apellido`, `direccion`, `cedula`, `telefono`, `movil`, `fecha_nacimiento`, `email`, `estado`, `id_ciudad`, `fecha_registro`, `numero_cargas`, `estado_civil`, `tipo`, `numero_casa`, `id_empresa`, `id_vendedor`, `caracter_identificacion`, `reponsable`, `limite_credito`, `descuento`, `dias_plazo`, `tipo_precio`, `observacion`, `tipo_cliente`, `prop_nombre`, `prop_telefono`, `prop_email`, `empresaCliente`, `nacionalidad`) VALUES
(1, 'DOMINGA S.A.S.', '', 'LUZURRAGA 211 Y PANAMA', '0993375485001', '', '', '2024-02-16', 'dominga@hotmail.com', 'Activo', 688, '2024-02-16 08:00:30', '0', '', '0', '', 3, 0, '04', '', 0, 0, 0, 0, '', 0, '', '', NULL, 0, ''),
(2, 'CONSUMIDOR', 'FINAL', 'CONSUMIDOR FINAL', '9999999999999', '', '', '2024-05-29', 'consumidorfinal@gmail.com', 'Activo', 688, '2024-05-29 04:58:46', '0', '', '0', '', 3, 0, '07', '', 0, 0, 0, 0, '', 0, '', '', NULL, 0, ''),
(1384, 'ALIAN PATRICIO', 'JARA SALAZAR', '16 DE DICIEMBRE Y LUIS A. MARTINEZ', '1600299455001', '000000000', '000000000', NULL, 'catysul@hotmail.com', 'Activo', 990, '2024-05-30 00:00:00', '0', 'Soltero', '1', '', 5, 0, '04', '', 0, 0, 0, 0, ' ', 0, '', '', NULL, NULL, ''),
(1385, 'CORPORACION', 'BYC S C C', 'AV. MALDONADO Y SUSANA RELTOR', '1793196522001', '000000000', '000000000', NULL, 'informacionbanos@corporacionbc.ec', 'Activo', 990, '2024-05-30 00:00:00', '0', 'Soltero', '1', '', 5, 0, '04', '', 0, 0, 0, 0, ' ', 0, '', '', NULL, NULL, ''),
(1386, 'JONATHAN', 'SANCHEZ', 'BANOS', '1803413648', '984763599', '984763599', NULL, 'jonmigue1993@gmail.com', 'Activo', 990, '2024-05-30 00:00:00', '0', 'Soltero', '1', '', 5, 0, '05', '', 0, 0, 0, 0, ' ', 0, '', '', NULL, NULL, ''),
(1387, 'HOTEL', 'SANGAY CA', 'PLAZOLETA ISIDRO AYORA 100 Y JUAN MONTALVO', '1890056829001', '000000000', '000000000', NULL, 'acontable@hotelsangay.com', 'Activo', 990, '2024-05-30 00:00:00', '0', 'Soltero', '1', '', 5, 0, '04', '', 0, 0, 0, 0, ' ', 0, '', '', NULL, NULL, ''),
(1388, 'SAFE WATER', 'SWECS', 'BANOS - ELOY ALFARO', '1792967015001', '961985888', '961985888', NULL, 'safewaterb@gmail.com', 'Activo', 990, '2024-05-30 00:00:00', '0', 'Soltero', '1', '', 5, 0, '04', '', 0, 0, 0, 0, ' ', 0, '', '', NULL, NULL, ''),
(1389, 'ANA RAQUEL', 'BARBA', 'BANOS', '1716999428001', '000000000', '000000000', NULL, 'gallinasdepinllo@live.com', 'Activo', 990, '2024-05-30 00:00:00', '0', 'Soltero', '1', '', 5, 0, '04', '', 0, 0, 0, 0, ' ', 0, '', '', NULL, NULL, ''),
(1390, 'JAIME', 'MORAN', 'BANOS', '1500435829001', '000000000', '000000000', NULL, 'lacloseriesdeslilas92@gmail.com', 'Activo', 990, '2024-05-30 00:00:00', '0', 'Soltero', '1', '', 5, 0, '04', '', 0, 0, 0, 0, ' ', 0, '', '', NULL, NULL, ''),
(1391, 'ALINA', 'FREIRE FIERRO', 'BANOS BARRIO INES MARIA', '1801922780001', '997756935', '997756935', NULL, 'alina.ff@gmail.com', 'Activo', 990, '2024-05-30 00:00:00', '0', 'Soltero', '1', '', 5, 0, '04', '', 0, 0, 0, 0, ' ', 0, '', '', NULL, NULL, ''),
(1392, 'EDISON', ' CORDOVA', 'BANOS', '1710810118001', '988410173', '988410173', NULL, 'edicordv@yahoo.es', 'Activo', 990, '2024-05-30 00:00:00', '0', 'Soltero', '1', '', 5, 0, '04', '', 0, 0, 0, 0, ' ', 0, '', '', NULL, NULL, ''),
(1393, 'MARIA', 'MALDONADO', 'BANOS', '1803409297', '960484032', '960484032', NULL, 'celesteteran84@gmail.com', 'Activo', 990, '2024-05-30 00:00:00', '0', 'Soltero', '1', '', 5, 0, '05', '', 0, 0, 0, 0, ' ', 0, '', '', NULL, NULL, ''),
(1394, 'DANNY MARCELO', 'ANDRADE NAVEDA', 'CALLE ELOY ALFARO Y AMBATO', '1805183223001', '979064142', '979064142', NULL, 'mundoazucar25@gmail.com', 'Activo', 990, '2024-05-30 00:00:00', '0', 'Soltero', '1', '', 5, 0, '04', '', 0, 0, 0, 0, '  ', 0, '', '', NULL, NULL, ''),
(1395, 'EDISON', ' URENA PAREDES', 'BANOS ', '1803839024001', '990872072', '990872072', NULL, 'ediunes24@hotmail.com', 'Activo', 990, '2024-05-30 00:00:00', '0', 'Soltero', '1', '', 5, 0, '04', '', 0, 0, 0, 0, ' ', 0, '', '', NULL, NULL, ''),
(1396, 'MAGDALENA', 'NIETO', 'CALLE AMBATO', '1802499978001', '000000000', '000000000', NULL, 'JCSHACAY22@GMAIL.COM', 'Activo', 990, '2024-05-30 00:00:00', '0', 'Soltero', '1', '', 5, 0, '04', '', 0, 0, 0, 0, ' ', 0, '', '', NULL, NULL, ''),
(1397, 'TERESA', 'RIOS ', 'BANOS', '1800742833', '000000000', '000000000', NULL, 'indefinido@gmail.com', 'Activo', 990, '2024-05-30 00:00:00', '0', 'Soltero', '1', '', 5, 0, '05', '', 0, 0, 0, 0, ' ', 0, '', '', NULL, NULL, ''),
(1398, 'VINICIO', ' BASTIDAS', 'AMBATO', '1713707972001', '000000000', '000000000', NULL, 'indefinido@gmail.com', 'Activo', 990, '2024-05-30 00:00:00', '0', 'Soltero', '1', '', 5, 0, '04', '', 0, 0, 0, 0, ' ', 0, '', '', NULL, NULL, ''),
(1399, 'EMMA', 'NUNEZ', 'AMBATO', '1803046604001', '939811550', '939811550', NULL, 'paulaib@yahoo.com', 'Activo', 990, '2024-05-30 00:00:00', '0', 'Soltero', '1', '', 5, 0, '04', '', 0, 0, 0, 0, ' ', 0, '', '', NULL, NULL, ''),
(1400, 'NUESTRA SRA', 'DEL AGUA SANTA', 'AMBATO Y 12 DE NOVIEMBRE BANOS', '1891703615001', '000000000', '000000000', NULL, 'nuestrasradeaguasanta@hotmail.com', 'Activo', 990, '2024-05-30 00:00:00', '0', 'Soltero', '1', '', 5, 0, '04', '', 0, 0, 0, 0, ' ', 0, '', '', NULL, NULL, ''),
(1401, 'STALIN', 'ALVARADO', 'BANOS ', '0918355843001', '000000000', '000000000', NULL, 'LATINOAL1976@HOTMAIL.COM', 'Activo', 990, '2024-05-30 00:00:00', '0', 'Soltero', '1', '', 5, 0, '04', '', 0, 0, 0, 0, ' ', 0, '', '', NULL, NULL, ''),
(1402, 'DIEGO', 'RUIZ', 'BARRIO EL AGUACATAL ', '1803403797001', '988591298', '988591298', NULL, 'quintalojuarez21@gmail.com', 'Activo', 990, '2024-05-30 00:00:00', '0', 'Soltero', '1', '', 5, 0, '04', '', 0, 0, 0, 0, ' ', 0, '', '', NULL, NULL, ''),
(1403, 'DAVID', 'GUEVARA', 'BA;OS', '1803323029001', '986017848', '986017848', NULL, 'indefinido@gmail.com', 'Activo', 990, '2024-05-30 00:00:00', '0', 'Soltero', '1', '', 5, 0, '04', '', 0, 0, 0, 0, ' ', 0, '', '', NULL, NULL, ''),
(1404, 'COOPERATIVA', 'KULLKI WASI', 'AMBATO', '1891710255001', '000000000', '000000000', NULL, 'indefinido@gmail.com', 'Activo', 990, '2024-05-30 00:00:00', '0', 'Soltero', '1', '', 5, 0, '04', '', 0, 0, 0, 0, ' ', 0, '', '', NULL, NULL, ''),
(1405, 'NARCISA ANA', 'RAMOS PAREDES', 'PUYO', '1600192692001', '992533212', '992533212', NULL, 'narcisara65@gmail.com', 'Activo', 990, '2024-05-30 00:00:00', '0', 'Soltero', '1', '', 5, 0, '04', '', 0, 0, 0, 0, ' ', 0, '', '', NULL, NULL, ''),
(1406, 'JUAN PABLO', ' LOPEZ RAMOS', 'BANOS ', '1600784456001', '000000000', '000000000', NULL, 'juanpablolopez57@yahoo.com', 'Activo', 990, '2024-05-30 00:00:00', '0', 'Soltero', '1', '', 5, 0, '04', '', 0, 0, 0, 0, ' ', 0, '', '', NULL, NULL, ''),
(1407, 'DANIEL', 'RUIZ', 'BANOS', '1600576167001', '995291676', '995291676', NULL, 'indefinido@gmail.com', 'Activo', 990, '2024-05-30 00:00:00', '0', 'Soltero', '1', '', 5, 0, '04', '', 0, 0, 0, 0, ' ', 0, '', '', NULL, NULL, ''),
(1408, 'JORGE', 'FLORES', 'BANOS', '1720107075001', '979002261', '979002261', NULL, 'indefinido@gmail.com', 'Activo', 990, '2024-05-30 00:00:00', '0', 'Soltero', '1', '', 5, 0, '04', '', 0, 0, 0, 0, ' ', 0, '', '', NULL, NULL, ''),
(1409, 'ORGANIZACION SINDICAL UNICA NACIONAL DE', 'TRABAJADORES DEL MINISTERIO DE SALUD OSUNTRAMSA', 'QUITO', '1791884558001', '989068560', '989068560', NULL, 'indefinido@gmail.com', 'Activo', 990, '2024-05-30 00:00:00', '0', 'Soltero', '1', '', 5, 0, '04', '', 0, 0, 0, 0, ' ', 0, '', '', NULL, NULL, ''),
(1410, 'MARIA', 'SANCHEZ ', 'BANOS', '1600643785001', '979254057', '979254057', NULL, 'maryteresanchezpineda@gmail.com', 'Activo', 990, '2024-05-30 00:00:00', '0', 'Soltero', '1', '', 5, 0, '04', '', 0, 0, 0, 0, ' ', 0, '', '', NULL, NULL, ''),
(1411, 'JUAN', 'CAICEDO', 'SAN VICENTE ', '1802886802001', '993775805', '993775805', NULL, 'juancaicedo1977@gmail.com', 'Activo', 990, '2024-05-30 00:00:00', '0', 'Soltero', '1', '', 5, 0, '04', '', 0, 0, 0, 0, ' ', 0, '', '', NULL, NULL, ''),
(1412, 'SATWANT', 'KHANGURA', 'BANOS', '1759981064001', '985494227', '985494227', NULL, 'satwantkhangura786@gmail.com', 'Activo', 990, '2024-05-30 00:00:00', '0', 'Soltero', '1', '', 5, 0, '04', '', 0, 0, 0, 0, ' ', 0, '', '', NULL, NULL, ''),
(1413, 'CHAVEZ MENECES ', 'RICARDO ADRIAN', 'ELOY ALFARO Y MONTALVO', '1805119474001', '982393531', '982393531', NULL, 'ricardoadrianch@outlook.com', 'Activo', 990, '2024-05-30 00:00:00', '0', 'Soltero', '1', '', 5, 0, '04', '', 0, 0, 0, 0, '  ', 0, '', '', NULL, NULL, ''),
(1414, 'COMUNA SANTA ROSA', 'DE RUNTUN', 'BANOS', '1891720439001', '000000000', '000000000', NULL, 'lacruz.bellavista@gmail.com', 'Activo', 990, '2024-05-30 00:00:00', '0', 'Soltero', '1', '', 5, 0, '04', '', 0, 0, 0, 0, ' ', 0, '', '', NULL, NULL, ''),
(1415, 'ESTELA', 'ARANGO', 'BANOS', '1804096632001', '000000000', '000000000', NULL, 'mayarango84@gmail.com', 'Activo', 990, '2024-05-30 00:00:00', '0', 'Soltero', '1', '', 5, 0, '04', '', 0, 0, 0, 0, ' ', 0, '', '', NULL, NULL, ''),
(1416, 'ANGEL', 'BAUTISTA CHAVEZ', 'BANOS', '1803410800001', '000000000', '000000000', NULL, 'ANGELILLOBAU@GMAIL.COM', 'Activo', 990, '2024-05-30 00:00:00', '0', 'Soltero', '1', '', 5, 0, '04', '', 0, 0, 0, 0, ' ', 0, '', '', NULL, NULL, ''),
(1417, 'CONSUELO ROCIO', 'GUANOCHANGO', 'BANOS', '1600320111001', '9931118252', '9931118252', NULL, 'ROCIOGUANACHANGO767@GMAIL.COM', 'Activo', 990, '2024-05-30 00:00:00', '0', 'Soltero', '1', '', 5, 0, '04', '', 0, 0, 0, 0, ' ', 0, '', '', NULL, NULL, ''),
(1418, 'WILMA ELENA', 'SORIA UBILLUZ', 'SUCRE 01-37 Y ESPEJO', '1801521616001', '000000000', '000000000', NULL, 'ROSIVARGAS24@HOTMAIL.COM', 'Activo', 990, '2024-05-30 00:00:00', '0', 'Soltero', '1', '', 5, 0, '04', '', 0, 0, 0, 0, ' ', 0, '', '', NULL, NULL, ''),
(1419, 'KLEVER', 'CUVI', 'CALLE CUENCA Y COTOPAXI PUYO', '1600526089001', '000000000', '000000000', NULL, 'KLEVERCUVI1184@HOTMAIL.COM', 'Activo', 990, '2024-05-30 00:00:00', '0', 'Soltero', '1', '', 5, 0, '04', '', 0, 0, 0, 0, ' ', 0, '', '', NULL, NULL, ''),
(1420, 'ANA LUCIA', 'LOPEZ CASTRO', 'BANOS', '1600084816', '992706164', '992706164', NULL, 'anylucia1984@hotmail.com', 'Activo', 990, '2024-05-30 00:00:00', '0', 'Soltero', '1', '', 5, 0, '05', '', 0, 0, 0, 0, ' ', 0, '', '', NULL, NULL, ''),
(1421, 'RIQUELME', 'TORRES', ' BANOS DE AGUA SANTA ', '1801705078001', '000000000', '000000000', NULL, 'RIQUELMETORRES61@GMAIL.COM', 'Activo', 990, '2024-05-30 00:00:00', '0', 'Soltero', '1', '', 5, 0, '04', '', 0, 0, 0, 0, ' ', 0, '', '', NULL, NULL, ''),
(1422, 'SEBASTIAN', 'FLORES', 'BANOS', '1600493249001', '000000000', '000000000', NULL, 'SEBASTIANFLORESESTUPINAN@GMAIL.COM', 'Activo', 990, '2024-05-30 00:00:00', '0', 'Soltero', '1', '', 5, 0, '04', '', 0, 0, 0, 0, ' ', 0, '', '', NULL, NULL, ''),
(1423, 'DENNYS PAUL', 'SEGOVIA BARREIRO', 'BANOS', '0604462671001', '997559086', '997559086', NULL, 'MONTESELVACONTABILIDAD@GMAIL.COM', 'Activo', 990, '2024-05-30 00:00:00', '0', 'Soltero', '1', '', 5, 0, '04', '', 0, 0, 0, 0, ' ', 0, '', '', NULL, NULL, ''),
(1424, 'CASCADA', 'EL PAILON ', ' RIO VERDE', '1793084192001', '982413282', '982413282', NULL, 'contabilidad.cpei@gmail.com', 'Activo', 990, '2024-05-30 00:00:00', '0', 'Soltero', '1', '', 5, 0, '04', '', 0, 0, 0, 0, ' ', 0, '', '', NULL, NULL, ''),
(1425, 'SELINA OPERATION', 'BANOS S.A', 'BANOS', '0993216496001', '987176561', '987176561', NULL, 'DIEGO.GONZALEZ@SELINA.COM', 'Activo', 990, '2024-05-30 00:00:00', '0', 'Soltero', '1', '', 5, 0, '04', '', 0, 0, 0, 0, ' ', 0, '', '', NULL, NULL, ''),
(1426, 'FRANCISCO XAVIER', 'JARAMILLO YANEZ', 'BANOS DE AGUA SANTA / AMBATO 8-41 Y PEDRO VICENTE MALDONADO', '1710869023001', '000000000', '000000000', NULL, 'pacojaramillo@hotmail.com', 'Activo', 990, '2024-05-30 00:00:00', '0', 'Soltero', '1', '', 5, 0, '04', '', 0, 0, 0, 0, ' ', 0, '', '', NULL, NULL, ''),
(1427, '593 LIQUIDVENTURES', 'S.A.S', 'ATOCHA - FICOA / GUAYTAMBOS SN Y DELICIA', '1891809886001', '000000000', '000000000', NULL, 'Safewaterb@gmail.com', 'Activo', 990, '2024-05-30 00:00:00', '0', 'Soltero', '1', '', 5, 0, '04', '', 0, 0, 0, 0, ' ', 0, '', '', NULL, NULL, ''),
(1428, 'LUIS ANIBAL', 'FLORES IZA', 'AGUA SANTA / BANOS DE AGUA SANTA / PRINCIPAL S/N', '1600343204', '000000000', '000000000', NULL, 'anibalflores988@gmail.com', 'Activo', 990, '2024-05-30 00:00:00', '0', 'Soltero', '1', '', 5, 0, '05', '', 0, 0, 0, 0, ' ', 0, '', '', NULL, NULL, ''),
(1430, 'SEBASTIAN', 'FLORES', 'BANOS', '1600493249001', '987164128', '987164128', NULL, 'SEBASTIANFLORESESTUNAN@GMAIL.COM', 'Activo', 990, '2024-05-30 00:00:00', '0', 'Soltero', '1', '', 5, 0, '04', '', 0, 0, 0, 0, ' ', 0, '', '', NULL, NULL, ''),
(1431, 'MAGIC', 'BEAN ', ' BANOS DE AGUA SANTA', '1792876907001', '963453219', '963453219', NULL, 'contabilidadmagicbean@gmil.com', 'Activo', 990, '2024-05-30 00:00:00', '0', 'Soltero', '1', '', 5, 0, '04', '', 0, 0, 0, 0, ' ', 0, '', '', NULL, NULL, ''),
(1432, 'RIQUELME', 'TORRES', 'BANOS BELLAVISTA', '1801705078', '982717584', '982717584', NULL, 'riquelmetorres@gmail.com', 'Activo', 990, '2024-05-30 00:00:00', '0', 'Soltero', '1', '', 5, 0, '05', '', 0, 0, 0, 0, ' ', 0, '', '', NULL, NULL, ''),
(1433, 'BOADA POVEDA', 'KATHERINE MICHELLE', 'BANOS DE AGUA SANTA', '1804428413001', '979033333', '979033333', NULL, 'ricopolloparadero.boadaK2014@gmail.com', 'Activo', 990, '2024-05-30 00:00:00', '0', 'Soltero', '1', '', 5, 0, '04', '', 0, 0, 0, 0, ' ', 0, '', '', NULL, NULL, ''),
(1434, 'PAOLA', ' LEON', 'AMBATO Y ELOY ALFARO', '1600615270', '959923212', '959923212', NULL, 'ab.paolaleon@gmail.com', 'Activo', 990, '2024-05-30 00:00:00', '0', 'Soltero', '1', '', 5, 0, '05', '', 0, 0, 0, 0, ' ', 0, '', '', NULL, NULL, ''),
(1435, 'ENMA MARINA', 'SILVA LUNA', 'BANOS DE AGUA SANTA ', '1800315937001', '000000000', '000000000', NULL, 'enmita21sl@gmail.com', 'Activo', 990, '2024-05-30 00:00:00', '0', 'Soltero', '1', '', 5, 0, '04', '', 0, 0, 0, 0, ' ', 0, '', '', NULL, NULL, ''),
(1436, 'HUILLACUNA', 'C.L.', 'BANOS', '1891780628001', '000000000', '000000000', NULL, 'huillacunorte.rest@gmail.com', 'Activo', 990, '2024-05-30 00:00:00', '0', 'Soltero', '1', '', 5, 0, '04', '', 0, 0, 0, 0, ' ', 0, '', '', NULL, NULL, ''),
(1437, 'MARIA DEL CARMEN', 'FREIRE YEPEZ', 'MONTALVO Y TOMAS ALFLAN', '1708725807001', '000000000', '000000000', NULL, 'indefinido@gmail.com', 'Activo', 990, '2024-05-30 00:00:00', '0', 'Soltero', '1', '', 5, 0, '04', '', 0, 0, 0, 0, ' ', 0, '', '', NULL, NULL, ''),
(1439, 'SUSANA ELIZABETH', 'TUGUMBANGO LITA', 'BANOS  ', '1714720081001', '000000000', '000000000', NULL, 'Ventas@xn--ialadebaos-09a.com', 'Activo', 990, '2024-05-30 00:00:00', '0', 'Soltero', '1', '', 5, 0, '04', '', 0, 0, 0, 0, ' ', 0, '', '', NULL, NULL, ''),
(1440, 'FABIAN ERNESTO', 'VILLARRUEL SANCHEZ', 'BANOS  ', '1801955293001', '000000000', '000000000', NULL, 'indefinido@gmail.com', 'Activo', 990, '2024-05-30 00:00:00', '0', 'Soltero', '1', '', 5, 0, '04', '', 0, 0, 0, 0, ' ', 0, '', '', NULL, NULL, ''),
(1441, 'BURGOS FREIRE XIMENA ARACELY', '-', 'BANOS  ', '1803812211001', '000000000', '000000000', NULL, 'burgosximena4@gmail.com', 'Activo', 990, '2024-05-30 00:00:00', '0', 'Soltero', '1', '', 5, 0, '04', '', 0, 0, 0, 0, '', 0, '', '', NULL, NULL, NULL),
(1442, 'HENRY', 'SETH', 'BANOS', '0960218451001', '000000000', '000000000', NULL, 'somabeergarden@gmail.com', 'Activo', 990, '2024-05-30 00:00:00', '0', 'Soltero', '1', '', 5, 0, '04', '', 0, 0, 0, 0, ' ', 0, '', '', NULL, NULL, ''),
(1443, 'CARLOS', 'PEREZ', 'QUITO ', '0503266496', '984771029', '984771029', NULL, 'carlos2perez@hotmail.com', 'Activo', 990, '2024-05-30 00:00:00', '0', 'Soltero', '1', '', 5, 0, '05', '', 0, 0, 0, 0, ' ', 0, '', '', NULL, NULL, ''),
(1444, 'ROCIO', 'GUANOCHANGO ', 'BANOS   ', '1600320111', '993418252', '993418252', NULL, 'rocioguanochango767@gmail.com', 'Activo', 990, '2024-05-30 00:00:00', '0', 'Soltero', '1', '', 5, 0, '05', '', 0, 0, 0, 0, ' ', 0, '', '', NULL, NULL, ''),
(1445, 'ESTHER ELVIRA', 'FLORES ESTUPINAN', 'BANOS   ', '1600538126001', '0999772801 ', '0999772801 ', NULL, 'contabilidad.leprechaun@gmail.com', 'Activo', 990, '2024-05-30 00:00:00', '0', 'Soltero', '1', '', 5, 0, '04', '', 0, 0, 0, 0, ' ', 0, '', '', NULL, NULL, ''),
(1446, 'ELVA MARINA ', 'RAMOS CASCO', 'BANOS   VIA AL PUYO', '1802651271001', '939771342', '939771342', NULL, 'elvar2014@outlook.es', 'Activo', 990, '2024-05-30 00:00:00', '0', 'Soltero', '1', '', 5, 0, '04', '', 0, 0, 0, 0, ' ', 0, '', '', NULL, NULL, ''),
(1447, 'VERONICA ANABELLA', 'SORIA CORDONES', 'BANOS   ', '1600281313001 ', '983455403', '983455403', NULL, 'verosoriaart@hotmail.com', 'Activo', 990, '2024-05-30 00:00:00', '0', 'Soltero', '1', '', 5, 0, '04', '', 0, 0, 0, 0, ' ', 0, '', '', NULL, NULL, ''),
(1448, 'ANTONIO FABIAN', 'VILLAFUERTE BARROSO', 'BANOS    ', '1805240676001', '000000000', '000000000', NULL, 'fabianvillafuerte10@gmail.com', 'Activo', 990, '2024-05-30 00:00:00', '0', 'Soltero', '1', '', 5, 0, '04', '', 0, 0, 0, 0, ' ', 0, '', '', NULL, NULL, ''),
(1449, 'OSCAR FRANCISCO', 'AGUAYO ROJAS', 'BANOS    ', '0602611436001', '000000000', '000000000', NULL, 'oscaraguayor@hotmail.com', 'Activo', 990, '2024-05-30 00:00:00', '0', 'Soltero', '1', '', 5, 0, '04', '', 0, 0, 0, 0, ' ', 0, '', '', NULL, NULL, ''),
(1450, 'MARIA FERNANDA', 'COELLO PAUCAR ', 'BANOS    ', '1600632275001  ', '000000000', '000000000', NULL, 'christian10_1991@hotmail.com', 'Activo', 990, '2024-05-30 00:00:00', '0', 'Soltero', '1', '', 5, 0, '04', '', 0, 0, 0, 0, ' ', 0, '', '', NULL, NULL, ''),
(1451, 'MARIA FERNANDA', 'COELLO PAUCAR ', 'BANOS    ', '1600632275', '000000000', '000000000', NULL, 'christian10_1991@hotmail.com', 'Activo', 990, '2024-05-30 00:00:00', '0', 'Soltero', '1', '', 5, 0, '05', '', 0, 0, 0, 0, ' ', 0, '', '', NULL, NULL, ''),
(1452, 'VERONICA', 'SORIA', 'BANOS    ', '1600281313', '0983455403 ', '0983455403 ', NULL, 'verosoriaart@hotmail.com', 'Activo', 990, '2024-05-30 00:00:00', '0', 'Soltero', '1', '', 5, 0, '05', '', 0, 0, 0, 0, ' ', 0, '', '', NULL, NULL, ''),
(1453, 'ARMIJOS CAMPOVERDE', 'WILZON ALVARO', 'BANOS    ', '1713376588001', '000000000', '000000000', NULL, 'indefinido@gmail.com', 'Activo', 990, '2024-05-30 00:00:00', '0', 'Soltero', '1', '', 5, 0, '04', '', 0, 0, 0, 0, ' ', 0, '', '', NULL, NULL, ''),
(1454, 'FANNY ELIZABETH  ', 'NAVARRETE SANCHEZ ', 'BANOS    ', '1801494996', '000000000', '000000000', NULL, 'fenavarrete57@gmail.com', 'Activo', 990, '2024-05-30 00:00:00', '0', 'Soltero', '1', '', 5, 0, '05', '', 0, 0, 0, 0, ' ', 0, '', '', NULL, NULL, ''),
(1455, 'TOURIST EXPERIENCE', 'ECUADOR S.A.S. ', 'BANOS    ', '1793183158001', '995255557', '995255557', NULL, 'contavilidad@deluxevolcan.com', 'Activo', 990, '2024-05-30 00:00:00', '0', 'Soltero', '1', '', 5, 0, '04', '', 0, 0, 0, 0, ' ', 0, '', '', NULL, NULL, ''),
(1456, 'WILSON FABIAN ', 'VILLAFUERTE CAICEDO', 'BANOS    ', '1802371573001', '986095163', '986095163', NULL, 'wfab1969@yahoo.es', 'Activo', 990, '2024-05-30 00:00:00', '0', 'Soltero', '1', '', 5, 0, '04', '', 0, 0, 0, 0, ' ', 0, '', '', NULL, NULL, ''),
(1457, 'ALEXEI RICARDO ', 'ZUMBANA PODANIOV', 'BANOS    ', '1723372296001', '000000000', '000000000', NULL, 'alexey.zumbana@gmail.com', 'Activo', 990, '2024-05-30 00:00:00', '0', 'Soltero', '1', '', 5, 0, '04', '', 0, 0, 0, 0, ' ', 0, '', '', NULL, NULL, ''),
(1458, 'MARIA ELENA ', 'RIOS OLIVES', 'OSCAR EFREYN REYES Y MONTALVO', '0802894188001', '986210339', '986210339', NULL, 'elena_rios8@hotmail.com', 'Activo', 990, '2024-05-30 00:00:00', '0', 'Soltero', '1', '', 5, 0, '04', '', 0, 0, 0, 0, ' ', 0, '', '', NULL, NULL, ''),
(1459, 'LUIS ANDRES', 'ANDRADE  NAVEDA ', 'ELOY ALFARO Y AMBATO    ', '1805485495001', '0979152662 ', '0979152662 ', NULL, 'lestacion593.2022@gmail.com', 'Activo', 990, '2024-05-30 00:00:00', '0', 'Soltero', '1', '', 5, 0, '04', '', 0, 0, 0, 0, ' ', 0, '', '', NULL, NULL, ''),
(1460, 'CANDO MANCHENO', 'MIGUEL ANGEL ', 'ULBA-BANOS ', '1600344095001 ', '0988704665   ', '0988704665   ', NULL, 'miketkg20@hotmail.es', 'Activo', 990, '2024-05-30 00:00:00', '0', 'Soltero', '1', '', 5, 0, '04', '', 0, 0, 0, 0, ' ', 0, '', '', NULL, NULL, ''),
(1461, 'CANDO MANCHENO', 'MIGUEL ANGEL', 'ULBA-BANOS ', '1600344095', '0988704665   ', '0988704665   ', NULL, 'miketkg20@hotmail.es', 'Activo', 990, '2024-05-30 00:00:00', '0', 'Soltero', '1', '', 5, 0, '05', '', 0, 0, 0, 0, ' ', 0, '', '', NULL, NULL, ''),
(1463, 'MEGA PARQUE DE AVENTURAS', 'RIO BLANCO MEGAPARKRIOBLANCO CIA. LTDA.', 'RIO BLANCO ', '1891762190001', '0987081113 ', '0987081113 ', NULL, 'ivanfiallos@hotmail.com', 'Activo', 990, '2024-05-30 00:00:00', '0', 'Soltero', '1', '', 5, 0, '04', '', 0, 0, 0, 0, ' ', 0, '', '', NULL, NULL, ''),
(1464, 'CARMEN AMELIA ', 'RAMOS VILLAVICENCIO', 'BANOS   ', '1803022183001', '0980900083 ', '0980900083 ', NULL, 'tacostortillas2000@yahoo.com', 'Activo', 990, '2024-05-30 00:00:00', '0', 'Soltero', '1', '', 5, 0, '04', '', 0, 0, 0, 0, ' ', 0, '', '', NULL, NULL, ''),
(1465, 'GUANO GALARZA', 'CATALINA XIMENA', 'CONOCOTO', '1715004527001', '995604817', '995604817', NULL, 'kattyluxgg@gmail.com', 'Activo', 990, '2024-05-30 00:00:00', '0', 'Soltero', '1', '', 5, 0, '04', '', 0, 0, 0, 0, ' ', 0, '', '', NULL, NULL, ''),
(1466, 'ROBERTO', 'SANCHEZ', 'BANOS   ', '1716741929001', '000000000', '000000000', NULL, 'indefinido@gmail.com', 'Activo', 990, '2024-05-30 00:00:00', '0', 'Soltero', '1', '', 5, 0, '04', '', 0, 0, 0, 0, ' ', 0, '', '', NULL, NULL, ''),
(1467, 'MARIA BELEN', 'ALAVA BUSTILLOS', 'BANOS', '1850306869', '984807001', '984807001', NULL, 'belenalava1995@gmail.com', 'Activo', 990, '2024-05-30 00:00:00', '0', 'Soltero', '1', '', 5, 0, '05', '', 0, 0, 0, 0, '  ', 0, '', '', NULL, NULL, ''),
(1468, 'FERNANDO VALVERDE', '-', 'BANOS', '1600669590', '983226555', '983226555', NULL, 'ddankovalverde@hotmail.com', 'Activo', 990, '2024-05-30 00:00:00', '0', 'Soltero', '1', '', 5, 0, '05', '', 0, 0, 0, 0, '', 0, '', '', NULL, NULL, NULL),
(1469, 'WILMA', 'LUNA', 'BANOS  ', '1500283344', '000000000', '000000000', NULL, 'wilma_piedad@hotmail.com', 'Activo', 990, '2024-05-30 00:00:00', '0', 'Soltero', '1', '', 5, 0, '05', '', 0, 0, 0, 0, ' ', 0, '', '', NULL, NULL, ''),
(1470, 'EL BOTICARIO', 'S.A.S', 'RAFAEL VIERIA Y MONTALVO', '1891809782001', '987061300', '987061300', NULL, 'ucroniabyelboticario@gmail.com', 'Activo', 990, '2024-05-30 00:00:00', '0', 'Soltero', '1', '', 5, 0, '04', '', 0, 0, 0, 0, ' ', 0, '', '', NULL, NULL, ''),
(1471, 'MARIA', 'MOROCHO', 'PUYO', '1600207144001', '000000000', '000000000', NULL, 'mariamorochocalero@hotmail.com', 'Activo', 990, '2024-05-30 00:00:00', '0', 'Soltero', '1', '', 5, 0, '04', '', 0, 0, 0, 0, ' ', 0, '', '', NULL, NULL, ''),
(1472, 'CONSUMIDOR', 'FINAL', 'BANOS', '9999999999999', '000000000', '000000000', NULL, 'indefinido@gmail.com', 'Activo', 990, '2024-05-30 00:00:00', '0', 'Soltero', '1', '', 5, 0, '07', '', 0, 0, 0, 0, '   ', 0, '', '', NULL, NULL, ''),
(1473, 'LUIS ROBERTO', 'ROSERO REAL ', 'PUYO', '1600233512001', '979209292', '979209292', NULL, 'elmigrantelatino@hotmail', 'Activo', 990, '2024-05-30 00:00:00', '0', 'Soltero', '1', '', 5, 0, '04', '', 0, 0, 0, 0, ' ', 0, '', '', NULL, NULL, ''),
(1474, 'PABLO FABRICIO', 'GUEVARA BALSECA', 'BANOS  ', '1600259939001', '000000000', '000000000', NULL, 'pabloguevarav@homail.com', 'Activo', 990, '2024-05-30 00:00:00', '0', 'Soltero', '1', '', 5, 0, '04', '', 0, 0, 0, 0, ' ', 0, '', '', NULL, NULL, ''),
(1475, 'ALFREDO ALBERTO', ' RAMOS MEDINA', 'BANOS', '0916902117001', '000000000', '000000000', NULL, 'info@anahisoft.com', 'Activo', 688, '2024-05-30 00:00:00', '0', 'Soltero', '1', '', 5, 0, '04', '', 0, 0, 0, 0, ' ', 0, '', '', NULL, NULL, ''),
(1476, 'LOGRONO VARGAS', 'MARIA FERNANDA ', 'JUAN LEON MERA Y ANBATO', '1802690378001', '000000000', '000000000', NULL, 'contabilidad_odontofamily@hotmail.com', 'Activo', 990, '2024-05-30 00:00:00', '0', 'Soltero', '1', '', 5, 0, '04', '', 0, 0, 0, 0, ' ', 0, '', '', NULL, NULL, ''),
(1477, 'ANDRES', 'MONTENEGRO', 'BANOS  ', '0603832023001', '995448329', '995448329', NULL, 'indefinido@gmail.com', 'Activo', 990, '2024-05-30 00:00:00', '0', 'Soltero', '1', '', 5, 0, '04', '', 0, 0, 0, 0, ' ', 0, '', '', NULL, NULL, ''),
(1478, 'ANANGONO BARRENO', 'JUAN DAVID', 'AV AMAZONAS', '160064852001', '000000000', '000000000', NULL, 'jd41100roko@gamil.com', 'Activo', 990, '2024-05-30 00:00:00', '0', 'Soltero', '1', '', 5, 0, '04', '', 0, 0, 0, 0, ' ', 0, '', '', NULL, NULL, ''),
(1479, ' JUAN', 'ANANGONO', 'AV. AMAZONAS', '1600648529', '000000000', '000000000', NULL, 'jd41100roko@gmail.con', 'Activo', 990, '2024-05-30 00:00:00', '0', 'Soltero', '1', '', 5, 0, '05', '', 0, 0, 0, 0, ' ', 0, '', '', NULL, NULL, ''),
(1480, 'NELLY MARGOTH', 'RODRIGUEZ', 'BANOS', '1803768389001', '984521310', '984521310', NULL, 'nellypaica@gmail.com', 'Activo', 990, '2024-05-30 00:00:00', '0', 'Soltero', '1', '', 5, 0, '04', '', 0, 0, 0, 0, ' ', 0, '', '', NULL, NULL, ''),
(1481, 'LEONARDO', 'PAREDES', 'BANOS', '1600672602', '000000000', '000000000', NULL, 'dj.killer69@hotmail.com', 'Activo', 990, '2024-05-30 00:00:00', '0', 'Soltero', '1', '', 5, 0, '05', '', 0, 0, 0, 0, ' ', 0, '', '', NULL, NULL, ''),
(1482, 'FAUSTO STEVE', 'VILLALBA', 'VICENTE ROCAFUERTE Y 12 DE NOVIEMBRE', '1600337412001', '989976921', '989976921', NULL, 'stevevillalba30@gmail.com', 'Activo', 990, '2024-05-30 00:00:00', '0', 'Soltero', '1', '', 5, 0, '04', '', 0, 0, 0, 0, ' ', 0, '', '', NULL, NULL, ''),
(1483, 'NANCI EMELINA', 'TINTIN GUANOPATIN', 'BANOS ', '1801375286001', '000000000', '000000000', NULL, 'lucernaclassi@hotmail.com', 'Activo', 990, '2024-05-30 00:00:00', '0', 'Soltero', '1', '', 5, 0, '04', '', 0, 0, 0, 0, ' ', 0, '', '', NULL, NULL, ''),
(1484, 'BETTY', 'GAIBOR DELGADO', 'AMBATO', '18020520694', '000000000', '000000000', NULL, 'bettygaibordelgado_@hotmail.com', 'Activo', 990, '2024-05-30 00:00:00', '0', 'Soltero', '1', '', 5, 0, '05', '', 0, 0, 0, 0, ' ', 0, '', '', NULL, NULL, ''),
(1485, 'BETTY', 'GAIBOR DELGADO', 'AMBATO', '1802052694', '000000000', '000000000', NULL, 'bettygaibordelgado_@hotmail.com', 'Activo', 990, '2024-05-30 00:00:00', '0', 'Soltero', '1', '', 5, 0, '05', '', 0, 0, 0, 0, ' ', 0, '', '', NULL, NULL, ''),
(1486, 'SOLANGE', 'FLORES', 'BANOS  ', '1600504334001', '000000000', '000000000', NULL, 'leprechunrestaurante@gmail.com', 'Activo', 990, '2024-05-30 00:00:00', '0', 'Soltero', '1', '', 5, 0, '04', '', 0, 0, 0, 0, ' ', 0, '', '', NULL, NULL, ''),
(1487, 'WILSON GUIDO', 'SANCHEZ NAVARRETE', 'BANOS  ', '1803347945001', '000000000', '000000000', NULL, 'guidosanchezn@gmail.com', 'Activo', 990, '2024-05-30 00:00:00', '0', 'Soltero', '1', '', 5, 0, '04', '', 0, 0, 0, 0, ' ', 0, '', '', NULL, NULL, ''),
(1488, 'DANIEL', 'ZAMBRANO', 'BANOS  ', '1302180656001', '989041080', '989041080', NULL, 'veronica_vane24@hotmail.com', 'Activo', 990, '2024-05-30 00:00:00', '0', 'Soltero', '1', '', 5, 0, '04', '', 0, 0, 0, 0, '  ', 0, '', '', NULL, NULL, ''),
(1489, 'CONSEJO GUBERNATIVO DE LOS BIENES', 'DE LA DIOCESIS DE AMBATO', 'BOLIVAR 1733 Y MERA', '1890016509001', '327422102', '327422102', NULL, 'casa.deretiros@diocesisdeambato.com', 'Activo', 990, '2024-05-30 00:00:00', '0', 'Soltero', '1', '', 5, 0, '04', '', 0, 0, 0, 0, '  ', 0, '', '', NULL, NULL, ''),
(1490, 'DIEGO', ' MACAS', 'BANOS  ', '0703403766001', '983370755', '983370755', NULL, 'indefinido@gmail.com', 'Activo', 990, '2024-05-30 00:00:00', '0', 'Soltero', '1', '', 5, 0, '04', '', 0, 0, 0, 0, ' ', 0, '', '', NULL, NULL, ''),
(1491, 'ADRIANA', 'CHAVEZ', 'BANOS  ', '1600612467001', '984427514', '984427514', NULL, 'chavezadriana610@gmail.com', 'Activo', 990, '2024-05-30 00:00:00', '0', 'Soltero', '1', '', 5, 0, '04', '', 0, 0, 0, 0, ' ', 0, '', '', NULL, NULL, ''),
(1492, 'DIEGO', 'VILLALVA', 'QUEVEDO', '1803530128001', '000000000', '000000000', NULL, 'ferr696@hotmail.com', 'Activo', 990, '2024-05-30 00:00:00', '0', 'Soltero', '1', '', 5, 0, '04', '', 0, 0, 0, 0, ' ', 0, '', '', NULL, NULL, ''),
(1493, 'PATRICIA', ' GUEVARA', 'BANOS', '1801755735001', '000000000', '000000000', NULL, 'info@miramelindo.com.ec', 'Activo', 990, '2024-05-30 00:00:00', '0', 'Soltero', '1', '', 5, 0, '04', '', 0, 0, 0, 0, ' ', 0, '', '', NULL, NULL, ''),
(1494, 'FAVIAN', ' TIVAN', 'BANOS', '1803350741001', '000000000', '000000000', NULL, 'fabiantivan@outook.com', 'Activo', 990, '2024-05-30 00:00:00', '0', 'Soltero', '1', '', 5, 0, '04', '', 0, 0, 0, 0, ' ', 0, '', '', NULL, NULL, ''),
(1495, 'HUGO', 'DIAZ', 'BANOS', '1800856526001', '000000000', '000000000', NULL, 'indefinido@gmail.com', 'Activo', 990, '2024-05-30 00:00:00', '0', 'Soltero', '1', '', 5, 0, '04', '', 0, 0, 0, 0, '  ', 0, '', '', NULL, NULL, ''),
(1496, 'MILTON', 'MUNOZ', 'BANOS  ', '1805386768001', '981614717', '981614717', NULL, 'laura-ganan@hotmail.es', 'Activo', 990, '2024-05-30 00:00:00', '0', 'Soltero', '1', '', 5, 0, '04', '', 0, 0, 0, 0, ' ', 0, '', '', NULL, NULL, ''),
(1497, 'DARIO', 'MERINO', 'BANOS  ', '1804558169001', '992591885', '992591885', NULL, 'javiermerino844@gmail.com', 'Activo', 990, '2024-05-30 00:00:00', '0', 'Soltero', '1', '', 5, 0, '04', '', 0, 0, 0, 0, ' ', 0, '', '', NULL, NULL, ''),
(1498, 'YAMILCA', 'ZURITA', 'BANOS', '1729157469', '000000000', '000000000', NULL, 'yamilcanicolez@gmail.com', 'Activo', 990, '2024-05-30 00:00:00', '0', 'Soltero', '1', '', 5, 0, '05', '', 0, 0, 0, 0, ' ', 0, '', '', NULL, NULL, ''),
(1499, 'JOHANA', 'DIAZ', 'BANOS', '1850615962', '986960983', '986960983', NULL, 'katerin.2001.dias@gmail.com', 'Activo', 990, '2024-05-30 00:00:00', '0', 'Soltero', '1', '', 5, 0, '05', '', 0, 0, 0, 0, ' ', 0, '', '', NULL, NULL, ''),
(1500, 'LUIS ANDRES', 'CASTILLO JACOME', 'BANOS', '1723425276', '000000000', '000000000', NULL, 'andrescastillo0507@gmail.com', 'Activo', 990, '2024-05-30 00:00:00', '0', 'Soltero', '1', '', 5, 0, '05', '', 0, 0, 0, 0, ' ', 0, '', '', NULL, NULL, ''),
(1501, 'LILIANA', 'SILVA NUNEZ', 'ULBA', '1600261927001', '000000000', '000000000', NULL, 'lilianasilva7095@hotmail.com', 'Activo', 990, '2024-05-30 00:00:00', '0', 'Soltero', '1', '', 5, 0, '04', '', 0, 0, 0, 0, ' ', 0, '', '', NULL, NULL, ''),
(1502, 'FANY', 'MEJIAS', 'ROCA FUERTE 16 DICIENBRE', '1600301442', '000000000', '000000000', NULL, 'indefinido@gmail.com', 'Activo', 990, '2024-05-30 00:00:00', '0', 'Soltero', '1', '', 5, 0, '05', '', 0, 0, 0, 0, ' ', 0, '', '', NULL, NULL, ''),
(1503, 'SANCHEZ', 'DUSTIN', 'CALLE AMBATO', '1802873057001', '000000000', '000000000', NULL, 'indefinido@gmail.com', 'Activo', 990, '2024-05-30 00:00:00', '0', 'Soltero', '1', '', 5, 0, '04', '', 0, 0, 0, 0, ' ', 0, '', '', NULL, NULL, ''),
(1504, 'ANDREA PAULINA', ' AREVALO', 'BANOS', '1803583465001', '000000000', '000000000', NULL, 'andrepauli32@hotmail.com', 'Activo', 990, '2024-05-30 00:00:00', '0', 'Soltero', '1', '', 5, 0, '04', '', 0, 0, 0, 0, ' ', 0, '', '', NULL, NULL, ''),
(1505, 'XIMENA', 'DELGADO', 'BANOS', '1802647832001', '000000000', '000000000', NULL, 'ximenadelgado1802@gmail.com', 'Activo', 990, '2024-05-30 00:00:00', '0', 'Soltero', '1', '', 5, 0, '04', '', 0, 0, 0, 0, ' ', 0, '', '', NULL, NULL, ''),
(1506, 'NANCY', 'RUBIO', 'LATACUNGA', '0501441729', '000000000', '000000000', NULL, 'indefinido@gmail.com', 'Activo', 990, '2024-05-30 00:00:00', '0', 'Soltero', '1', '', 5, 0, '05', '', 0, 0, 0, 0, ' ', 0, '', '', NULL, NULL, ''),
(1507, 'DARIO', 'POAQUIZA', 'BANOS  ', '0606541258', '000000000', '000000000', NULL, 'indefinido@gmail.com', 'Activo', 990, '2024-05-30 00:00:00', '0', 'Soltero', '1', '', 5, 0, '05', '', 0, 0, 0, 0, ' ', 0, '', '', NULL, NULL, ''),
(1508, 'ALEGRIA', ' MEJIA', 'BANOS', '0912899390', '000000000', '000000000', NULL, 'aleartista69@yahoo.es', 'Activo', 990, '2024-05-30 00:00:00', '0', 'Soltero', '1', '', 5, 0, '05', '', 0, 0, 0, 0, ' ', 0, '', '', NULL, NULL, ''),
(1509, 'JESENIA', 'MOLINA PEREZ', 'BANOS', '0919622738', '000000000', '000000000', NULL, 'JESSIMOLINA5@HOTMAIL.COM', 'Activo', 990, '2024-05-30 00:00:00', '0', 'Soltero', '1', '', 5, 0, '05', '', 0, 0, 0, 0, ' ', 0, '', '', NULL, NULL, ''),
(1510, 'CORMUR', 'FOOD SERVICE', 'BANOS', '1891810794001', '000000000', '000000000', NULL, 'verdepintonymaduro.banos@outlook.es', 'Activo', 990, '2024-05-30 00:00:00', '0', 'Soltero', '1', '', 5, 0, '04', '', 0, 0, 0, 0, ' ', 0, '', '', NULL, NULL, ''),
(1511, 'MARIA', 'REYES', 'BANOS', '1802116176001', '000000000', '000000000', NULL, 'maritadelcar65@gmail.com', 'Activo', 990, '2024-05-30 00:00:00', '0', 'Soltero', '1', '', 5, 0, '04', '', 0, 0, 0, 0, ' ', 0, '', '', NULL, NULL, ''),
(1512, 'JACQUELINE', 'PEREZ', 'BANOS', '1711235828001', '000000000', '000000000', NULL, 'indefinido@gmail.com', 'Activo', 990, '2024-05-30 00:00:00', '0', 'Soltero', '1', '', 5, 0, '04', '', 0, 0, 0, 0, ' ', 0, '', '', NULL, NULL, ''),
(1513, 'KELVIN', 'PEREZ', 'BANOS', '1850617265', '000000000', '000000000', NULL, 'indefinido@gmail.com', 'Activo', 990, '2024-05-30 00:00:00', '0', 'Soltero', '1', '', 5, 0, '05', '', 0, 0, 0, 0, ' ', 0, '', '', NULL, NULL, ''),
(1514, 'CHRYSTOPHER', ' FIALLOS', 'RIO BLANCO', '1804470324001', '969037623', '969037623', NULL, 'cfiallosgerencia@gmail.com', 'Activo', 990, '2024-05-30 00:00:00', '0', 'Soltero', '1', '', 5, 0, '04', '', 0, 0, 0, 0, ' ', 0, '', '', NULL, NULL, ''),
(1515, 'MARIANA', 'FLORES', 'BANOS  ', '0601061666001', '995294436', '995294436', NULL, 'indefinido@gmail.com', 'Activo', 990, '2024-05-30 00:00:00', '0', 'Soltero', '1', '', 5, 0, '04', '', 0, 0, 0, 0, ' ', 0, '', '', NULL, NULL, ''),
(1516, 'JUAN', 'CHAUVIN', 'BANOS', '1804536892001', '000000000', '000000000', NULL, 'factura@hoteldemipueblo.com', 'Activo', 990, '2024-05-30 00:00:00', '0', 'Soltero', '1', '', 5, 0, '04', '', 0, 0, 0, 0, ' ', 0, '', '', NULL, NULL, ''),
(1517, 'HELEN', ' MORALES', 'BANOS', '0924500283001', '999199089', '999199089', NULL, 'lapiedra.fac@gmail.com', 'Activo', 990, '2024-05-30 00:00:00', '0', 'Soltero', '1', '', 5, 0, '04', '', 0, 0, 0, 0, ' ', 0, '', '', NULL, NULL, ''),
(1518, 'CHRISTOPHER', 'TORRES', 'BANOS', '1804339702001', '000000000', '000000000', NULL, 'indefinido@gmail.com', 'Activo', 990, '2024-05-30 00:00:00', '0', 'Soltero', '1', '', 5, 0, '04', '', 0, 0, 0, 0, ' ', 0, '', '', NULL, NULL, ''),
(1519, 'VALERIA', 'FIALLOS', 'BANOS', '1804270815', '000000000', '000000000', NULL, 'valefiaallossilva2011@gmail.com', 'Activo', 990, '2024-05-30 00:00:00', '0', 'Soltero', '1', '', 5, 0, '05', '', 0, 0, 0, 0, ' ', 0, '', '', NULL, NULL, ''),
(1520, 'NOHELIA', 'MENDOZA', 'BANOS', '0951597533', '984826534', '984826534', NULL, 'noheliakiara29@hotmail.com', 'Activo', 990, '2024-05-30 00:00:00', '0', 'Soltero', '1', '', 5, 0, '05', '', 0, 0, 0, 0, ' ', 0, '', '', NULL, NULL, ''),
(1521, 'RUTH', 'CORTEZ', 'BANOS', '0502840457', '981500945', '981500945', NULL, 'catitacortez1982@hotmail.com', 'Activo', 990, '2024-05-30 00:00:00', '0', 'Soltero', '1', '', 5, 0, '05', '', 0, 0, 0, 0, ' ', 0, '', '', NULL, NULL, ''),
(1522, 'CLARA', ' FREIRE', 'BANOS', '1803021987001', '000000000', '000000000', NULL, 'clarafreire2014@hotmail.com', 'Activo', 990, '2024-05-30 00:00:00', '0', 'Soltero', '1', '', 5, 0, '04', '', 0, 0, 0, 0, ' ', 0, '', '', NULL, NULL, ''),
(1523, 'IRINA', 'PODANEVA', 'BANOS', '1716050966001', '000000000', '000000000', NULL, 'indefinido@gmail.com', 'Activo', 990, '2024-05-30 00:00:00', '0', 'Soltero', '1', '', 5, 0, '04', '', 0, 0, 0, 0, ' ', 0, '', '', NULL, NULL, ''),
(1524, 'DAVID', 'SANCHES ARGUELLO', 'BANOS', '1803070935001', '000000000', '000000000', NULL, 'nunnamiusi@gmail.com', 'Activo', 990, '2024-05-30 00:00:00', '0', 'Soltero', '1', '', 5, 0, '04', '', 0, 0, 0, 0, ' ', 0, '', '', NULL, NULL, ''),
(1525, 'CORAIMA', ' MALUCI', 'BANOS', '1600587750001', '000000000', '000000000', NULL, 'indefinido@gmail.com', 'Activo', 990, '2024-05-30 00:00:00', '0', 'Soltero', '1', '', 5, 0, '04', '', 0, 0, 0, 0, ' ', 0, '', '', NULL, NULL, ''),
(1526, 'MARIZGUD', 'BARRIGA', 'BANOS', '1600298465001', '000000000', '000000000', NULL, 'indefinido@gmail.com', 'Activo', 990, '2024-05-30 00:00:00', '0', 'Soltero', '1', '', 5, 0, '04', '', 0, 0, 0, 0, ' ', 0, '', '', NULL, NULL, ''),
(1527, 'XAVIER', 'SALTOS ', 'AMBATO', '1804699773001', '999012011', '999012011', NULL, 'xavi_8990@hotmail.com', 'Activo', 990, '2024-05-30 00:00:00', '0', 'Soltero', '1', '', 5, 0, '04', '', 0, 0, 0, 0, ' ', 0, '', '', NULL, NULL, ''),
(1528, 'JULIA', 'AMAM', 'PUYO', '1801952498', '000000000', '000000000', NULL, 'julyaman@yahoo.es', 'Activo', 990, '2024-05-30 00:00:00', '0', 'Soltero', '1', '', 5, 0, '05', '', 0, 0, 0, 0, ' ', 0, '', '', NULL, NULL, ''),
(1529, 'CASA', 'DORADA', 'BANOS', '1801899145001', '000000000', '000000000', NULL, 'acosta61victor@gmail.com', 'Activo', 990, '2024-05-30 00:00:00', '0', 'Soltero', '1', '', 5, 0, '04', '', 0, 0, 0, 0, ' ', 0, '', '', NULL, NULL, ''),
(1530, 'ANDRES', 'ROMERO', 'BANOS', '1803994209', '983454052', '983454052', NULL, 'andreskds563@gmail.com', 'Activo', 990, '2024-05-30 00:00:00', '0', 'Soltero', '1', '', 5, 0, '05', '', 0, 0, 0, 0, ' ', 0, '', '', NULL, NULL, ''),
(1531, 'JAVIER', ' CHAVES', 'BANOS', '1804873477', '000000000', '000000000', NULL, 'indefinido@gmail.com', 'Activo', 990, '2024-05-30 00:00:00', '0', 'Soltero', '1', '', 5, 0, '05', '', 0, 0, 0, 0, ' ', 0, '', '', NULL, NULL, ''),
(1532, 'VIRGINA', 'CACERES', 'BANOS', '1600486896', '000000000', '000000000', NULL, 'indefinido@gmail.com', 'Activo', 990, '2024-05-30 00:00:00', '0', 'Soltero', '1', '', 5, 0, '05', '', 0, 0, 0, 0, ' ', 0, '', '', NULL, NULL, ''),
(1533, 'LEONARDO', 'VEGA', 'BANOS', '1800301275001', '000000000', '000000000', NULL, 'indefinido@gmail.com', 'Activo', 990, '2024-05-30 00:00:00', '0', 'Soltero', '1', '', 5, 0, '04', '', 0, 0, 0, 0, ' ', 0, '', '', NULL, NULL, ''),
(1534, 'VICTOR', 'SANCHEZ', 'BANOS', '1803538949001', '000000000', '000000000', NULL, 'victorventas3@hotmail.com', 'Activo', 990, '2024-05-30 00:00:00', '0', 'Soltero', '1', '', 5, 0, '04', '', 0, 0, 0, 0, ' ', 0, '', '', NULL, NULL, ''),
(1535, 'HOLIDAY-HOMES', 'S.A.S', 'BANOS', '1891809568001', '000000000', '000000000', NULL, 'holidayhomes00@gmail.com', 'Activo', 990, '2024-05-30 00:00:00', '0', 'Soltero', '1', '', 5, 0, '04', '', 0, 0, 0, 0, ' ', 0, '', '', NULL, NULL, ''),
(1536, 'MONICA', ' ARAUJO', 'BANOS', '1600194797', '000000000', '000000000', NULL, 'indefinido@gmail.com', 'Activo', 990, '2024-05-30 00:00:00', '0', 'Soltero', '1', '', 5, 0, '05', '', 0, 0, 0, 0, ' ', 0, '', '', NULL, NULL, ''),
(1537, 'JERSON', 'SALAZAR', 'BANOS', '1600285272001', '000000000', '000000000', NULL, 'indefinido@gmail.com', 'Activo', 990, '2024-05-30 00:00:00', '0', 'Soltero', '1', '', 5, 0, '04', '', 0, 0, 0, 0, ' ', 0, '', '', NULL, NULL, ''),
(1538, 'ANA', 'LOPEZ  CASTRO', 'BANOS', '1802350825001', '000000000', '000000000', NULL, 'indefinido@gmail.com', 'Activo', 990, '2024-05-30 00:00:00', '0', 'Soltero', '1', '', 5, 0, '04', '', 0, 0, 0, 0, ' ', 0, '', '', NULL, NULL, ''),
(1539, 'IVAN', 'TORRES ', 'BANOS', '1800970392001', '000000000', '000000000', NULL, 'indefinido@gmail.com', 'Activo', 990, '2024-05-30 00:00:00', '0', 'Soltero', '1', '', 5, 0, '04', '', 0, 0, 0, 0, ' ', 0, '', '', NULL, NULL, ''),
(1540, 'YUSMARINA', 'VALERA GASPARELLA', 'AGOYAN', '0933048803001', '000000000', '000000000', NULL, 'yusmarina_83@hotmail.com', 'Activo', 990, '2024-05-30 00:00:00', '0', 'Soltero', '1', '', 5, 0, '04', '', 0, 0, 0, 0, ' ', 0, '', '', NULL, NULL, ''),
(1541, 'CARLOS', 'CANDO ', 'BANOS', '18036454103', '000000000', '000000000', NULL, 'indefinido@gmail.com', 'Activo', 990, '2024-05-30 00:00:00', '0', 'Soltero', '1', '', 5, 0, '05', '', 0, 0, 0, 0, ' ', 0, '', '', NULL, NULL, ''),
(1542, 'ASHLEY', 'CISNERO', 'BANOS', '0202374856', '000000000', '000000000', NULL, 'indefinido@gmail.com', 'Activo', 990, '2024-05-30 00:00:00', '0', 'Soltero', '1', '', 5, 0, '05', '', 0, 0, 0, 0, ' ', 0, '', '', NULL, NULL, ''),
(1543, 'DARIO', 'SALAZAR', 'BANOS', '1600364861001', '000000000', '000000000', NULL, 'daryfersalazar@gmail.com', 'Activo', 990, '2024-05-30 00:00:00', '0', 'Soltero', '1', '', 5, 0, '04', '', 0, 0, 0, 0, ' ', 0, '', '', NULL, NULL, ''),
(1544, 'EDWIN', 'ALDAS ', 'BANOS', '1251376263', '000000000', '000000000', NULL, 'indefinido@gmail.com', 'Activo', 990, '2024-05-30 00:00:00', '0', 'Soltero', '1', '', 5, 0, '05', '', 0, 0, 0, 0, ' ', 0, '', '', NULL, NULL, ''),
(1545, 'DIEGO', 'TORRES', 'BANOS', '1026568525', '000000000', '000000000', NULL, 'indefinido@gmail.com', 'Activo', 990, '2024-05-30 00:00:00', '0', 'Soltero', '1', '', 5, 0, '05', '', 0, 0, 0, 0, ' ', 0, '', '', NULL, NULL, ''),
(1546, 'KOUROSH', 'BANDARY', 'BANOS', '1718224718001', '000000000', '000000000', NULL, 'mayramayaguerra@hotmail.com', 'Activo', 990, '2024-05-30 00:00:00', '0', 'Soltero', '1', '', 5, 0, '04', '', 0, 0, 0, 0, ' ', 0, '', '', NULL, NULL, ''),
(1547, 'JUAN DIEGO', 'POVEDA', 'BANOS', '1717631319001', '2740482', '2740482', NULL, 'indefinido@gmail.com', 'Activo', 990, '2024-05-30 00:00:00', '0', 'Soltero', '1', '', 5, 0, '04', '', 0, 0, 0, 0, ' ', 0, '', '', NULL, NULL, ''),
(1548, 'MIGUEL', ' MORENO', 'BANOS', '1713767539', '000000000', '000000000', NULL, 'indefinido@gmail.com', 'Activo', 990, '2024-05-30 00:00:00', '0', 'Soltero', '1', '', 5, 0, '05', '', 0, 0, 0, 0, ' ', 0, '', '', NULL, NULL, ''),
(1549, 'PATRICIO', 'ALBAN ', 'BANOS', '1804935276', '000000000', '000000000', NULL, 'indefinido@gmail.com', 'Activo', 990, '2024-05-30 00:00:00', '0', 'Soltero', '1', '', 5, 0, '05', '', 0, 0, 0, 0, ' ', 0, '', '', NULL, NULL, ''),
(1550, 'PRIMAVERA', ' LOPEZ', 'BANOS', '1802011724', '000000000', '000000000', NULL, 'indefinido@gmail.com', 'Activo', 990, '2024-05-30 00:00:00', '0', 'Soltero', '1', '', 5, 0, '05', '', 0, 0, 0, 0, ' ', 0, '', '', NULL, NULL, ''),
(1551, 'CESAR', 'LEON ', 'BANOS', '1759177247', '000000000', '000000000', NULL, 'indefinido@gmail.com', 'Activo', 990, '2024-05-30 00:00:00', '0', 'Soltero', '1', '', 5, 0, '05', '', 0, 0, 0, 0, ' ', 0, '', '', NULL, NULL, ''),
(1552, 'DARWIN', 'BASTIDAS', 'BANOS', '1803420296001', '000000000', '000000000', NULL, 'indefinido@gmail.com', 'Activo', 990, '2024-05-30 00:00:00', '0', 'Soltero', '1', '', 5, 0, '04', '', 0, 0, 0, 0, ' ', 0, '', '', NULL, NULL, ''),
(1553, 'DEYSY', 'MOLLA', 'RIÓ VERDE ', '1600604340', '000000000', '000000000', NULL, 'indefinido@gmail.com', 'Activo', 990, '2024-05-30 00:00:00', '0', 'Soltero', '1', '', 5, 0, '05', '', 0, 0, 0, 0, ' ', 0, '', '', NULL, NULL, ''),
(1554, 'ANGELITA JENNY', 'GUEVARA TRUJILLO', 'BANOS', '1600284895001', '000000000', '000000000', NULL, 'indefinido@gmail.com', 'Activo', 990, '2024-05-30 00:00:00', '0', 'Soltero', '1', '', 5, 0, '04', '', 0, 0, 0, 0, ' ', 0, '', '', NULL, NULL, ''),
(1555, 'LUSH GARDENS', 'CBD S.A.S', 'SALCEDO', '0591762871001', '000000000', '000000000', NULL, 'indefinido@gmail.com', 'Activo', 990, '2024-05-30 00:00:00', '0', 'Soltero', '1', '', 5, 0, '04', '', 0, 0, 0, 0, ' ', 0, '', '', NULL, NULL, ''),
(1556, 'JOAO ISRAEL', 'GUEVARA MOLINEROS', 'BANOS', '1753872330001', '000000000', '000000000', NULL, 'molineros.marlene123@gmail.com', 'Activo', 990, '2024-05-30 00:00:00', '0', 'Soltero', '1', '', 5, 0, '04', '', 0, 0, 0, 0, ' ', 0, '', '', NULL, NULL, ''),
(1557, 'EMILI', 'MOPOSITA', 'ULBA', '1805718945', '000000000', '000000000', NULL, 'indefinido@gmail.com', 'Activo', 990, '2024-05-30 00:00:00', '0', 'Soltero', '1', '', 5, 0, '05', '', 0, 0, 0, 0, ' ', 0, '', '', NULL, NULL, ''),
(1558, 'SUSANA', 'ENRIQUE', 'BANOS', '1703959237001', '000000000', '000000000', NULL, 'indefinido@gmail.com', 'Activo', 990, '2024-05-30 00:00:00', '0', 'Soltero', '1', '', 5, 0, '04', '', 0, 0, 0, 0, ' ', 0, '', '', NULL, NULL, ''),
(1559, 'PABLO', 'POVEDA ', 'BANOS', '1802001485', '000000000', '000000000', NULL, 'indefinido@gmail.com', 'Activo', 990, '2024-05-30 00:00:00', '0', 'Soltero', '1', '', 5, 0, '05', '', 0, 0, 0, 0, ' ', 0, '', '', NULL, NULL, ''),
(1560, 'LIGIA', 'PADILLA ', 'BANOS', '1803574290001', '000000000', '000000000', NULL, 'indefinido@gmail.com', 'Activo', 990, '2024-05-30 00:00:00', '0', 'Soltero', '1', '', 5, 0, '04', '', 0, 0, 0, 0, ' ', 0, '', '', NULL, NULL, ''),
(1561, 'HOSTAL', 'EL PEDRON ', 'CALLE ELOY ALFARO Y MARTINES ', '1800892117001', '000000000', '000000000', NULL, 'indefinido@gmail.com', 'Activo', 990, '2024-05-30 00:00:00', '0', 'Soltero', '1', '', 5, 0, '04', '', 0, 0, 0, 0, ' ', 0, '', '', NULL, NULL, ''),
(1562, 'MONTE NEGRO', ' MONTOYA ', 'BANOS', '0503660540', '000000000', '000000000', NULL, 'indefinido@gmail.com', 'Activo', 990, '2024-05-30 00:00:00', '0', 'Soltero', '1', '', 5, 0, '05', '', 0, 0, 0, 0, ' ', 0, '', '', NULL, NULL, ''),
(1563, 'KATHERINE', 'MARDELA', 'MACAS ', '1400780001001', '000000000', '000000000', NULL, 'indefinido@gmail.com', 'Activo', 990, '2024-05-30 00:00:00', '0', 'Soltero', '1', '', 5, 0, '04', '', 0, 0, 0, 0, ' ', 0, '', '', NULL, NULL, ''),
(1564, 'PAUL', 'MORALES', 'BANOS', '1711376226', '000000000', '000000000', NULL, 'indefinido@gmail.com', 'Activo', 990, '2024-05-30 00:00:00', '0', 'Soltero', '1', '', 5, 0, '05', '', 0, 0, 0, 0, ' ', 0, '', '', NULL, NULL, ''),
(1565, 'ANDREA', 'GUEVARA  NUNEZ ', 'BANOS', '1804445938001', '000000000', '000000000', NULL, 'indefinido@gmail.com', 'Activo', 990, '2024-05-30 00:00:00', '0', 'Soltero', '1', '', 5, 0, '04', '', 0, 0, 0, 0, ' ', 0, '', '', NULL, NULL, ''),
(1566, 'CRISTINA', 'UBILLUZ', 'BANOS', '1600506784001', '000000000', '000000000', NULL, 'indefinido@gmail.com', 'Activo', 990, '2024-05-30 00:00:00', '0', 'Soltero', '1', '', 5, 0, '04', '', 0, 0, 0, 0, ' ', 0, '', '', NULL, NULL, ''),
(1567, 'ASOCIACION MERCADO', 'CENTRAL', 'BANOS', '1891779239001', '000000000', '000000000', NULL, 'indefinido@gmail.com', 'Activo', 990, '2024-05-30 00:00:00', '0', 'Soltero', '1', '', 5, 0, '04', '', 0, 0, 0, 0, ' ', 0, '', '', NULL, NULL, ''),
(1568, 'GABRIEL', 'GUEVARA ', 'BANOS', '1803895919', '000000000', '000000000', NULL, 'indefinido@gmail.com', 'Activo', 990, '2024-05-30 00:00:00', '0', 'Soltero', '1', '', 5, 0, '05', '', 0, 0, 0, 0, ' ', 0, '', '', NULL, NULL, ''),
(1569, 'JAVIER', ' ANDRADE', 'BANOS', '1803640620001', '000000000', '000000000', NULL, 'jandrade.1980@hotmail.com', 'Activo', 990, '2024-05-30 00:00:00', '0', 'Soltero', '1', '', 5, 0, '04', '', 0, 0, 0, 0, ' ', 0, '', '', NULL, NULL, ''),
(1570, 'DIANA', 'ALDAS ', 'BANOS', '1251380117', '000000000', '000000000', NULL, 'indefinido@gmail.com', 'Activo', 990, '2024-05-30 00:00:00', '0', 'Soltero', '1', '', 5, 0, '05', '', 0, 0, 0, 0, ' ', 0, '', '', NULL, NULL, ''),
(1572, 'JAIRO', 'VILLACIS', 'BANOS', '1600435828', '000000000', '000000000', NULL, 'indefinido@gmail.com', 'Activo', 990, '2024-05-30 00:00:00', '0', 'Soltero', '1', '', 5, 0, '05', '', 0, 0, 0, 0, ' ', 0, '', '', NULL, NULL, ''),
(1573, 'RUTH', 'BAJANA', 'BANOS', '1600876872001', '000000000', '000000000', NULL, 'indefinido@gmail.com', 'Activo', 990, '2024-05-30 00:00:00', '0', 'Soltero', '1', '', 5, 0, '04', '', 0, 0, 0, 0, ' ', 0, '', '', NULL, NULL, ''),
(1574, 'ANGELINA', ' CAICEDO', 'BANOS', '1600184566', '000000000', '000000000', NULL, 'indefinido@gmail.com', 'Activo', 990, '2024-05-30 00:00:00', '0', 'Soltero', '1', '', 5, 0, '05', '', 0, 0, 0, 0, ' ', 0, '', '', NULL, NULL, ''),
(1575, 'JORGE', 'GAMBOA ', 'BANOS', '1801576842001', '000000000', '000000000', NULL, 'indefinido@gmail.com', 'Activo', 990, '2024-05-30 00:00:00', '0', 'Soltero', '1', '', 5, 0, '04', '', 0, 0, 0, 0, ' ', 0, '', '', NULL, NULL, ''),
(1576, 'DARIO', 'CENTENO', 'BANOS', '1805182845', '000000000', '000000000', NULL, 'indefinido@gmail.com', 'Activo', 990, '2024-05-30 00:00:00', '0', 'Soltero', '1', '', 5, 0, '05', '', 0, 0, 0, 0, ' ', 0, '', '', NULL, NULL, ''),
(1577, 'MARCIA', 'PUNINA ', 'BANOS', '1803929544001', '000000000', '000000000', NULL, 'indefinido@gmail.com', 'Activo', 990, '2024-05-30 00:00:00', '0', 'Soltero', '1', '', 5, 0, '04', '', 0, 0, 0, 0, ' ', 0, '', '', NULL, NULL, ''),
(1578, 'DAVID', 'GUEVARA ', 'BANOS', '1803323029', '000000000', '000000000', NULL, 'indefinido@gmail.com', 'Activo', 990, '2024-05-30 00:00:00', '0', 'Soltero', '1', '', 5, 0, '05', '', 0, 0, 0, 0, ' ', 0, '', '', NULL, NULL, ''),
(1579, 'KASSANDRA', 'GUEVARA ', 'BANOS', '1804670485001', '000000000', '000000000', NULL, 'indefinido@gmail.com', 'Activo', 990, '2024-05-30 00:00:00', '0', 'Soltero', '1', '', 5, 0, '04', '', 0, 0, 0, 0, ' ', 0, '', '', NULL, NULL, ''),
(1580, 'MARGARITA', ' FREIRE', 'BANOS', '1600322372001', '000000000', '000000000', NULL, 'indefinido@gmail.com', 'Activo', 990, '2024-05-30 00:00:00', '0', 'Soltero', '1', '', 5, 0, '04', '', 0, 0, 0, 0, ' ', 0, '', '', NULL, NULL, ''),
(1581, 'VANESA', 'TASINCHANA', 'BANOS', '0503695785001', '000000000', '000000000', NULL, 'indefinido@gmail.com', 'Activo', 990, '2024-05-30 00:00:00', '0', 'Soltero', '1', '', 5, 0, '04', '', 0, 0, 0, 0, ' ', 0, '', '', NULL, NULL, ''),
(1582, 'LA POSADA', 'DEL ARTE ', 'BANOS', '1722139043001', '000000000', '000000000', NULL, 'indefinido@gmail.com', 'Activo', 990, '2024-05-30 00:00:00', '0', 'Soltero', '1', '', 5, 0, '04', '', 0, 0, 0, 0, ' ', 0, '', '', NULL, NULL, ''),
(1583, 'SUSANA', 'AGUIRRE', '10 AGOSTO 14/33 LOJA', '0601870678001', '000000000', '000000000', NULL, 'indefinido@gmail.com', 'Activo', 990, '2024-05-30 00:00:00', '0', 'Soltero', '1', '', 5, 0, '04', '', 0, 0, 0, 0, ' ', 0, '', '', NULL, NULL, ''),
(1584, 'DIEGO', ' MUNOZ', 'BANOS', '1600351793001', '000000000', '000000000', NULL, 'indefinido@gmail.com', 'Activo', 990, '2024-05-30 00:00:00', '0', 'Soltero', '1', '', 5, 0, '04', '', 0, 0, 0, 0, ' ', 0, '', '', NULL, NULL, ''),
(1585, 'WILLIAM', 'CARRASCO', 'BANOS', '1803743812', '000000000', '000000000', NULL, 'indefinido@gmail.com', 'Activo', 990, '2024-05-30 00:00:00', '0', 'Soltero', '1', '', 5, 0, '05', '', 0, 0, 0, 0, ' ', 0, '', '', NULL, NULL, ''),
(1586, 'BLANCA', 'LILIANA ', 'BANOS', '1805032305', '000000000', '000000000', NULL, 'indefinido@gmail.com', 'Activo', 990, '2024-05-30 00:00:00', '0', 'Soltero', '1', '', 5, 0, '05', '', 0, 0, 0, 0, ' ', 0, '', '', NULL, NULL, ''),
(1587, 'SILVIO', 'PICO', 'BANOS', '1703371672', '000000000', '000000000', NULL, 'indefinido@gmail.com', 'Activo', 990, '2024-05-30 00:00:00', '0', 'Soltero', '1', '', 5, 0, '05', '', 0, 0, 0, 0, ' ', 0, '', '', NULL, NULL, ''),
(1588, 'KARLA', 'GUANO ', 'BANOS', '1805524343', '000000000', '000000000', NULL, 'indefinido@gmail.com', 'Activo', 990, '2024-05-30 00:00:00', '0', 'Soltero', '1', '', 5, 0, '05', '', 0, 0, 0, 0, ' ', 0, '', '', NULL, NULL, '');
INSERT INTO `clientes` (`id_cliente`, `nombre`, `apellido`, `direccion`, `cedula`, `telefono`, `movil`, `fecha_nacimiento`, `email`, `estado`, `id_ciudad`, `fecha_registro`, `numero_cargas`, `estado_civil`, `tipo`, `numero_casa`, `id_empresa`, `id_vendedor`, `caracter_identificacion`, `reponsable`, `limite_credito`, `descuento`, `dias_plazo`, `tipo_precio`, `observacion`, `tipo_cliente`, `prop_nombre`, `prop_telefono`, `prop_email`, `empresaCliente`, `nacionalidad`) VALUES
(1589, 'TATIANA', 'DIAZ', 'BANOS', '1802280758', '000000000', '000000000', NULL, 'indefinido@gmail.com', 'Activo', 990, '2024-05-30 00:00:00', '0', 'Soltero', '1', '', 5, 0, '05', '', 0, 0, 0, 0, ' ', 0, '', '', NULL, NULL, ''),
(1590, 'FANNY', 'CISNERO', 'BANOS', '0604459594001', '000000000', '000000000', NULL, 'indefinido@gmail.com', 'Activo', 990, '2024-05-30 00:00:00', '0', 'Soltero', '1', '', 5, 0, '04', '', 0, 0, 0, 0, ' ', 0, '', '', NULL, NULL, ''),
(1591, 'COOP', 'AMAZONAS', 'BANOS', '1890114446001', '000000000', '000000000', NULL, 'amazonacooperativa@yahoo.es', 'Activo', 990, '2024-05-30 00:00:00', '0', 'Soltero', '1', '', 5, 0, '04', '', 0, 0, 0, 0, ' ', 0, '', '', NULL, NULL, ''),
(1592, 'BRAYAN', 'ANDRADE', 'BANOS', '1805385380001', '000000000', '000000000', NULL, 'indefinido@gmail.com', 'Activo', 990, '2024-05-30 00:00:00', '0', 'Soltero', '1', '', 5, 0, '04', '', 0, 0, 0, 0, ' ', 0, '', '', NULL, NULL, ''),
(1593, 'WILLIAM', 'MORALES ', 'BANOS', '1803239852001', '000000000', '000000000', NULL, 'indefinido@gmail.com', 'Activo', 990, '2024-05-30 00:00:00', '0', 'Soltero', '1', '', 5, 0, '04', '', 0, 0, 0, 0, '  ', 0, '', '', NULL, NULL, ''),
(1594, 'PATRICIA', 'VILLAFUERTE', 'BANOS', '1600286577', '982363518', '982363518', NULL, 'patriciavillafuerte74@gmail.com', 'Activo', 990, '2024-05-30 00:00:00', '0', 'Soltero', '1', '', 5, 0, '05', '', 0, 0, 0, 0, ' ', 0, '', '', NULL, NULL, ''),
(1595, 'MARIA', 'SANCHEZ', 'BANOS', '1802379568001', '000000000', '000000000', NULL, 'indefinido@gmail.com', 'Activo', 990, '2024-05-30 00:00:00', '0', 'Soltero', '1', '', 5, 0, '04', '', 0, 0, 0, 0, ' ', 0, '', '', NULL, NULL, ''),
(1596, 'JOSE LUCIANO', 'APONTE', 'BANOS', '1800315598', '000000000', '000000000', NULL, 'indefinido@gmail.com', 'Activo', 990, '2024-05-30 00:00:00', '0', 'Soltero', '1', '', 5, 0, '05', '', 0, 0, 0, 0, ' ', 0, '', '', NULL, NULL, ''),
(1598, 'OLFA', ' GUERRO', 'BANOS', '1800315001', '000000000', '000000000', NULL, 'indefinido@gmail.com', 'Activo', 990, '2024-05-30 00:00:00', '0', 'Soltero', '1', '', 5, 0, '04', '', 0, 0, 0, 0, ' ', 0, '', '', NULL, NULL, ''),
(1600, 'ORFA EMERITA', 'GUERRON SALAZAR', 'BANOS', '1800315002001', '000000000', '000000000', NULL, 'indefinido@gmail.com', 'Activo', 990, '2024-05-30 00:00:00', '0', 'Soltero', '1', '', 5, 0, '04', '', 0, 0, 0, 0, ' ', 0, '', '', NULL, NULL, ''),
(1601, 'DANNY', 'REYES', 'BANOS', '1600223588001', '000000000', '000000000', NULL, 'indefinido@gmail.com', 'Activo', 990, '2024-05-30 00:00:00', '0', 'Soltero', '1', '', 5, 0, '04', '', 0, 0, 0, 0, '  ', 0, '', '', NULL, NULL, ''),
(1602, 'LORENA', 'ALTAMIRANO', 'BANOS', '1802625994001', '000000000', '000000000', NULL, 'lorenia@hotmail.com', 'Activo', 990, '2024-05-30 00:00:00', '0', 'Soltero', '1', '', 5, 0, '04', '', 0, 0, 0, 0, ' ', 0, '', '', NULL, NULL, ''),
(1603, 'MAGDALENA', 'ZAMBRANO DELGADO ', 'BANOS', '0917341638001', '000000000', '000000000', NULL, 'indefinido@gmail.com', 'Activo', 990, '2024-05-30 00:00:00', '0', 'Soltero', '1', '', 5, 0, '04', '', 0, 0, 0, 0, ' ', 0, '', '', NULL, NULL, ''),
(1604, 'GRABIELA HOLLER ', '-', 'BANOS', '1760654564', '000000000', '000000000', NULL, 'indefinido@gmail.com', 'Activo', 990, '2024-05-30 00:00:00', '0', 'Soltero', '1', '', 5, 0, '05', '', 0, 0, 0, 0, '', 0, '', '', NULL, NULL, NULL),
(1605, 'JUNTA AGUA', 'POTABLE EL MIRADOR ', 'PATATE', '1891765351001', '000000000', '000000000', NULL, 'indefinido@gmail.com', 'Activo', 990, '2024-05-30 00:00:00', '0', 'Soltero', '1', '', 5, 0, '04', '', 0, 0, 0, 0, ' ', 0, '', '', NULL, NULL, ''),
(1606, 'LUIS', 'BALSECA', 'BANOS', '1805081989001', '000000000', '000000000', NULL, 'indefinido@gmail.com', 'Activo', 990, '2024-05-30 00:00:00', '0', 'Soltero', '1', '', 5, 0, '04', '', 0, 0, 0, 0, ' ', 0, '', '', NULL, NULL, ''),
(1607, 'GLADIS', 'CESPEDES', 'BANOS', '1801100544', '000000000', '000000000', NULL, 'indefinido@gmail.com', 'Activo', 990, '2024-05-30 00:00:00', '0', 'Soltero', '1', '', 5, 0, '05', '', 0, 0, 0, 0, ' ', 0, '', '', NULL, NULL, ''),
(1608, 'IGLESIA EVANGELICA ECUATORIANA', 'ALIANZA CRISTIANA Y MISIONERA', 'BARRIO EL RECREO', '0991263217001', '987082967', '987082967', NULL, 'iglesiaalianzabanios@hotmail.com', 'Activo', 990, '2024-05-30 00:00:00', '0', 'Soltero', '1', '', 5, 0, '04', '', 0, 0, 0, 0, ' ', 0, '', '', NULL, NULL, ''),
(1609, 'NADIA', 'FIALLOS', 'BANOS', '1600358814', '997746832', '997746832', NULL, 'nadiafiallos@gmail.com', 'Activo', 990, '2024-05-30 00:00:00', '0', 'Soltero', '1', '', 5, 0, '05', '', 0, 0, 0, 0, ' ', 0, '', '', NULL, NULL, ''),
(1610, 'MARCELA', 'AGUIRRE', 'BANOS', '1803461902', '000000000', '000000000', NULL, 'indefinido@gmail.com', 'Activo', 990, '2024-05-30 00:00:00', '0', 'Soltero', '1', '', 5, 0, '05', '', 0, 0, 0, 0, ' ', 0, '', '', NULL, NULL, ''),
(1611, 'DIANA', 'ACOSTA', 'BANOS', '1600719478001', '000000000', '000000000', NULL, 'indefinido@gmail.com', 'Activo', 990, '2024-05-30 00:00:00', '0', 'Soltero', '1', '', 5, 0, '04', '', 0, 0, 0, 0, ' ', 0, '', '', NULL, NULL, ''),
(1612, 'GELATERIA', 'ALTROMIX', 'BANOS', '1891809653001', '000000000', '000000000', NULL, 'indefinido@gmail.com', 'Activo', 990, '2024-05-30 00:00:00', '0', 'Soltero', '1', '', 5, 0, '04', '', 0, 0, 0, 0, ' ', 0, '', '', NULL, NULL, ''),
(1613, 'VLADIMIR', 'MANZANO POLIVIO', 'BANOS', '1804657599001', '000000000', '000000000', NULL, 'indefinido@gmail.com', 'Activo', 990, '2024-05-30 00:00:00', '0', 'Soltero', '1', '', 5, 0, '04', '', 0, 0, 0, 0, ' ', 0, '', '', NULL, NULL, ''),
(1614, 'DIANA', 'MOSQUERA', 'BANOS', '1804282166', '992577018', '992577018', NULL, 'artistaloka07@yahoo.es', 'Activo', 990, '2024-05-30 00:00:00', '0', 'Soltero', '1', '', 5, 0, '05', '', 0, 0, 0, 0, ' ', 0, '', '', NULL, NULL, ''),
(1615, 'DIANA', 'ZURITA', 'BANOS', '1803455771001', '992751673', '992751673', NULL, 'dianazurita1986@hotmail.com', 'Activo', 990, '2024-05-30 00:00:00', '0', 'Soltero', '1', '', 5, 0, '04', '', 0, 0, 0, 0, ' ', 0, '', '', NULL, NULL, ''),
(1616, 'MARCO AUGUSTO', 'VILLAFUERTE BONILLA', 'BANOS', '1891733182001', '000000000', '000000000', NULL, 'megaventuratours@hotmail.es', 'Activo', 990, '2024-05-30 00:00:00', '0', 'Soltero', '1', '', 5, 0, '04', '', 0, 0, 0, 0, ' ', 0, '', '', NULL, NULL, ''),
(1617, 'LIZBET', ' CARRANSA', 'BANOS', '1600828519', '000000000', '000000000', NULL, 'indefinido@gmail.com', 'Activo', 990, '2024-05-30 00:00:00', '0', 'Soltero', '1', '', 5, 0, '05', '', 0, 0, 0, 0, ' ', 0, '', '', NULL, NULL, ''),
(1618, 'CARMEN', 'GARCIA ', 'BANOS', '1305611574001', '000000000', '000000000', NULL, 'indefinido@gmail.com', 'Activo', 990, '2024-05-30 00:00:00', '0', 'Soltero', '1', '', 5, 0, '04', '', 0, 0, 0, 0, ' ', 0, '', '', NULL, NULL, ''),
(1620, 'DAPHNE', 'CURRAT', 'VIA RUNTUN KM6', '1803508512001', '2740882', '2740882', NULL, 'recepcion@casadelbalcon.com', 'Activo', 990, '2024-05-30 00:00:00', '0', 'Soltero', '1', '', 5, 0, '04', '', 0, 0, 0, 0, ' ', 0, '', '', NULL, NULL, ''),
(1621, 'SUSANA', 'PANCHEZ', 'BANOS', '1702506153', '000000000', '000000000', NULL, 'indefinido@gmail.com', 'Activo', 990, '2024-05-30 00:00:00', '0', 'Soltero', '1', '', 5, 0, '05', '', 0, 0, 0, 0, ' ', 0, '', '', NULL, NULL, ''),
(1622, 'GABRIELA', ' GUTIERRES', 'BANOS', '1600692188', '000000000', '000000000', NULL, 'gabita.gutirres.29@gmail.com', 'Activo', 990, '2024-05-30 00:00:00', '0', 'Soltero', '1', '', 5, 0, '05', '', 0, 0, 0, 0, '   ', 0, '', '', NULL, NULL, ''),
(1624, 'ANA', 'SILVA', 'BANOS', '1801656016001', '000000000', '000000000', NULL, 'indefinido@gmail.com', 'Activo', 990, '2024-05-30 00:00:00', '0', 'Soltero', '1', '', 5, 0, '04', '', 0, 0, 0, 0, ' ', 0, '', '', NULL, NULL, ''),
(1625, 'CAVES S.A', 'EMA', 'TUNBACO N6C TORIBIO ORTEGA E5221Y ROSA ROBALINO', '1791137728001', '000000000', '000000000', NULL, 'indefinido@gmail.com', 'Activo', 990, '2024-05-30 00:00:00', '0', 'Soltero', '1', '', 5, 0, '04', '', 0, 0, 0, 0, ' ', 0, '', '', NULL, NULL, ''),
(1626, 'DANIEL', ' BUSTO', 'BANOS', '1801645290001', '000000000', '000000000', NULL, 'indefinido@gmail.com', 'Activo', 990, '2024-05-30 00:00:00', '0', 'Soltero', '1', '', 5, 0, '04', '', 0, 0, 0, 0, ' ', 0, '', '', NULL, NULL, ''),
(1627, 'FERNANDO ORTEGA ', '-', 'RIO VERDECHICO', '1600877748', '000000000', '000000000', NULL, 'nmiranda@hidrosierra-sa.com', 'Activo', 990, '2024-05-30 00:00:00', '0', 'Soltero', '1', '', 5, 0, '05', '', 0, 0, 0, 0, '', 0, '', '', NULL, NULL, NULL),
(1628, 'PAREDESQ', 'STEUVE', 'BANOS', '1805180070', '000000000', '000000000', NULL, 'indefinido@gmail.com', 'Activo', 990, '2024-05-30 00:00:00', '0', 'Soltero', '1', '', 5, 0, '05', '', 0, 0, 0, 0, ' ', 0, '', '', NULL, NULL, ''),
(1629, 'MONICA', 'FIALLOS ', 'BANOS 12NOVIENBRE - ORIENTE', '1707644470001', '986094945', '986094945', NULL, 'humbertobvs@gmail.com', 'Activo', 990, '2024-05-30 00:00:00', '0', 'Soltero', '1', '', 5, 0, '04', '', 0, 0, 0, 0, ' ', 0, '', '', NULL, NULL, ''),
(1630, 'ROSA', 'BASTIDAS', 'BANOS', '1803415783001', '000000000', '000000000', NULL, 'indefinido@gmail.com', 'Activo', 990, '2024-05-30 00:00:00', '0', 'Soltero', '1', '', 5, 0, '04', '', 0, 0, 0, 0, ' ', 0, '', '', NULL, NULL, ''),
(1631, 'HENRY', 'CRUZ ', 'BANOS', '1600434664001', '000000000', '000000000', NULL, 'indefinido@gmail.com', 'Activo', 990, '2024-05-30 00:00:00', '0', 'Soltero', '1', '', 5, 0, '04', '', 0, 0, 0, 0, ' ', 0, '', '', NULL, NULL, ''),
(1632, 'GERARDO', ' ZUMBANA', 'BANOS', '1802007961001', '000000000', '000000000', NULL, 'indefinido@gmail.com', 'Activo', 990, '2024-05-30 00:00:00', '0', 'Soltero', '1', '', 5, 0, '04', '', 0, 0, 0, 0, ' ', 0, '', '', NULL, NULL, ''),
(1633, 'BOGATI SABOR', 'ADICTIVO S.A.S', 'BANOS', '1891806961001', '990977935', '990977935', NULL, 'banios.maldonado@bogati.ec', 'Activo', 990, '2024-05-30 00:00:00', '0', 'Soltero', '1', '', 5, 0, '04', '', 0, 0, 0, 0, ' ', 0, '', '', NULL, NULL, ''),
(1634, 'PATRICIO', ' JARA', 'CALLE 16 DICIEMBRE LUIS MARTINEZ', '1600299455001', '984388363', '984388363', NULL, 'indefinido@gmail.com', 'Activo', 990, '2024-05-30 00:00:00', '0', 'Soltero', '1', '', 5, 0, '04', '', 0, 0, 0, 0, ' ', 0, '', '', NULL, NULL, ''),
(1635, 'KENEILY', ' PARADA', 'BANOS', '148252697', '000000000', '000000000', NULL, 'indefinido@gmail.com', 'Activo', 990, '2024-05-30 00:00:00', '0', 'Soltero', '1', '', 5, 0, '05', '', 0, 0, 0, 0, ' ', 0, '', '', NULL, NULL, ''),
(1636, 'ROSA', 'AGUIRRE', 'SANTA ANA ', '1600673618', '000000000', '000000000', NULL, 'indefinido@gmail.com', 'Activo', 990, '2024-05-30 00:00:00', '0', 'Soltero', '1', '', 5, 0, '05', '', 0, 0, 0, 0, ' ', 0, '', '', NULL, NULL, ''),
(1637, 'RED ROOSTER', 'INK', 'BANOS', '1757773880001', '998589369', '998589369', NULL, 'redroosterinkstudio@gmail.com', 'Activo', 990, '2024-05-30 00:00:00', '0', 'Soltero', '1', '', 5, 0, '04', '', 0, 0, 0, 0, ' ', 0, '', '', NULL, NULL, ''),
(1638, 'GLORIA', ' GARCIA', 'BANOS', '1801464726001', '995130145', '995130145', NULL, 'vegalarza24@hotmail.com', 'Activo', 990, '2024-05-30 00:00:00', '0', 'Soltero', '1', '', 5, 0, '04', '', 0, 0, 0, 0, ' ', 0, '', '', NULL, NULL, ''),
(1639, 'SANTIAGO', 'GAMBOA', 'BANOS', '1600593121001', '000000000', '000000000', NULL, 'indefinido@gmail.com', 'Activo', 990, '2024-05-30 00:00:00', '0', 'Soltero', '1', '', 5, 0, '04', '', 0, 0, 0, 0, ' ', 0, '', '', NULL, NULL, ''),
(1640, 'PAUL CONRAD', 'RUSELL', 'BANOS', '1713069944001', '000000000', '000000000', NULL, 'artista.del.alma@gmail.com', 'Activo', 990, '2024-05-30 00:00:00', '0', 'Soltero', '1', '', 5, 0, '04', '', 0, 0, 0, 0, ' ', 0, '', '', NULL, NULL, ''),
(1641, 'CONSULTIN', ' GRUVAL', 'BANOS EL SALADO', '1791945727001', '000000000', '000000000', NULL, 'info@casagiralda.com', 'Activo', 990, '2024-05-30 00:00:00', '0', 'Soltero', '1', '', 5, 0, '04', '', 0, 0, 0, 0, ' ', 0, '', '', NULL, NULL, ''),
(1642, 'JOSE', ' TAIPE', 'BANOS', '0503357014001', '000000000', '000000000', NULL, 'facturacionjoses@gmail.com', 'Activo', 990, '2024-05-30 00:00:00', '0', 'Soltero', '1', '', 5, 0, '04', '', 0, 0, 0, 0, ' ', 0, '', '', NULL, NULL, ''),
(1643, 'MERCY', ' SALCEDO', 'BANOS', '1600544702', 'NULL', 'NULL', NULL, 'flaquita2736@gmail.com', 'Activo', 990, '2024-05-30 00:00:00', '0', 'Soltero', '1', '', 5, 0, '05', '', 0, 0, 0, 0, ' ', 0, '', '', NULL, NULL, ''),
(1644, 'JAZMIN', 'NARANJO', 'BANOS', '1600677676', '983466769', '983466769', NULL, 'jazznaranjo772@gmail.com', 'Activo', 990, '2024-05-30 00:00:00', '0', 'Soltero', '1', '', 5, 0, '05', '', 0, 0, 0, 0, ' ', 0, '', '', NULL, NULL, ''),
(1645, 'ROSA', 'LUNA', 'BANOS', '1600272668001', '000000000', '000000000', NULL, 'indefinido@gmail.com', 'Activo', 990, '2024-05-30 00:00:00', '0', 'Soltero', '1', '', 5, 0, '04', '', 0, 0, 0, 0, ' ', 0, '', '', NULL, NULL, ''),
(1646, 'FANNY', 'TURRANDE', 'BANOS', '1802061620001', '000000000', '000000000', NULL, 'indefinido@gmail.com', 'Activo', 990, '2024-05-30 00:00:00', '0', 'Soltero', '1', '', 5, 0, '04', '', 0, 0, 0, 0, ' ', 0, '', '', NULL, NULL, ''),
(1647, 'MARIA', 'FLORES', 'BANOS', '1600504334001', '000000000', '000000000', NULL, 'indefinido@gmail.com', 'Activo', 990, '2024-05-30 00:00:00', '0', 'Soltero', '1', '', 5, 0, '04', '', 0, 0, 0, 0, ' ', 0, '', '', NULL, NULL, ''),
(1648, 'DANIEL', ' MARTINEZ', 'BANOS', '0604793554001', '000000000', '000000000', NULL, 'indefinido@gmail.com', 'Activo', 990, '2024-05-30 00:00:00', '0', 'Soltero', '1', '', 5, 0, '04', '', 0, 0, 0, 0, ' ', 0, '', '', NULL, NULL, ''),
(1649, 'COOPERATIVA', 'EXPRESO BANOS', 'BANOS', '1890116015001', '000000000', '000000000', NULL, 'indefinido@gmail.com', 'Activo', 990, '2024-05-30 00:00:00', '0', 'Soltero', '1', '', 5, 0, '04', '', 0, 0, 0, 0, ' ', 0, '', '', NULL, NULL, ''),
(1650, 'YAJAIRA XIOMARA', 'TANQUINO MIRANDA ', 'BANOS ', '1804068581', '000000000', '000000000', NULL, 'y.xiomi.mir@gmail.com', 'Activo', 990, '2024-05-30 00:00:00', '0', 'Soltero', '1', '', 5, 0, '05', '', 0, 0, 0, 0, ' ', 0, '', '', NULL, NULL, ''),
(1651, 'MARIA', 'FIALLOS ', 'GUALLAQUIL', '1801108620', '000000000', '000000000', NULL, 'indefinido@gmail.com', 'Activo', 990, '2024-05-30 00:00:00', '0', 'Soltero', '1', '', 5, 0, '05', '', 0, 0, 0, 0, ' ', 0, '', '', NULL, NULL, ''),
(1652, 'LIDIA', 'ARCOS ', 'BANOS', '1802671923001', '000000000', '000000000', NULL, 'lidia-arcos@hotmail.com', 'Activo', 990, '2024-05-30 00:00:00', '0', 'Soltero', '1', '', 5, 0, '04', '', 0, 0, 0, 0, ' ', 0, '', '', NULL, NULL, ''),
(1653, 'KLEVER', 'TOAQUIZA', 'BANOS', '1805486402001', '000000000', '000000000', NULL, 'indefinido@gmail.com', 'Activo', 990, '2024-05-30 00:00:00', '0', 'Soltero', '1', '', 5, 0, '04', '', 0, 0, 0, 0, ' ', 0, '', '', NULL, NULL, ''),
(1654, 'JASMIN', ' TACURI', 'BANOS', '1804517470001', '000000000', '000000000', NULL, 'indefinido@gmail.com', 'Activo', 990, '2024-05-30 00:00:00', '0', 'Soltero', '1', '', 5, 0, '04', '', 0, 0, 0, 0, ' ', 0, '', '', NULL, NULL, ''),
(1655, 'COCOA & COFFEPARTNERS', 'S.A.S', 'BANOS', '1891810961001', '000000000', '000000000', NULL, 'cocoacoffepartners@gmail.com', 'Activo', 990, '2024-05-30 00:00:00', '0', 'Soltero', '1', '', 5, 0, '04', '', 0, 0, 0, 0, ' ', 0, '', '', NULL, NULL, ''),
(1656, 'SANDRO', ' GAMBOA', 'BANOS', '1804523593001', '000000000', '000000000', NULL, 'indefinido@gmail.com', 'Activo', 990, '2024-05-30 00:00:00', '0', 'Soltero', '1', '', 5, 0, '04', '', 0, 0, 0, 0, ' ', 0, '', '', NULL, NULL, ''),
(1657, 'DSCORDOVA', 'S.A.S', 'BANOS', '1793205741001', '000000000', '000000000', NULL, 'dscorva0312@gmail.com', 'Activo', 990, '2024-05-30 00:00:00', '0', 'Soltero', '1', '', 5, 0, '04', '', 0, 0, 0, 0, ' ', 0, '', '', NULL, NULL, ''),
(1658, 'CEVALLOS VILLARROEL', 'JHON STEVEN', 'BANOS', '1312767047001', '000000000', '000000000', NULL, 'indefinido@gmail.com', 'Activo', 990, '2024-05-30 00:00:00', '0', 'Soltero', '1', '', 5, 0, '04', '', 0, 0, 0, 0, ' ', 0, '', '', NULL, NULL, ''),
(1659, 'MIGUEL', 'PINEDA', 'BANOS', '1070328538', '000000000', '000000000', NULL, 'indefinido@gmail.com', 'Activo', 990, '2024-05-30 00:00:00', '0', 'Soltero', '1', '', 5, 0, '05', '', 0, 0, 0, 0, ' ', 0, '', '', NULL, NULL, ''),
(1660, 'EDISON', ' RUEDA', 'BANOS', '1600136038001', '000000000', '000000000', NULL, 'indefinido@gmail.com', 'Activo', 990, '2024-05-30 00:00:00', '0', 'Soltero', '1', '', 5, 0, '04', '', 0, 0, 0, 0, ' ', 0, '', '', NULL, NULL, ''),
(1661, 'LIZTBETH', 'ANDY', 'BANOS', '1600954356', '000000000', '000000000', NULL, 'paty.andy.33@gmail.com', 'Activo', 990, '2024-05-30 00:00:00', '0', 'Soltero', '1', '', 5, 0, '05', '', 0, 0, 0, 0, ' ', 0, '', '', NULL, NULL, ''),
(1662, 'BRAYAN GERMAN', 'VALENCIA VARGAS ', 'BANOS', '1600736860', '000000000', '000000000', NULL, 'indefinido@gmail.com', 'Activo', 990, '2024-05-30 00:00:00', '0', 'Soltero', '1', '', 5, 0, '05', '', 0, 0, 0, 0, ' ', 0, '', '', NULL, NULL, ''),
(1663, 'MAIRA VILLAVICENCIO', '-', 'BANOS', '1600415291001', '000000000', '000000000', NULL, 'mayvilavicenciom@yahoot.com', 'Activo', 990, '2024-05-30 00:00:00', '0', 'Soltero', '1', '', 5, 0, '04', '', 0, 0, 0, 0, '', 0, '', '', NULL, NULL, NULL),
(1664, 'CRISTINA', ' GOMES', 'BANOS', '1722999917', '000000000', '000000000', NULL, 'indefinido@gmail.com', 'Activo', 990, '2024-05-30 00:00:00', '0', 'Soltero', '1', '', 5, 0, '05', '', 0, 0, 0, 0, ' ', 0, '', '', NULL, NULL, ''),
(1665, 'FERNANDA', 'FLORES', 'EL PLACER', '1600811044001', '000000000', '000000000', NULL, 'ferflores.0926@gmail.com', 'Activo', 990, '2024-05-30 00:00:00', '0', 'Soltero', '1', '', 5, 0, '04', '', 0, 0, 0, 0, ' ', 0, '', '', NULL, NULL, ''),
(1666, 'LEONARDO EFRAIN', 'GALARZA CALVACHE', 'BANOS', '1802252708001', '000000000', '000000000', NULL, 'indefinido@gmail.com', 'Activo', 990, '2024-05-30 00:00:00', '0', 'Soltero', '1', '', 5, 0, '04', '', 0, 0, 0, 0, '  ', 0, '', '', NULL, NULL, ''),
(1667, 'FREDDY PATRICIO', 'HERNANDEZ ALGUIAR ', 'BANOS', '1803608999001', '000000000', '000000000', NULL, 'indefinido@gmail.com', 'Activo', 990, '2024-05-30 00:00:00', '0', 'Soltero', '1', '', 5, 0, '04', '', 0, 0, 0, 0, ' ', 0, '', '', NULL, NULL, ''),
(1668, 'ROMERO BALBOA', ' DIANA KATHERINE', 'BANOS', '0604870709001', '000000000', '000000000', NULL, 'asoprogar2018@gmail.com', 'Activo', 990, '2024-05-30 00:00:00', '0', 'Soltero', '1', '', 5, 0, '04', '', 0, 0, 0, 0, ' ', 0, '', '', NULL, NULL, ''),
(1669, 'CARLA SOFIA', ' VEGA ZUNIGA', 'BANOS', '1713980793001', '000000000', '000000000', NULL, 'facturascaniamandur@gmail.com', 'Activo', 990, '2024-05-30 00:00:00', '0', 'Soltero', '1', '', 5, 0, '04', '', 0, 0, 0, 0, ' ', 0, '', '', NULL, NULL, ''),
(1670, 'PATRICIA', 'ALIAGA', 'CEBALLOS', '1803767142', '000000000', '000000000', NULL, 'indefinido@gmail.com', 'Activo', 990, '2024-05-30 00:00:00', '0', 'Soltero', '1', '', 5, 0, '05', '', 0, 0, 0, 0, ' ', 0, '', '', NULL, NULL, ''),
(1671, 'ELVIA ', 'REYNO AMANEL', 'BANOS', '1802490902', '000000000', '000000000', NULL, 'indefinido@gmail.com', 'Activo', 990, '2024-05-30 00:00:00', '0', 'Soltero', '1', '', 5, 0, '05', '', 0, 0, 0, 0, ' ', 0, '', '', NULL, NULL, ''),
(1672, 'GRUPO 593', 'BANOS S.A.S', 'MOLTALBO -RAFAEL VIEIRA BANOS', '1891809833001', '999371927', '999371927', NULL, 'contabilidad593banos@gmail.com', 'Activo', 990, '2024-05-30 00:00:00', '0', 'Soltero', '1', '', 5, 0, '04', '', 0, 0, 0, 0, ' ', 0, '', '', NULL, NULL, ''),
(1673, 'INT FOOD', 'SERVICES CORP S.A.', 'BANOS', '1791415132001', '000000000', '000000000', NULL, 'indefinido@gmail.com', 'Activo', 990, '2024-05-30 00:00:00', '0', 'Soltero', '1', '', 5, 0, '04', '', 0, 0, 0, 0, ' ', 0, '', '', NULL, NULL, ''),
(1674, 'KATERINE', 'ARANDA ', 'BANOS', '1650006362', '000000000', '000000000', NULL, 'indefinido@gmail.com', 'Activo', 990, '2024-05-30 00:00:00', '0', 'Soltero', '1', '', 5, 0, '05', '', 0, 0, 0, 0, ' ', 0, '', '', NULL, NULL, ''),
(1675, 'IVAN', 'GRANIZO ', 'BANOS', '1600838708001', '000000000', '000000000', NULL, 'indefinido@gmail.com', 'Activo', 990, '2024-05-30 00:00:00', '0', 'Soltero', '1', '', 5, 0, '04', '', 0, 0, 0, 0, ' ', 0, '', '', NULL, NULL, ''),
(1676, 'MANUEL', 'HERNANDEZ ', 'BANOS', '1758830002', '000000000', '000000000', NULL, 'manuel92hernandezvzla@gmail.com', 'Activo', 990, '2024-05-30 00:00:00', '0', 'Soltero', '1', '', 5, 0, '05', '', 0, 0, 0, 0, ' ', 0, '', '', NULL, NULL, ''),
(1677, 'ELIZABET', 'ORTEGA', 'BANOS', '1500715659', '000000000', '000000000', NULL, 'indefinido@gmail.com', 'Activo', 990, '2024-05-30 00:00:00', '0', 'Soltero', '1', '', 5, 0, '05', '', 0, 0, 0, 0, ' ', 0, '', '', NULL, NULL, ''),
(1678, 'GLORIA', ' ROJAS', 'BANOS', '1801822972001', '000000000', '000000000', NULL, 'indefinido@gmail.com', 'Activo', 990, '2024-05-30 00:00:00', '0', 'Soltero', '1', '', 5, 0, '04', '', 0, 0, 0, 0, ' ', 0, '', '', NULL, NULL, ''),
(1679, 'ADRIANA', ' ESPINOSA', 'BANOS', '1803051307001', '987055491', '987055491', NULL, 'adrianaespinosa1979@gmail.com', 'Activo', 990, '2024-05-30 00:00:00', '0', 'Soltero', '1', '', 5, 0, '04', '', 0, 0, 0, 0, ' ', 0, '', '', NULL, NULL, ''),
(1680, 'PATRICIA ELIZABETH', ' CUNACHI TOAPANTA ', 'AMBATO', '1803400363001', '983993778', '983993778', NULL, 'ely_21_1980@hotmail.es', 'Activo', 990, '2024-05-30 00:00:00', '0', 'Soltero', '1', '', 5, 0, '04', '', 0, 0, 0, 0, ' ', 0, '', '', NULL, NULL, ''),
(1681, 'PUNTO', 'ROJO', 'BANOS', '1792896312001', '000000000', '000000000', NULL, 'indefinido@gmail.com', 'Activo', 990, '2024-05-30 00:00:00', '0', 'Soltero', '1', '', 5, 0, '04', '', 0, 0, 0, 0, ' ', 0, '', '', NULL, NULL, ''),
(1682, 'LADY', 'PEREZ', 'BANOS', '0926435710001', '000000000', '000000000', NULL, 'indefinido@gmail.com', 'Activo', 990, '2024-05-30 00:00:00', '0', 'Soltero', '1', '', 5, 0, '04', '', 0, 0, 0, 0, ' ', 0, '', '', NULL, NULL, ''),
(1683, 'CLAUDIA', ' MESIAS', 'BANOS', '1804749446001', '983976848', '983976848', NULL, 'clausme8a@gmail.com', 'Activo', 990, '2024-05-30 00:00:00', '0', 'Soltero', '1', '', 5, 0, '04', '', 0, 0, 0, 0, ' ', 0, '', '', NULL, NULL, ''),
(1684, 'NEGOCIOS FARMACEUTICOS SALAS', 'NEGFAR S.A.', 'DURAN -GUAYAQUIL', '0992639229001', '000000000', '000000000', NULL, 'indefinido@gmail.com', 'Activo', 990, '2024-05-30 00:00:00', '0', 'Soltero', '1', '', 5, 0, '04', '', 0, 0, 0, 0, ' ', 0, '', '', NULL, NULL, ''),
(1685, 'JENNIFER ALEXANDRA', 'QUILLIGANA TONATO', 'AMBATO', '0503182818', '000000000', '000000000', NULL, 'indefinido@gmail.com', 'Activo', 990, '2024-05-30 00:00:00', '0', 'Soltero', '1', '', 5, 0, '05', '', 0, 0, 0, 0, ' ', 0, '', '', NULL, NULL, ''),
(1686, 'ROSA', 'TONATO', 'TENA', '0501859052', '000000000', '000000000', NULL, 'indefinido@gmail.com', 'Activo', 990, '2024-05-30 00:00:00', '0', 'Soltero', '1', '', 5, 0, '05', '', 0, 0, 0, 0, ' ', 0, '', '', NULL, NULL, ''),
(1687, 'ROSA', 'TENELEMA', 'BANOS', '1801456540001', '000000000', '000000000', NULL, 'indefinido@gmail.com', 'Activo', 990, '2024-05-30 00:00:00', '0', 'Soltero', '1', '', 5, 0, '04', '', 0, 0, 0, 0, ' ', 0, '', '', NULL, NULL, ''),
(1688, 'TATIANA', ' GONZALEZ', 'BANOS', '1803350196', '000000000', '000000000', NULL, 'indefinido@gmail.com', 'Activo', 990, '2024-05-30 00:00:00', '0', 'Soltero', '1', '', 5, 0, '05', '', 0, 0, 0, 0, ' ', 0, '', '', NULL, NULL, ''),
(1689, 'MAGDALENA', 'MONTERO', 'BANOS', '1600201220', '000000000', '000000000', NULL, 'indefinido@gmail.com', 'Activo', 990, '2024-05-30 00:00:00', '0', 'Soltero', '1', '', 5, 0, '05', '', 0, 0, 0, 0, ' ', 0, '', '', NULL, NULL, ''),
(1690, 'FARMAMIA', 'CIA. LTDA.', 'THOMAS HALFLANTS Y AMBATO', '0791740150001', '000000000', '000000000', NULL, 'mban1.avdocedenoviembre@farmaciasmia.com', 'Activo', 990, '2024-05-30 00:00:00', '0', 'Soltero', '1', '', 5, 0, '04', '', 0, 0, 0, 0, ' ', 0, '', '', NULL, NULL, ''),
(1691, 'MIRIAN', ' CIFUENTES', 'BANOS', '1600210676', '000000000', '000000000', NULL, 'indefinido@gmail.com', 'Activo', 990, '2024-05-30 00:00:00', '0', 'Soltero', '1', '', 5, 0, '05', '', 0, 0, 0, 0, ' ', 0, '', '', NULL, NULL, ''),
(1692, 'MARTHA', ' ROBALINO', 'BANOS', '1600240863001', '000000000', '000000000', NULL, 'contavilidad@hotelalisamay.com', 'Activo', 990, '2024-05-30 00:00:00', '0', 'Soltero', '1', '', 5, 0, '04', '', 0, 0, 0, 0, ' ', 0, '', '', NULL, NULL, ''),
(1693, 'ROSA', ' NUNES', 'BANOS', '1700185513001', '000000000', '000000000', NULL, 'indefinido@gmail.com', 'Activo', 990, '2024-05-30 00:00:00', '0', 'Soltero', '1', '', 5, 0, '04', '', 0, 0, 0, 0, ' ', 0, '', '', NULL, NULL, ''),
(1694, 'DENIS', 'CESPEDES', 'BANOS', '1758049959', '000000000', '000000000', NULL, 'indefinido@gmail.com', 'Activo', 990, '2024-05-30 00:00:00', '0', 'Soltero', '1', '', 5, 0, '05', '', 0, 0, 0, 0, ' ', 0, '', '', NULL, NULL, ''),
(1695, 'YOEL', 'SARAVIA', 'BANOS', '1804391199', '000000000', '000000000', NULL, 'indefinido@gmail.com', 'Activo', 990, '2024-05-30 00:00:00', '0', 'Soltero', '1', '', 5, 0, '05', '', 0, 0, 0, 0, ' ', 0, '', '', NULL, NULL, ''),
(1696, 'JOHANA', ' RAMOS', 'BANOS', '1203548787', '000000000', '000000000', NULL, 'indefinido@gmail.com', 'Activo', 990, '2024-05-30 00:00:00', '0', 'Soltero', '1', '', 5, 0, '05', '', 0, 0, 0, 0, ' ', 0, '', '', NULL, NULL, ''),
(1697, 'PATRICIA', ' SANCHEZ', 'BANOS', '1802368868', '000000000', '000000000', NULL, 'indefinido@gmail.com', 'Activo', 990, '2024-05-30 00:00:00', '0', 'Soltero', '1', '', 5, 0, '05', '', 0, 0, 0, 0, ' ', 0, '', '', NULL, NULL, ''),
(1698, 'ROSA', 'GARCIA', 'BANOS', '1600044471', '000000000', '000000000', NULL, 'jorgevillena@gmail.com', 'Activo', 990, '2024-05-30 00:00:00', '0', 'Soltero', '1', '', 5, 0, '05', '', 0, 0, 0, 0, ' ', 0, '', '', NULL, NULL, ''),
(1699, 'CAMARA DE TURISMO', 'BANOS ', 'BANOS', '1891702260001', '000000000', '000000000', NULL, 'asistente@banostravel.com', 'Activo', 990, '2024-05-30 00:00:00', '0', 'Soltero', '1', '', 5, 0, '04', '', 0, 0, 0, 0, ' ', 0, '', '', NULL, NULL, ''),
(1700, 'JAVIER', 'UBILLA ', 'BANOS', '0931250021', '000000000', '000000000', NULL, 'indefinido@gmail.com', 'Activo', 990, '2024-05-30 00:00:00', '0', 'Soltero', '1', '', 5, 0, '05', '', 0, 0, 0, 0, ' ', 0, '', '', NULL, NULL, ''),
(1701, 'JOHANA', 'VEGA', 'BANOS', '1600694044', '000000000', '000000000', NULL, 'indefinido@gmail.com', 'Activo', 990, '2024-05-30 00:00:00', '0', 'Soltero', '1', '', 5, 0, '05', '', 0, 0, 0, 0, ' ', 0, '', '', NULL, NULL, ''),
(1702, 'GRUPOSANTIN', 'S.A.S.', 'BANOS', '0691785030001', '995853382', '995853382', NULL, 'nathycr_04@hotmail.com', 'Activo', 990, '2024-05-30 00:00:00', '0', 'Soltero', '1', '', 5, 0, '04', '', 0, 0, 0, 0, ' ', 0, '', '', NULL, NULL, ''),
(1703, 'CRISTIAN', 'SILVA', 'BANOS', '1804415162001', '000000000', '000000000', NULL, 'indefinido@gmail.com', 'Activo', 990, '2024-05-30 00:00:00', '0', 'Soltero', '1', '', 5, 0, '04', '', 0, 0, 0, 0, ' ', 0, '', '', NULL, NULL, ''),
(1704, 'JUAN', 'ZULITA ', 'BANOS', '1802946994', '000000000', '000000000', NULL, 'indefinido@gmail.com', 'Activo', 990, '2024-05-30 00:00:00', '0', 'Soltero', '1', '', 5, 0, '05', '', 0, 0, 0, 0, ' ', 0, '', '', NULL, NULL, ''),
(1705, 'EMILI', 'NUNEZ', 'BANOS', '1600618423001', '000000000', '000000000', NULL, 'indefinido@gmail.com', 'Activo', 990, '2024-05-30 00:00:00', '0', 'Soltero', '1', '', 5, 0, '04', '', 0, 0, 0, 0, ' ', 0, '', '', NULL, NULL, ''),
(1706, 'JEN', 'SILVA ', 'BANOS', '1802182855001', '000000000', '000000000', NULL, 'indefinido@gmail.com', 'Activo', 990, '2024-05-30 00:00:00', '0', 'Soltero', '1', '', 5, 0, '04', '', 0, 0, 0, 0, ' ', 0, '', '', NULL, NULL, ''),
(1707, 'YANETH', 'LOPEZ', 'BANOS', '1804071940001', '000000000', '000000000', NULL, 'indefinido@gmail.com', 'Activo', 990, '2024-05-30 00:00:00', '0', 'Soltero', '1', '', 5, 0, '04', '', 0, 0, 0, 0, ' ', 0, '', '', NULL, NULL, ''),
(1708, 'JORGE', 'COELLO', 'BANOS', '1802968741001', '9779834780', '9779834780', NULL, 'indefinido@gmail.com', 'Activo', 990, '2024-05-30 00:00:00', '0', 'Soltero', '1', '', 5, 0, '04', '', 0, 0, 0, 0, ' ', 0, '', '', NULL, NULL, ''),
(1709, 'SEBASTIAN', 'VEGA ', 'BANOS', '1713980926', '000000000', '000000000', NULL, 'indefinido@gmail.com', 'Activo', 990, '2024-05-30 00:00:00', '0', 'Soltero', '1', '', 5, 0, '05', '', 0, 0, 0, 0, ' ', 0, '', '', NULL, NULL, ''),
(1710, 'LIDIA HERMINIA', 'GUEVARA BARRIGA', 'BANOS', '1802536530001', '000000000', '000000000', NULL, 'indefinido@gmail.com', 'Activo', 990, '2024-05-30 00:00:00', '0', 'Soltero', '1', '', 5, 0, '04', '', 0, 0, 0, 0, ' ', 0, '', '', NULL, NULL, ''),
(1711, 'PAOLA', ' PATINO', 'BANOS', '1104095276', '000000000', '000000000', NULL, 'indefinido@gmail.com', 'Activo', 990, '2024-05-30 00:00:00', '0', 'Soltero', '1', '', 5, 0, '05', '', 0, 0, 0, 0, ' ', 0, '', '', NULL, NULL, ''),
(1712, 'MARIO', 'GUERRA', 'BANOS', '1600231367001', '000000000', '000000000', NULL, 'indefinido@gmail.com', 'Activo', 990, '2024-05-30 00:00:00', '0', 'Soltero', '1', '', 5, 0, '04', '', 0, 0, 0, 0, ' ', 0, '', '', NULL, NULL, ''),
(1713, 'MARGARITA', 'REYES ', 'BANOS', '1800805150', '000000000', '000000000', NULL, 'indefinido@gmail.com', 'Activo', 990, '2024-05-30 00:00:00', '0', 'Soltero', '1', '', 5, 0, '05', '', 0, 0, 0, 0, ' ', 0, '', '', NULL, NULL, ''),
(1714, 'NATALY', 'MARQUES', 'BANOS', '1760653129', '000000000', '000000000', NULL, 'indefinido@gmail.com', 'Activo', 990, '2024-05-30 00:00:00', '0', 'Soltero', '1', '', 5, 0, '05', '', 0, 0, 0, 0, ' ', 0, '', '', NULL, NULL, ''),
(1715, 'DANIEL', 'ESPINOZA ', 'BANOS', '1804283040001', '000000000', '000000000', NULL, 'indefinido@gmail.com', 'Activo', 990, '2024-05-30 00:00:00', '0', 'Soltero', '1', '', 5, 0, '04', '', 0, 0, 0, 0, '  ', 0, '', '', NULL, NULL, ''),
(1716, 'JORGE', 'VARGAS ', 'BANOS', '1801011394', '000000000', '000000000', NULL, 'indefinido@gmail.com', 'Activo', 990, '2024-05-30 00:00:00', '0', 'Soltero', '1', '', 5, 0, '05', '', 0, 0, 0, 0, ' ', 0, '', '', NULL, NULL, ''),
(1717, 'MARCELA', 'CEBALLOS ', 'BANOS', '1803232394', '000000000', '000000000', NULL, 'indefinido@gmail.com', 'Activo', 990, '2024-05-30 00:00:00', '0', 'Soltero', '1', '', 5, 0, '05', '', 0, 0, 0, 0, ' ', 0, '', '', NULL, NULL, ''),
(1718, 'NANCI', 'IZURIETA', 'BANOS', '1600249716', '000000000', '000000000', NULL, 'indefinido@gmail.com', 'Activo', 990, '2024-05-30 00:00:00', '0', 'Soltero', '1', '', 5, 0, '05', '', 0, 0, 0, 0, ' ', 0, '', '', NULL, NULL, ''),
(1719, 'XAVIER', 'MASAQUIZA', 'AMBATO', '1804296034001', '000000000', '000000000', NULL, 'indefinido@gmail.com', 'Activo', 990, '2024-05-30 00:00:00', '0', 'Soltero', '1', '', 5, 0, '04', '', 0, 0, 0, 0, ' ', 0, '', '', NULL, NULL, ''),
(1720, 'CROOS', 'VALDARY', 'BANOS', '1718224718', '000000000', '000000000', NULL, 'indefinido@gmail.com', 'Activo', 990, '2024-05-30 00:00:00', '0', 'Soltero', '1', '', 5, 0, '05', '', 0, 0, 0, 0, ' ', 0, '', '', NULL, NULL, ''),
(1721, 'SILVIA', ' ALBAN', 'BANOS', '180310840', '000000000', '000000000', NULL, 'indefinido@gmail.com', 'Activo', 990, '2024-05-30 00:00:00', '0', 'Soltero', '1', '', 5, 0, '05', '', 0, 0, 0, 0, ' ', 0, '', '', NULL, NULL, ''),
(1722, 'SILVIA', 'ALBAN ', 'BANOS', '1803108040', '000000000', '000000000', NULL, 'indefinido@gmail.com', 'Activo', 990, '2024-05-30 00:00:00', '0', 'Soltero', '1', '', 5, 0, '05', '', 0, 0, 0, 0, ' ', 0, '', '', NULL, NULL, ''),
(1723, 'JULIAN', 'SORIA', 'BANOS', '1600840431', '000000000', '000000000', NULL, 'indefinido@gmail.com', 'Activo', 990, '2024-05-30 00:00:00', '0', 'Soltero', '1', '', 5, 0, '05', '', 0, 0, 0, 0, ' ', 0, '', '', NULL, NULL, ''),
(1724, 'SERVICIOS', 'GOLDESEL', 'BANOS', '1792270227001', '000000000', '000000000', NULL, 'compras@cherusker.com', 'Activo', 990, '2024-05-30 00:00:00', '0', 'Soltero', '1', '', 5, 0, '04', '', 0, 0, 0, 0, ' ', 0, '', '', NULL, NULL, ''),
(1725, 'CARMEN', 'LUNA ', 'VIA RUNTUN', '1801843747', '2741014', '2741014', NULL, 'info@casadelbalcon.com', 'Activo', 990, '2024-05-30 00:00:00', '0', 'Soltero', '1', '', 5, 0, '05', '', 0, 0, 0, 0, ' ', 0, '', '', NULL, NULL, ''),
(1726, 'DIANA', 'CUNALATA ', 'BANOS', '1600757882', '000000000', '000000000', NULL, 'indefinido@gmail.com', 'Activo', 990, '2024-05-30 00:00:00', '0', 'Soltero', '1', '', 5, 0, '05', '', 0, 0, 0, 0, ' ', 0, '', '', NULL, NULL, ''),
(1727, 'ELVIA', 'PEREZ', 'BANOS', '1600366478001', '000000000', '000000000', NULL, 'indefinido@gmail.com', 'Activo', 990, '2024-05-30 00:00:00', '0', 'Soltero', '1', '', 5, 0, '04', '', 0, 0, 0, 0, ' ', 0, '', '', NULL, NULL, ''),
(1728, 'PAUL', 'ESPINEL', 'BANOS', '1600630527', '000000000', '000000000', NULL, 'indefinido@gmail.com', 'Activo', 990, '2024-05-30 00:00:00', '0', 'Soltero', '1', '', 5, 0, '05', '', 0, 0, 0, 0, ' ', 0, '', '', NULL, NULL, ''),
(1729, 'ADRIAN ', 'CARRILLO ', 'BANOS', '1802975969001', '000000000', '000000000', NULL, 'indefinido@gmail.com', 'Activo', 990, '2024-05-30 00:00:00', '0', 'Soltero', '1', '', 5, 0, '04', '', 0, 0, 0, 0, ' ', 0, '', '', NULL, NULL, ''),
(1730, 'JANETH', ' FREYRE', 'BANOS', '1600411472', '000000000', '000000000', NULL, 'indefinido@gmail.com', 'Activo', 990, '2024-05-30 00:00:00', '0', 'Soltero', '1', '', 5, 0, '05', '', 0, 0, 0, 0, ' ', 0, '', '', NULL, NULL, ''),
(1731, 'JENIFER', 'LASCANO', 'BANOS', '1650089996', '000000000', '000000000', NULL, 'indefinido@gmail.com', 'Activo', 990, '2024-05-30 00:00:00', '0', 'Soltero', '1', '', 5, 0, '05', '', 0, 0, 0, 0, ' ', 0, '', '', NULL, NULL, ''),
(1732, 'SHEYLA', 'AVILA', 'BANOS', '1315298370001', '000000000', '000000000', NULL, 'indefinido@gmail.com', 'Activo', 990, '2024-05-30 00:00:00', '0', 'Soltero', '1', '', 5, 0, '04', '', 0, 0, 0, 0, ' ', 0, '', '', NULL, NULL, ''),
(1733, 'CRISTHIAN', ' MARCHAN', 'QUITO ', '1723120307', '000000000', '000000000', NULL, 'aleortegacobo@gmail.com', 'Activo', 990, '2024-05-30 00:00:00', '0', 'Soltero', '1', '', 5, 0, '05', '', 0, 0, 0, 0, ' ', 0, '', '', NULL, NULL, ''),
(1734, 'WILFREDO', ' GUTIERREZ', 'BANOS', '1725765034001', '000000000', '000000000', NULL, 'indefinido@gmail.com', 'Activo', 990, '2024-05-30 00:00:00', '0', 'Soltero', '1', '', 5, 0, '04', '', 0, 0, 0, 0, ' ', 0, '', '', NULL, NULL, ''),
(1735, 'IGLESIA DE JESUCRISTO DE LOS SANTOS', 'DE LOS ULTIMOS DIAS EN EL ECUADOR', 'BANOS', '1790898954001', '000000000', '000000000', NULL, 'indefinido@gmail.com', 'Activo', 990, '2024-05-30 00:00:00', '0', 'Soltero', '1', '', 5, 0, '04', '', 0, 0, 0, 0, ' ', 0, '', '', NULL, NULL, ''),
(1736, 'PRICILA', 'CANDO', 'BANOS', '1850585306', '000000000', '000000000', NULL, 'indefinido@gmail.com', 'Activo', 990, '2024-05-30 00:00:00', '0', 'Soltero', '1', '', 5, 0, '05', '', 0, 0, 0, 0, ' ', 0, '', '', NULL, NULL, ''),
(1737, 'NOEMI', 'TIPAN', 'BANOS', '1600592891', '000000000', '000000000', NULL, 'indefinido@gmail.com', 'Activo', 990, '2024-05-30 00:00:00', '0', 'Soltero', '1', '', 5, 0, '05', '', 0, 0, 0, 0, ' ', 0, '', '', NULL, NULL, ''),
(1738, 'PROMOTORA ECUATORIANA DE CAFE', ' DE COLOMBIA S.A. PROCAFECOL ECUADOR', 'QUITO ', '1792141486001', '000000000', '000000000', NULL, 'indefinido@gmail.com', 'Activo', 990, '2024-05-30 00:00:00', '0', 'Soltero', '1', '', 5, 0, '04', '', 0, 0, 0, 0, '  ', 0, '', '', NULL, NULL, ''),
(1739, 'LUIS', 'MONCAYO', 'BANOS', '1600312332', '000000000', '000000000', NULL, 'indefinido@gmail.com', 'Activo', 990, '2024-05-30 00:00:00', '0', 'Soltero', '1', '', 5, 0, '05', '', 0, 0, 0, 0, ' ', 0, '', '', NULL, NULL, ''),
(1740, 'MARCO ANTONIO', 'VILLACIS LESCANO', 'BANOS', '1803213691001', '000000000', '000000000', NULL, 'indefinido@gmail.com', 'Activo', 990, '2024-05-30 00:00:00', '0', 'Soltero', '1', '', 5, 0, '04', '', 0, 0, 0, 0, ' ', 0, '', '', NULL, NULL, ''),
(1741, 'COOPERATIVA DE TRANSPORTES', 'Y TURISMO BANOS', 'BANOS', '1890020085001', '000000000', '000000000', NULL, 'indefinido@gmail.com', 'Activo', 990, '2024-05-30 00:00:00', '0', 'Soltero', '1', '', 5, 0, '04', '', 0, 0, 0, 0, ' ', 0, '', '', NULL, NULL, ''),
(1742, 'CHAVEZ VILLACRES', 'ANDRES OLIVIER', 'BANOS', '1804886479001', '000000000', '000000000', NULL, 'indefinido@gmail.com', 'Activo', 990, '2024-05-30 00:00:00', '0', 'Soltero', '1', '', 5, 0, '04', '', 0, 0, 0, 0, ' ', 0, '', '', NULL, NULL, ''),
(1743, 'OLIVER', ' CUJI', 'BANOS', '1805459474', '000000000', '000000000', NULL, 'indefinido@gmail.com', 'Activo', 990, '2024-05-30 00:00:00', '0', 'Soltero', '1', '', 5, 0, '05', '', 0, 0, 0, 0, ' ', 0, '', '', NULL, NULL, ''),
(1744, 'GEOVANNY JAVIER', 'ECHEVERRIA GALARRAGA', 'BANOS', '1720694270001', '000000000', '000000000', NULL, 'indefinido@gmail.com', 'Activo', 990, '2024-05-30 00:00:00', '0', 'Soltero', '1', '', 5, 0, '04', '', 0, 0, 0, 0, ' ', 0, '', '', NULL, NULL, ''),
(1745, 'JORGE LUIS', 'GUEVARA NUNEZ', 'BANOS', '1804446068001', '000000000', '000000000', NULL, 'indefinido@gmail.com', 'Activo', 990, '2024-05-30 00:00:00', '0', 'Soltero', '1', '', 5, 0, '04', '', 0, 0, 0, 0, ' ', 0, '', '', NULL, NULL, ''),
(1746, 'MARCO', 'GANCHALA ', 'EL PLACER ', '1723725758', '000000000', '000000000', NULL, 'indefinido@gmail.com', 'Activo', 990, '2024-05-30 00:00:00', '0', 'Soltero', '1', '', 5, 0, '05', '', 0, 0, 0, 0, ' ', 0, '', '', NULL, NULL, ''),
(1747, 'KELVA', 'MOLLA', 'RIO VERDE', '1600604423', '000000000', '000000000', NULL, 'indefinido@gmail.com', 'Activo', 990, '2024-05-30 00:00:00', '0', 'Soltero', '1', '', 5, 0, '05', '', 0, 0, 0, 0, ' ', 0, '', '', NULL, NULL, ''),
(1748, 'PATRICIA', 'ALVAREZ', 'BANOS', '1705171278', '000000000', '000000000', NULL, 'indefinido@gmail.com', 'Activo', 990, '2024-05-30 00:00:00', '0', 'Soltero', '1', '', 5, 0, '05', '', 0, 0, 0, 0, ' ', 0, '', '', NULL, NULL, ''),
(1749, 'MONICA DEL PILAR', 'MEDINA HERRERA', 'BANOS', '1801671320001', '000000000', '000000000', NULL, 'indefinido@gmail.com', 'Activo', 990, '2024-05-30 00:00:00', '0', 'Soltero', '1', '', 5, 0, '04', '', 0, 0, 0, 0, ' ', 0, '', '', NULL, NULL, ''),
(1750, 'PRIMERA IGLESIA BAUTISTA', 'FILIAL BANOS', 'LUISA MARTINEZ Y 16 DICIEMBRE', '1891705340001', '000000000', '000000000', NULL, 'indefinido@gmail.com', 'Activo', 990, '2024-05-30 00:00:00', '0', 'Soltero', '1', '', 5, 0, '04', '', 0, 0, 0, 0, ' ', 0, '', '', NULL, NULL, ''),
(1751, 'MARINA ANGELA', 'ROBALINO CORDONES', 'BANOS', '1600377657001', '000000000', '000000000', NULL, 'robalinomarina44@gmail.com', 'Activo', 990, '2024-05-30 00:00:00', '0', 'Soltero', '1', '', 5, 0, '04', '', 0, 0, 0, 0, ' ', 0, '', '', NULL, NULL, ''),
(1752, 'LILIAN', 'TIVANQUIZA', 'BANOS', '1850455229', '000000000', '000000000', NULL, 'indefinido@gmail.com', 'Activo', 990, '2024-05-30 00:00:00', '0', 'Soltero', '1', '', 5, 0, '05', '', 0, 0, 0, 0, ' ', 0, '', '', NULL, NULL, ''),
(1753, 'MAYRA', 'SOLORZANO', 'BANOS', '1722840574', '000000000', '000000000', NULL, 'indefinido@gmail.com', 'Activo', 990, '2024-05-30 00:00:00', '0', 'Soltero', '1', '', 5, 0, '05', '', 0, 0, 0, 0, ' ', 0, '', '', NULL, NULL, ''),
(1754, 'HILDA', 'REINOSO', 'BANOS', '1801096320', '000000000', '000000000', NULL, 'reinosohilda736@gmail.com', 'Activo', 990, '2024-05-30 00:00:00', '0', 'Soltero', '1', '', 5, 0, '05', '', 0, 0, 0, 0, ' ', 0, '', '', NULL, NULL, ''),
(1755, 'KATERINE', 'AGUA GALLO', 'BANOS', '1600631467', '000000000', '000000000', NULL, 'indefinido@gmail.com', 'Activo', 990, '2024-05-30 00:00:00', '0', 'Soltero', '1', '', 5, 0, '05', '', 0, 0, 0, 0, ' ', 0, '', '', NULL, NULL, ''),
(1756, 'HOSTERIA', 'AGOYAN', 'BANOS AGOYAN', '1891810873001', '000000000', '000000000', NULL, 'agoyanhosteria2023@hotmail.com', 'Activo', 990, '2024-05-30 00:00:00', '0', 'Soltero', '1', '', 5, 0, '04', '', 0, 0, 0, 0, ' ', 0, '', '', NULL, NULL, ''),
(1757, 'TANNIA FERNANDA', 'QUIROLA MEDINA', 'BANOS', '1803389699001', '000000000', '000000000', NULL, 'indefinido@gmail.com', 'Activo', 990, '2024-05-30 00:00:00', '0', 'Soltero', '1', '', 5, 0, '04', '', 0, 0, 0, 0, ' ', 0, '', '', NULL, NULL, ''),
(1758, 'ROSITA DEL PILAR', 'MEDINA OCANA', 'BANOS', '1801615178001', '000000000', '000000000', NULL, 'indefinido@gmail.com', 'Activo', 990, '2024-05-30 00:00:00', '0', 'Soltero', '1', '', 5, 0, '04', '', 0, 0, 0, 0, ' ', 0, '', '', NULL, NULL, ''),
(1759, 'FONSECA ANDRADE', 'HAYDDE VALERIA ', 'BANOS', '1804124996', '000000000', '000000000', NULL, 'indefinido@gmail.com', 'Activo', 990, '2024-05-30 00:00:00', '0', 'Soltero', '1', '', 5, 0, '05', '', 0, 0, 0, 0, ' ', 0, '', '', NULL, NULL, ''),
(1760, 'SIN FRONTERASTRAVEL', 'CIA. LTDA', 'BANOS', '1891738605001', '000000000', '000000000', NULL, 'orlando.villafuerte@gmail.com', 'Activo', 990, '2024-05-30 00:00:00', '0', 'Soltero', '1', '', 5, 0, '04', '', 0, 0, 0, 0, ' ', 0, '', '', NULL, NULL, ''),
(1761, 'VERONICA', 'PAREDES', 'BANOS', '1600717100001', '000000000', '000000000', NULL, 'indefinido@gmail.com', 'Activo', 990, '2024-05-30 00:00:00', '0', 'Soltero', '1', '', 5, 0, '04', '', 0, 0, 0, 0, ' ', 0, '', '', NULL, NULL, ''),
(1762, 'SANTO', 'BURGUES ', 'BANOS', '1718463795001', '000000000', '000000000', NULL, 'angidel1718@gmail.com', 'Activo', 990, '2024-05-30 00:00:00', '0', 'Soltero', '1', '', 5, 0, '04', '', 0, 0, 0, 0, ' ', 0, '', '', NULL, NULL, ''),
(1763, 'MARIBEL', 'AREVALO', 'BANOS', '1401284128', '000000000', '000000000', NULL, 'indefinido@gmail.com', 'Activo', 990, '2024-05-30 00:00:00', '0', 'Soltero', '1', '', 5, 0, '05', '', 0, 0, 0, 0, ' ', 0, '', '', NULL, NULL, ''),
(1764, 'JOHANNA', 'AGUIAR', 'BANOS', '1804637138001', '000000000', '000000000', NULL, 'indefinido@gmail.com', 'Activo', 990, '2024-05-30 00:00:00', '0', 'Soltero', '1', '', 5, 0, '04', '', 0, 0, 0, 0, ' ', 0, '', '', NULL, NULL, ''),
(1765, 'HECTOR', ' RODRIGUEZ', 'BANOS', '1803447448001', '000000000', '000000000', NULL, 'indefinido@gmail.com', 'Activo', 990, '2024-05-30 00:00:00', '0', 'Soltero', '1', '', 5, 0, '04', '', 0, 0, 0, 0, ' ', 0, '', '', NULL, NULL, ''),
(1766, 'ANTONI', 'JAITE', 'BANOS', '1851023216', '000000000', '000000000', NULL, 'indefinido@gmail.com', 'Activo', 990, '2024-05-30 00:00:00', '0', 'Soltero', '1', '', 5, 0, '05', '', 0, 0, 0, 0, ' ', 0, '', '', NULL, NULL, ''),
(1767, 'EUGENIA', 'JARA', 'BANOS', '1802811081001', '000000000', '000000000', NULL, 'indefinido@gmail.com', 'Activo', 990, '2024-05-30 00:00:00', '0', 'Soltero', '1', '', 5, 0, '04', '', 0, 0, 0, 0, ' ', 0, '', '', NULL, NULL, ''),
(1768, 'CARRILLO PENAFIEL', 'JOSELYN CAROLINA', 'BANOS', '1804018784001', '000000000', '000000000', NULL, 'indefinido@gmail.com', 'Activo', 990, '2024-05-30 00:00:00', '0', 'Soltero', '1', '', 5, 0, '04', '', 0, 0, 0, 0, ' ', 0, '', '', NULL, NULL, ''),
(1769, 'MARIA', 'HERRERA', 'BANOS', '1802296366', '000000000', '000000000', NULL, 'mh5042412@gmail.com', 'Activo', 990, '2024-05-30 00:00:00', '0', 'Soltero', '1', '', 5, 0, '05', '', 0, 0, 0, 0, ' ', 0, '', '', NULL, NULL, ''),
(1770, 'PAUL', ' CISNEROS', 'BANOS', '1500733470001', '000000000', '000000000', NULL, 'indefinido@gmail.com', 'Activo', 990, '2024-05-30 00:00:00', '0', 'Soltero', '1', '', 5, 0, '04', '', 0, 0, 0, 0, ' ', 0, '', '', NULL, NULL, ''),
(1771, 'LUIS ALBERTO', 'JARAMILLO AGUILAR', 'CEVALLOS Y MERA ', '1801410497001', '32420912', '32420912', NULL, 'marycarmen0262@hotmail.com', 'Activo', 990, '2024-05-30 00:00:00', '0', 'Soltero', '1', '', 5, 0, '04', '', 0, 0, 0, 0, ' ', 0, '', '', NULL, NULL, ''),
(1772, 'LUIS ANTONIO', 'MANZANO', 'BANOS', '1800300921', '000000000', '000000000', NULL, 'indefinido@gmail.com', 'Activo', 990, '2024-05-30 00:00:00', '0', 'Soltero', '1', '', 5, 0, '05', '', 0, 0, 0, 0, ' ', 0, '', '', NULL, NULL, ''),
(1773, 'NELLY', ' RODRIGUEZ', 'BANOS', '1600417784', '000000000', '000000000', NULL, 'indefinido@gmail.com', 'Activo', 990, '2024-05-30 00:00:00', '0', 'Soltero', '1', '', 5, 0, '05', '', 0, 0, 0, 0, ' ', 0, '', '', NULL, NULL, ''),
(1774, 'NANCY VERONICA', 'SILVA SANCHEZ', 'PEDRO VICENTE  MALDONADO', '1801997410001', '984306918', '984306918', NULL, 'veroniquita_ec@yahoo.es', 'Activo', 990, '2024-05-30 00:00:00', '0', 'Soltero', '1', '', 5, 0, '04', '', 0, 0, 0, 0, ' ', 0, '', '', NULL, NULL, ''),
(1775, 'GISSELA', ' CANDO', 'BANOS', '1600690984001', '000000000', '000000000', NULL, 'indefinido@gmail.com', 'Activo', 990, '2024-05-30 00:00:00', '0', 'Soltero', '1', '', 5, 0, '04', '', 0, 0, 0, 0, ' ', 0, '', '', NULL, NULL, ''),
(1776, 'WALTER', ' FONSECA', 'BANOS', '1805031174', '987325269', '987325269', NULL, 'walterfonsecafg6@gmail.com', 'Activo', 990, '2024-05-30 00:00:00', '0', 'Soltero', '1', '', 5, 0, '05', '', 0, 0, 0, 0, ' ', 0, '', '', NULL, NULL, ''),
(1777, 'YACKELINE', 'CONDOR', 'BANOS', '1710089234', '000000000', '000000000', NULL, 'indefinido@gmail.com', 'Activo', 990, '2024-05-30 00:00:00', '0', 'Soltero', '1', '', 5, 0, '05', '', 0, 0, 0, 0, ' ', 0, '', '', NULL, NULL, ''),
(1778, 'GEOVANA', ' FREIRE', 'BANOS', '1803497963001', '000000000', '000000000', NULL, 'geo.freire83@hotmail.com', 'Activo', 990, '2024-05-30 00:00:00', '0', 'Soltero', '1', '', 5, 0, '04', '', 0, 0, 0, 0, ' ', 0, '', '', NULL, NULL, ''),
(1779, 'CHRISTIAN DAVID', 'VILLA ORTIS ', 'BANOS', '1805459334001', '000000000', '000000000', NULL, 'cristianextremen@gmail.com', 'Activo', 990, '2024-05-30 00:00:00', '0', 'Soltero', '1', '', 5, 0, '04', '', 0, 0, 0, 0, ' ', 0, '', '', NULL, NULL, ''),
(1780, 'MARIA', 'SANGORIVERA', 'BANOS', '0501835516001', '000000000', '000000000', NULL, 'mariasango734@hotmail.com', 'Activo', 990, '2024-05-30 00:00:00', '0', 'Soltero', '1', '', 5, 0, '04', '', 0, 0, 0, 0, ' ', 0, '', '', NULL, NULL, ''),
(1781, 'ONATE ONATE', 'CARLOS DANILO', 'CARABURO Y AV EL CONDOR', '1803046083001', '989968926', '989968926', NULL, 'vaudfrance@yahoo.es', 'Activo', 990, '2024-05-30 00:00:00', '0', 'Soltero', '1', '', 5, 0, '04', '', 0, 0, 0, 0, ' ', 0, '', '', NULL, NULL, ''),
(1782, 'CRUZ ELVA', 'PARCO ORTIZ', 'BANOS', '1800821207', '000000000', '000000000', NULL, 'indefinido@gmail.com', 'Activo', 990, '2024-05-30 00:00:00', '0', 'Soltero', '1', '', 5, 0, '05', '', 0, 0, 0, 0, ' ', 0, '', '', NULL, NULL, ''),
(1783, 'EDGAR DAVID', 'ROBAYO RUEDA', 'BANOS', '1717159881001', '996869660', '996869660', NULL, 'david.robayo7@gmail.com', 'Activo', 990, '2024-05-30 00:00:00', '0', 'Soltero', '1', '', 5, 0, '04', '', 0, 0, 0, 0, ' ', 0, '', '', NULL, NULL, ''),
(1784, 'RICARDO', ' ANDRADE', 'BANOS', '1600453920', '000000000', '000000000', NULL, 'indefinido@gmail.com', 'Activo', 990, '2024-05-30 00:00:00', '0', 'Soltero', '1', '', 5, 0, '05', '', 0, 0, 0, 0, ' ', 0, '', '', NULL, NULL, ''),
(1785, 'CIPRIANO', 'WILLANBA', 'BANOS', '1803321098', '000000000', '000000000', NULL, 'indefinido@gmail.com', 'Activo', 990, '2024-05-30 00:00:00', '0', 'Soltero', '1', '', 5, 0, '05', '', 0, 0, 0, 0, ' ', 0, '', '', NULL, NULL, ''),
(1786, 'MAURICIO', 'LANDA ', 'AV /RODRIGO PACHANO Y PASAJE TOLEDO MALDONADO ', '1803811130001', '000000000', '000000000', NULL, 'facturascomprasgraficas@gmail.com', 'Activo', 990, '2024-05-30 00:00:00', '0', 'Soltero', '1', '', 5, 0, '04', '', 0, 0, 0, 0, ' ', 0, '', '', NULL, NULL, ''),
(1787, 'ALIAGA BARROS NELLY PATRICIA', '-', 'BANOS', '1803767142001', '000000000', '000000000', NULL, 'indefinido@gmail.com', 'Activo', 990, '2024-05-30 00:00:00', '0', 'Soltero', '1', '', 5, 0, '04', '', 0, 0, 0, 0, '', 0, '', '', NULL, NULL, NULL),
(1788, 'CAROLINA ELIZABETH', 'GUEVARA TRUJILLO', 'BANOS  ', '1804755104001', '000000000', '000000000', NULL, 'indefinido@gmail.com', 'Activo', 990, '2024-05-30 00:00:00', '0', 'Soltero', '1', '', 5, 0, '04', '', 0, 0, 0, 0, ' ', 0, '', '', NULL, NULL, ''),
(1789, ' JAIME RAMIRO', 'TORRES RODRIGUEZ', 'BANOS', '1801637255001', '000000000', '000000000', NULL, 'fullcolors_1983@yahoo.com', 'Activo', 990, '2024-05-30 00:00:00', '0', 'Soltero', '1', '', 5, 0, '04', '', 0, 0, 0, 0, ' ', 0, '', '', NULL, NULL, ''),
(1790, 'FUNDACION ECOMINGA', ' RED DE PROTECCION DE BOSQUES AMENAZADOS', 'BANOS', '1792025540001', '000000000', '000000000', NULL, 'samibarrera1296@gmail.com', 'Activo', 990, '2024-05-30 00:00:00', '0', 'Soltero', '1', '', 5, 0, '04', '', 0, 0, 0, 0, ' ', 0, '', '', NULL, NULL, ''),
(1791, 'JUAN FRANCISCO', 'GAVILANEZ GUEVARA', 'BANOS', '0602382061001', '000000000', '000000000', NULL, 'indefinido@gmail.com', 'Activo', 990, '2024-05-30 00:00:00', '0', 'Soltero', '1', '', 5, 0, '04', '', 0, 0, 0, 0, ' ', 0, '', '', NULL, NULL, ''),
(1792, 'LUZ', 'SANCHEZ', 'BANOS', '1802780815', '000000000', '000000000', NULL, 'indefinido@gmail.com', 'Activo', 990, '2024-05-30 00:00:00', '0', 'Soltero', '1', '', 5, 0, '05', '', 0, 0, 0, 0, ' ', 0, '', '', NULL, NULL, ''),
(1793, 'CECILIA', 'GOMEZ', 'BANOS', '1802388007', '000000000', '000000000', NULL, 'indefinido@gmail.com', 'Activo', 990, '2024-05-30 00:00:00', '0', 'Soltero', '1', '', 5, 0, '05', '', 0, 0, 0, 0, ' ', 0, '', '', NULL, NULL, ''),
(1794, 'CRISTINA', ' FRIAS', 'BANOS', '1600686651', '000000000', '000000000', NULL, 'indefinido@gmail.com', 'Activo', 990, '2024-05-30 00:00:00', '0', 'Soltero', '1', '', 5, 0, '05', '', 0, 0, 0, 0, ' ', 0, '', '', NULL, NULL, ''),
(1795, 'KEVIN ISMAEL', 'PINUELA FIALLOS ', 'BANOS', '1600757940001', '000000000', '000000000', NULL, 'indefinido@gmail.com', 'Activo', 990, '2024-05-30 00:00:00', '0', 'Soltero', '1', '', 5, 0, '04', '', 0, 0, 0, 0, ' ', 0, '', '', NULL, NULL, ''),
(1796, 'FAUSTO HERNAN', 'SANCHEZ RIVERA', 'BANOS', '1716318546001', '000000000', '000000000', NULL, 'indefinido@gmail.com', 'Activo', 990, '2024-05-30 00:00:00', '0', 'Soltero', '1', '', 5, 0, '04', '', 0, 0, 0, 0, ' ', 0, '', '', NULL, NULL, ''),
(1797, 'AMPARITO', 'VACA ', 'BANOS', '1802527752', '000000000', '000000000', NULL, 'indefinido@gmail.com', 'Activo', 990, '2024-05-30 00:00:00', '0', 'Soltero', '1', '', 5, 0, '05', '', 0, 0, 0, 0, ' ', 0, '', '', NULL, NULL, ''),
(1798, 'ADRIANA MARCELA', ' MIRANDA VILLA FUERTE', 'BANOS', '1803074911', '000000000', '000000000', NULL, 'adrimarcellia1@hotmail.com', 'Activo', 990, '2024-05-30 00:00:00', '0', 'Soltero', '1', '', 5, 0, '05', '', 0, 0, 0, 0, ' ', 0, '', '', NULL, NULL, ''),
(1799, 'RAUL', 'LEON ', 'BANOS', '1760034007001', '000000000', '000000000', NULL, 'indefinido@gmail.com', 'Activo', 990, '2024-05-30 00:00:00', '0', 'Soltero', '1', '', 5, 0, '04', '', 0, 0, 0, 0, ' ', 0, '', '', NULL, NULL, '');
INSERT INTO `clientes` (`id_cliente`, `nombre`, `apellido`, `direccion`, `cedula`, `telefono`, `movil`, `fecha_nacimiento`, `email`, `estado`, `id_ciudad`, `fecha_registro`, `numero_cargas`, `estado_civil`, `tipo`, `numero_casa`, `id_empresa`, `id_vendedor`, `caracter_identificacion`, `reponsable`, `limite_credito`, `descuento`, `dias_plazo`, `tipo_precio`, `observacion`, `tipo_cliente`, `prop_nombre`, `prop_telefono`, `prop_email`, `empresaCliente`, `nacionalidad`) VALUES
(1800, 'MARCI IMELDA', 'DELGADO ', 'BANOS', '1802208262', '000000000', '000000000', NULL, 'indefinido@gmail.com', 'Activo', 990, '2024-05-30 00:00:00', '0', 'Soltero', '1', '', 5, 0, '05', '', 0, 0, 0, 0, ' ', 0, '', '', NULL, NULL, ''),
(1801, 'MIRIAN', 'MANZANO', 'BANOS', '1804689055', '000000000', '000000000', NULL, 'indefinido@gmail.com', 'Activo', 990, '2024-05-30 00:00:00', '0', 'Soltero', '1', '', 5, 0, '05', '', 0, 0, 0, 0, ' ', 0, '', '', NULL, NULL, ''),
(1802, 'ABIGAIL', ' LLERENA', 'BANOS', '0941335689', '000000000', '000000000', NULL, 'indefinido@gmail.com', 'Activo', 990, '2024-05-30 00:00:00', '0', 'Soltero', '1', '', 5, 0, '05', '', 0, 0, 0, 0, ' ', 0, '', '', NULL, NULL, ''),
(1803, 'SANCHEZ ESTRADA', 'DIEGO VINICIO', 'BANOS', '1803900016001', '000000000', '000000000', NULL, 'indefinido@gmail.com', 'Activo', 990, '2024-05-30 00:00:00', '0', 'Soltero', '1', '', 5, 0, '04', '', 0, 0, 0, 0, ' ', 0, '', '', NULL, NULL, ''),
(1804, 'ALEXANDRA', ' ESCOBAR', 'BANOS', '1600707366001', '000000000', '000000000', NULL, 'indefinido@gmail.com', 'Activo', 990, '2024-05-30 00:00:00', '0', 'Soltero', '1', '', 5, 0, '04', '', 0, 0, 0, 0, ' ', 0, '', '', NULL, NULL, ''),
(1805, 'INDIRA RAQUEL', 'MEDINA HERRERA', 'BANOS', '1802496859001', '000000000', '000000000', NULL, 'indefinido@gmail.com', 'Activo', 990, '2024-05-30 00:00:00', '0', 'Soltero', '1', '', 5, 0, '04', '', 0, 0, 0, 0, ' ', 0, '', '', NULL, NULL, ''),
(1806, 'CRISTIAN', ' CASCO', 'BANOS', '1850134360', '000000000', '000000000', NULL, 'indefinido@gmail.com', 'Activo', 990, '2024-05-30 00:00:00', '0', 'Soltero', '1', '', 5, 0, '05', '', 0, 0, 0, 0, ' ', 0, '', '', NULL, NULL, ''),
(1807, 'ANDRADE CAISAGUANO', 'EDGAR WILSON', 'BANOS', '1600308975001', '000000000', '000000000', NULL, 'indefinido@gmail.com', 'Activo', 990, '2024-05-30 00:00:00', '0', 'Soltero', '1', '', 5, 0, '04', '', 0, 0, 0, 0, ' ', 0, '', '', NULL, NULL, ''),
(1808, 'JIMMY HENRY', 'VILLALBA SALAZAR', 'BANOS', '1803446465001', '000000000', '000000000', NULL, 'indefinido@gmail.com', 'Activo', 990, '2024-05-30 00:00:00', '0', 'Soltero', '1', '', 5, 0, '04', '', 0, 0, 0, 0, ' ', 0, '', '', NULL, NULL, ''),
(1809, 'DYLAN JOEL', 'ALBAN VALENCIA', 'BANOS', '1850455211', '000000000', '000000000', NULL, 'albandylan79@gmail.com', 'Activo', 990, '2024-05-30 00:00:00', '0', 'Soltero', '1', '', 5, 0, '05', '', 0, 0, 0, 0, ' ', 0, '', '', NULL, NULL, ''),
(1810, 'ALFREDO', 'CEDENO', 'BANOS', '1307336113001', '000000000', '000000000', NULL, 'indefinido@gmail.com', 'Activo', 990, '2024-05-30 00:00:00', '0', 'Soltero', '1', '', 5, 0, '04', '', 0, 0, 0, 0, ' ', 0, '', '', NULL, NULL, ''),
(1811, 'ANA', 'MARIA BARRIGA', 'BANOS', '1600242869001', '000000000', '000000000', NULL, 'indefinido@gmail.com', 'Activo', 990, '2024-05-30 00:00:00', '0', 'Soltero', '1', '', 5, 0, '04', '', 0, 0, 0, 0, ' ', 0, '', '', NULL, NULL, ''),
(1812, 'CLUB', 'JUAN MONTALVO', 'BANOS', '1891712517001', '000000000', '000000000', NULL, 'indefinido@gmail.com', 'Activo', 990, '2024-05-30 00:00:00', '0', 'Soltero', '1', '', 5, 0, '04', '', 0, 0, 0, 0, ' ', 0, '', '', NULL, NULL, ''),
(1813, 'COOPERATIVA DE TAXIS', '13 DE ABRIL', 'BANOS', '1890086116001', '000000000', '000000000', NULL, 'indefinido@gmail.com', 'Activo', 990, '2024-05-30 00:00:00', '0', 'Soltero', '1', '', 5, 0, '04', '', 0, 0, 0, 0, ' ', 0, '', '', NULL, NULL, ''),
(1814, 'OLGA ENRIQUETA', 'SANCHEZ JARA', 'BANOS', '1800317404001', '000000000', '000000000', NULL, 'indefinido@gmail.com', 'Activo', 990, '2024-05-30 00:00:00', '0', 'Soltero', '1', '', 5, 0, '04', '', 0, 0, 0, 0, ' ', 0, '', '', NULL, NULL, ''),
(1815, 'RAFAEL', ' FUEN MAYOR', 'BANOS', '1803250719001', '000000000', '000000000', NULL, 'indefinido@gmail.com', 'Activo', 990, '2024-05-30 00:00:00', '0', 'Soltero', '1', '', 5, 0, '04', '', 0, 0, 0, 0, ' ', 0, '', '', NULL, NULL, ''),
(1816, 'JORGE', 'PAREDES', 'BANOS', '0604398131', '000000000', '000000000', NULL, 'indefinido@gmail.com', 'Activo', 990, '2024-05-30 00:00:00', '0', 'Soltero', '1', '', 5, 0, '05', '', 0, 0, 0, 0, ' ', 0, '', '', NULL, NULL, ''),
(1817, 'VERONICA DEL ROCIO', 'PALATE SANCHEZ', 'BANOS', '1803322534001', '000000000', '000000000', NULL, 'hostallachimeneabb@gmail.com', 'Activo', 990, '2024-05-30 00:00:00', '0', 'Soltero', '1', '', 5, 0, '04', '', 0, 0, 0, 0, ' ', 0, '', '', NULL, NULL, ''),
(1818, 'KARLA', 'SILVA ', 'BANOS', '1803690641001', '000000000', '000000000', NULL, 'indefinido@gmail.com', 'Activo', 990, '2024-05-30 00:00:00', '0', 'Soltero', '1', '', 5, 0, '04', '', 0, 0, 0, 0, ' ', 0, '', '', NULL, NULL, ''),
(1819, 'RAFAEL ENRIQUE', 'ALDAZ ROJAS', 'BANOS', '1803973070001', '000000000', '000000000', NULL, 'indefinido@gmail.com', 'Activo', 990, '2024-05-30 00:00:00', '0', 'Soltero', '1', '', 5, 0, '04', '', 0, 0, 0, 0, '  ', 0, '', '', NULL, NULL, ''),
(1820, 'SAMARI', 'ASOCIADOS', 'BANOS', '0691736075001', '000000000', '000000000', NULL, 'indefinido@gmail.com', 'Activo', 990, '2024-05-30 00:00:00', '0', 'Soltero', '1', '', 5, 0, '04', '', 0, 0, 0, 0, ' ', 0, '', '', NULL, NULL, ''),
(1821, 'DIEGO', 'SORIA SILVA', 'AMBATO', '1804241139', '000000000', '000000000', NULL, 'indefinido@gmail.com', 'Activo', 990, '2024-05-30 00:00:00', '0', 'Soltero', '1', '', 5, 0, '05', '', 0, 0, 0, 0, ' ', 0, '', '', NULL, NULL, ''),
(1822, 'MARIA', 'MEZA', 'BANOS', '0200924629001', '000000000', '000000000', NULL, 'rositameza2@hoptmail.com', 'Activo', 990, '2024-05-30 00:00:00', '0', 'Soltero', '1', '', 5, 0, '04', '', 0, 0, 0, 0, ' ', 0, '', '', NULL, NULL, ''),
(1823, 'HUGO', ' DAMIAN', 'BANOS', '1600745440', '000000000', '000000000', NULL, 'indefinido@gmail.com', 'Activo', 990, '2024-05-30 00:00:00', '0', 'Soltero', '1', '', 5, 0, '05', '', 0, 0, 0, 0, ' ', 0, '', '', NULL, NULL, ''),
(1824, 'VERONICA GABRIELA', 'VILLARROEL VILLARROEL', 'BANOS', '1805032255001', '000000000', '000000000', NULL, 'indefinido@gmail.com', 'Activo', 990, '2024-05-30 00:00:00', '0', 'Soltero', '1', '', 5, 0, '04', '', 0, 0, 0, 0, ' ', 0, '', '', NULL, NULL, ''),
(1825, 'JESUS ORLANDO', 'VEGA MARINO', 'BANOS', '1800204974001', '000000000', '000000000', NULL, 'zoosanmartin@yahoo.es', 'Activo', 990, '2024-05-30 00:00:00', '0', 'Soltero', '1', '', 5, 0, '04', '', 0, 0, 0, 0, ' ', 0, '', '', NULL, NULL, ''),
(1826, 'ARACELI', 'MOSQUERA', 'BANOS', '1803530490001', '000000000', '000000000', NULL, 'indefinido@gmail.com', 'Activo', 990, '2024-05-30 00:00:00', '0', 'Soltero', '1', '', 5, 0, '04', '', 0, 0, 0, 0, ' ', 0, '', '', NULL, NULL, ''),
(1827, 'BYRON CARDENAS', '-', 'BANOS', '0959214628001', '000000000', '000000000', NULL, 'indefinido@gmail.com', 'Activo', 990, '2024-05-30 00:00:00', '0', 'Soltero', '1', '', 5, 0, '04', '', 0, 0, 0, 0, '', 0, '', '', NULL, NULL, NULL),
(1828, 'XIMENA DEL CARMEN', 'SILVA CAICEDO', 'BANOS', '1801945880001', '000000000', '000000000', NULL, 'silvacximena@gmail.com', 'Activo', 990, '2024-05-30 00:00:00', '0', 'Soltero', '1', '', 5, 0, '04', '', 0, 0, 0, 0, ' ', 0, '', '', NULL, NULL, ''),
(1829, 'KAMI', 'KAZE', 'BANOS', '1891768873001', '000000000', '000000000', NULL, 'indefinido@gmail.com', 'Activo', 990, '2024-05-30 00:00:00', '0', 'Soltero', '1', '', 5, 0, '04', '', 0, 0, 0, 0, ' ', 0, '', '', NULL, NULL, ''),
(1830, 'JESSENIA', ' SUMBA', 'BANOS', '1450067614', '000000000', '000000000', NULL, 'indefinido@gmail.com', 'Activo', 990, '2024-05-30 00:00:00', '0', 'Soltero', '1', '', 5, 0, '05', '', 0, 0, 0, 0, ' ', 0, '', '', NULL, NULL, ''),
(1831, 'RODRIGO', ' RIOS', 'LATACUNGA', '1714001532', '000000000', '000000000', NULL, 'indefinido@gmail.com', 'Activo', 990, '2024-05-30 00:00:00', '0', 'Soltero', '1', '', 5, 0, '05', '', 0, 0, 0, 0, ' ', 0, '', '', NULL, NULL, ''),
(1832, 'DIANA', 'REYES ROMERO', 'BANOS', '1757334436001', '000000000', '000000000', NULL, 'indefinido@gmail.com', 'Activo', 990, '2024-05-30 00:00:00', '0', 'Soltero', '1', '', 5, 0, '04', '', 0, 0, 0, 0, ' ', 0, '', '', NULL, NULL, ''),
(1833, 'CONGACHA GUZMAN', 'ANGEL RAUL', 'AMBATO  PINLLO', '0604031625001', '000000000', '000000000', NULL, 'angelcongacha87@gmail.com', 'Activo', 990, '2024-05-30 00:00:00', '0', 'Soltero', '1', '', 5, 0, '04', '', 0, 0, 0, 0, ' ', 0, '', '', NULL, NULL, ''),
(1834, 'MUKIMONO', ' S.A.S.', 'BANOS', '1793216854001', '000000000', '000000000', NULL, 'mukimonofood@outlook.com', 'Activo', 990, '2024-05-30 00:00:00', '0', 'Soltero', '1', '', 5, 0, '04', '', 0, 0, 0, 0, ' ', 0, '', '', NULL, NULL, ''),
(1835, 'JESUS ALVERTO', 'ESPINOSA ZAMBRANO', 'BANOS', '13069012', '000000000', '000000000', NULL, 'indefinido@gmail.com', 'Activo', 990, '2024-05-30 00:00:00', '0', 'Soltero', '1', '', 5, 0, '05', '', 0, 0, 0, 0, ' ', 0, '', '', NULL, NULL, ''),
(1836, 'VICTOR JOSE', 'RUIZ', 'BANOS', '1804294815', '000000000', '000000000', NULL, 'indefinido@gmail.com', 'Activo', 990, '2024-05-30 00:00:00', '0', 'Soltero', '1', '', 5, 0, '05', '', 0, 0, 0, 0, ' ', 0, '', '', NULL, NULL, ''),
(1837, 'LUIS', 'FLORES ', 'BANOS', '0601879752001', '000000000', '000000000', NULL, 'indefinido@gmail.com', 'Activo', 990, '2024-05-30 00:00:00', '0', 'Soltero', '1', '', 5, 0, '04', '', 0, 0, 0, 0, ' ', 0, '', '', NULL, NULL, ''),
(1838, 'ALEX', ' ANDRADE', 'BANOS', '1720670734', '000000000', '000000000', NULL, 'alexdario100@hotmail.com', 'Activo', 990, '2024-05-30 00:00:00', '0', 'Soltero', '1', '', 5, 0, '05', '', 0, 0, 0, 0, ' ', 0, '', '', NULL, NULL, ''),
(1839, 'MARIE FRANCE', 'VALVERDE ANDRADE', 'BANOS', '1804145819001', '000000000', '000000000', NULL, 'indefinido@gmail.com', 'Activo', 990, '2024-05-30 00:00:00', '0', 'Soltero', '1', '', 5, 0, '04', '', 0, 0, 0, 0, ' ', 0, '', '', NULL, NULL, ''),
(1840, 'BLANCA', 'HIDALGO ', 'BANOS - COSMOPOLITA', '1801183193', '000000000', '000000000', NULL, 'indefinido@gmail.com', 'Activo', 990, '2024-05-30 00:00:00', '0', 'Soltero', '1', '', 5, 0, '05', '', 0, 0, 0, 0, ' ', 0, '', '', NULL, NULL, ''),
(1841, 'ANDRADE MORALES', 'SERAFINA DEL ROSARIO', 'BANOS', '1703721900', '000000000', '000000000', NULL, 'indefinido@gmail.com', 'Activo', 990, '2024-05-30 00:00:00', '0', 'Soltero', '1', '', 5, 0, '05', '', 0, 0, 0, 0, ' ', 0, '', '', NULL, NULL, ''),
(1842, 'TONY', 'ARGONE', 'BANOS', '1761745635', '000000000', '000000000', NULL, 'indefinido@gmail.com', 'Activo', 990, '2024-05-30 00:00:00', '0', 'Soltero', '1', '', 5, 0, '05', '', 0, 0, 0, 0, ' ', 0, '', '', NULL, NULL, ''),
(1844, 'CECILIA', 'ONATE ONATE', 'BANOS', '1802569697001', '0999999999', '', '2024-06-02', 'cecilia@hotmail.com', 'Activo', 988, '2024-06-02 05:54:47', '0', '', '0', '', 5, 0, '04', '', 0, 0, 0, 0, '', 0, '', '', NULL, 0, ''),
(1845, 'KARLA', 'LEON', 'BANOS', '1600364424001', '', '', '2024-06-03', 'chocofrutas_klm@hotmail.com', 'Activo', 990, '2024-06-03 02:04:49', '0', '', '0', '', 5, 0, '04', '', 0, 0, 0, 0, '', 0, '', '', NULL, 0, ''),
(1846, 'MARIA ELIDA', 'MANCHENO', 'BANOS', '1801130541', '0962616157', '', '2024-06-05', 'mariaelidam55@gmail.com', 'Activo', 990, '2024-06-05 06:00:04', '0', '', '0', '', 5, 0, '05', '', 0, 0, 0, 0, '', 0, '', '', NULL, 0, ''),
(1847, 'ALFREDO ALBERTO', 'RAMOS MEDINA', 'FERTISA MZ. 3193 VILLA 4', '0916902117001', '0986486499', '', '2024-06-07', 'info@anahisoft.com', 'Activo', 688, '2024-06-07 12:52:25', '0', '', '0', '', 3, 0, '04', '', 0, 0, 0, 0, '', 0, '', '', NULL, 0, ''),
(1848, 'ANA BELEN ', 'VILLAROEL PAREDES', 'ULBA', '1850133131', '', '0996194644', '2024-06-07', 'belenvi2015@gmail.com', 'Activo', 990, '2024-06-07 01:08:17', '0', '', '0', '', 5, 0, '05', '', 0, 0, 0, 0, '', 0, '', '', NULL, 0, ''),
(1849, 'LUNATOUR', 'S.A.S', 'VIA RUNTUN KM 6', '1891809609001', '032740882', '', '2024-06-07', 'recepcion@casadelbalcon.com', 'Activo', 990, '2024-06-07 02:30:43', '0', '', '0', '', 5, 0, '04', '', 0, 0, 0, 0, '', 0, '', '', NULL, 0, ''),
(1850, 'CONSUMIDOR', 'FINAL', 'CONSUMIDOR FINAL', '9999999999999', '049999999', '0999999999', '2024-06-07', 'consumidorf@hotmail.com', 'Activo', 688, '2024-06-07 05:48:25', '0', '', '0', '', 6, 0, '07', '', 0, 0, 0, 0, '', 0, '', '', NULL, 0, ''),
(1851, 'MICHAEL', 'LOPEZ SANTOS', 'GUAYAQUIL', '0923522437001', '0986492096', '', '2024-06-08', 'pet_2343810@hotmail.es', 'Activo', 688, '2024-06-08 09:50:15', '0', '', '0', '', 5, 0, '04', '', 0, 0, 0, 0, '', 0, '', '', NULL, 0, ''),
(1852, 'JOHN ', 'BARRENO', 'LATACUNGA', '0502342710001', '', '0995944037', '2024-06-08', 'lisolec@hotmail.com', 'Activo', 827, '2024-06-08 03:47:49', '0', '', '0', '', 5, 0, '04', '', 0, 0, 0, 0, '', 0, '', '', NULL, 0, ''),
(1853, 'ANDREA', 'GANAN', 'ELOY ALFARO Y AMBATO', '1803623865', '', '', '2024-06-10', 'andreagximena@hotmail.com', 'Activo', 990, '2024-06-10 11:46:19', '0', '', '0', '', 5, 0, '05', '', 0, 0, 0, 0, '', 0, '', '', NULL, 0, ''),
(1854, 'LUZMILA', 'ZAVALA', 'AMBATO Y ELOY ALFARO', '1600632309001', '', '', '2024-06-10', 'luzmila@hotmail.com', 'Activo', 990, '2024-06-10 02:22:32', '0', '', '0', '', 5, 0, '04', '', 0, 0, 0, 0, ' ', 0, '', '', NULL, 0, ''),
(1855, 'ANDRES ', 'GAMBOA', 'BANOS', '1804259933001', '', '', '2024-06-10', 'pelletsgamboa@gmail.com', 'Activo', 990, '2024-06-10 05:40:30', '0', '', '0', '', 5, 0, '04', '', 0, 0, 0, 0, '', 0, '', '', NULL, 0, ''),
(1856, 'LIZETH MARIANELA', 'LOPEZ VALVERDE', 'BANOS', '1805033774001', '', '', '2024-06-12', 'lizyvainilla@gmail.com', 'Activo', 990, '2024-06-12 12:01:45', '0', '', '0', '', 5, 0, '04', '', 0, 0, 0, 0, '', 0, '', '', NULL, 0, ''),
(1857, 'MARIA', 'FERREIRA', 'BANOS', '31628659', '', '', '2024-06-12', 'info@gmail.com', 'Activo', 990, '2024-06-12 12:52:12', '0', '', '0', '', 5, 0, '06', '', 0, 0, 0, 0, '', 0, '', '', NULL, 0, ''),
(1858, 'MARISELA ', 'MIRANDA', 'BANOS', '1600329393001', '', '', '2024-06-12', 'gatamiranda738@gmail.com', 'Activo', 990, '2024-06-12 04:46:17', '0', '', '0', '', 5, 0, '04', '', 0, 0, 0, 0, '', 0, '', '', NULL, 0, ''),
(1859, 'FERNANDA', ' GUATO ', 'RIO VERDE', '1803593563', '', '', '2024-06-13', 'fernandaguato25@gmail.co', 'Activo', 990, '2024-06-13 02:59:04', '0', '', '0', '', 5, 0, '05', '', 0, 0, 0, 0, '', 0, '', '', NULL, 0, ''),
(1860, 'MARIA ', 'SILVA', 'BANOS', '1802355931001', '', '', '2024-06-13', 'malenasilvacaicedo@gmail.com', 'Activo', 990, '2024-06-13 07:02:46', '0', '', '0', '', 5, 0, '04', '', 0, 0, 0, 0, '', 0, '', '', NULL, 0, ''),
(1861, 'EDUARDO ', 'RAMOS', 'BANOS', '1206210856001', '', '', '2024-06-15', 'ERAMOS@HOTMAIL.COM', 'Activo', 990, '2024-06-15 12:25:53', '0', '', '0', '', 5, 0, '04', '', 0, 0, 0, 0, '', 0, '', '', NULL, 0, ''),
(1862, 'COLINA ', 'DELGADO', 'BANOS ', '1800306134', '', '', '2024-06-17', 'colinadelgado@gmail.com', 'Activo', 990, '2024-06-17 07:24:38', '0', '', '0', '', 5, 0, '05', '', 0, 0, 0, 0, '', 0, '', '', NULL, 0, ''),
(1863, 'MAJUJOR', 'S.A.', 'URB. ENTRERIOS MZ. W1 VILLA 36', '0993372385001', '042839055', '', '2024-06-19', 'jamesvivanco0977@gmail.com', 'Activo', 704, '2024-06-19 07:42:23', '0', '', '0', '', 7, 0, '04', '', 0, 0, 0, 0, '', 0, '', '', NULL, 0, ''),
(1864, 'NEL', 'MARG SA NM', 'URB. MANGLERO KM. 5.5 SL 086', '0992570326001', '042839055', '', '2024-06-21', 'juanka2508@hotmail.com', 'Activo', 704, '2024-06-21 08:31:59', '0', '', '0', '', 7, 0, '04', '', 0, 0, 0, 0, '', 0, '', '', NULL, 0, ''),
(1865, 'MELINA', 'MEDINA', 'BANOS', '1803317872', '', '', '2024-06-21', 'MELINA@GMAIL.COM', 'Activo', 0, '2024-06-21 12:28:18', '0', '', '0', '', 5, 0, '05', '', 0, 0, 0, 0, '', 0, '', '', NULL, 0, ''),
(1866, 'ANA', 'VARGAS', 'BARRIO LA PALMA', '2100554902001', '', '', '2024-06-21', 'avargasolalla@gmail.com', 'Activo', 990, '2024-06-21 07:39:16', '0', '', '0', '', 5, 0, '04', '', 0, 0, 0, 0, '', 0, '', '', NULL, 0, ''),
(1867, 'EMMA ', 'BURGOS', 'BANOS', '0908177991', '', '', '2024-06-22', 'emmaluciaburgos@gmail.com', 'Activo', 990, '2024-06-22 01:36:19', '0', '', '0', '', 5, 0, '05', '', 0, 0, 0, 0, '', 0, '', '', NULL, 0, ''),
(1868, '4REGIONES', 'S.A.S', 'KM. 1.5 VIA SAMBORONDON XIMA 002', '0993258571001', '0994926642', '0994926642', '2024-06-22', 'terramarketsa1@gmail.com', 'Activo', 704, '2024-06-22 03:52:02', '0', '', '0', '', 2, 0, '04', '', 0, 0, 0, 0, '', 0, '', '', NULL, 0, ''),
(1869, 'CONSUMIDOR', 'FINAL', 'CONSUMIDOR FINAL', '9999999999999', '', '', '2024-06-25', 'consumidorfinal@gmail.com', 'Activo', 688, '2024-06-25 06:54:04', '0', '', '0', '', 2, 0, '07', '', 0, 0, 0, 0, '', 0, '', '', NULL, 0, ''),
(1870, 'RIOFOREST', ' S.A.', 'KM. 127 VIA EL EMPALME BALTAZAR ARAUZ SOLAR 12 Y COLIMES', '0992724633001', '', '', '2024-06-25', 'contador@forescan.com.ec', 'Activo', 695, '2024-06-25 06:55:59', '0', '', '0', '', 2, 0, '04', '', 0, 0, 0, 0, '', 0, '', '', NULL, 0, ''),
(1871, 'MARIA ', 'SOLIS', 'AMBAO / TOTORAS', '18013265209', '', '', '2024-06-27', 'maria@gmail.com', 'Activo', 990, '2024-06-27 12:40:15', '0', '', '0', '', 5, 0, '05', '', 0, 0, 0, 0, '', 0, '', '', NULL, 0, ''),
(1872, 'CRISTINA ', 'SORIA', 'BANOS', '1600585333', '', '', '2024-06-27', 'crelize2@gmail.com', 'Activo', 990, '2024-06-27 01:57:13', '0', '', '0', '', 5, 0, '05', '', 0, 0, 0, 0, '', 0, '', '', NULL, 0, ''),
(1873, 'COCINARE', 'FOODGROUP S.A.S.', 'AV. QUINTA 35 SL. 18', '0993368302001', '', '', '2024-06-27', 'cocinare@foodgroup.com', 'Activo', 688, '2024-06-27 03:45:29', '0', '', '0', '', 2, 0, '04', '', 0, 0, 0, 0, '', 0, '', '', NULL, 0, ''),
(1874, 'EDGAR', 'SILVA FLORES', 'ULBA', '1600190498001', '', '', '2024-06-28', 'edgarsilvaflores@hotmail.com', 'Activo', 990, '2024-06-28 12:31:33', '0', '', '0', '', 5, 0, '04', '', 0, 0, 0, 0, '', 0, '', '', NULL, 0, '');

-- --------------------------------------------------------

--
-- Estructura de tabla para la tabla `cobrospagos`
--

